{"id":38737,"date":"2026-03-18T17:04:03","date_gmt":"2026-03-18T17:04:03","guid":{"rendered":"https:\/\/soydeaqui.ddns.net\/pachuca\/index.php\/producto\/microinversor-2-kw-wifi-220-vca-para-interconexion-a-red-electrica-ip67-conexion-para-cable-troncal-soporta-oversizing-a-4-modulos-de-hasta-670-w\/"},"modified":"2026-03-18T17:04:06","modified_gmt":"2026-03-18T17:04:06","slug":"microinversor-2-kw-wifi-220-vca-para-interconexion-a-red-electrica-ip67-conexion-para-cable-troncal-soporta-oversizing-a-4-modulos-de-hasta-670-w","status":"publish","type":"product","link":"https:\/\/soydeaqui.ddns.net\/pachuca\/index.php\/producto\/microinversor-2-kw-wifi-220-vca-para-interconexion-a-red-electrica-ip67-conexion-para-cable-troncal-soporta-oversizing-a-4-modulos-de-hasta-670-w\/","title":{"rendered":"Microinversor 2 Kw, WIFI,  220 Vca, para Interconexi\u00f3n a Red El\u00e9ctrica, IP67, Conexi\u00f3n para Cable Troncal, soporta oversizing a 4 M\u00f3dulos de Hasta 670 W"},"content":{"rendered":"<div style='width: 100%; max-width: 1200px; margin: 0 auto; font-family: sans-serif; line-height: 1.6; color: inherit;'> <!-- Secci\u00f3n de im\u00e1genes y descripci\u00f3n --> <\/p>\n<div style='display: flex; flex-wrap: wrap; gap: 30px; margin-bottom: 30px;'>\n<div style='flex: 1 1 280px; min-width: 280px; text-align: center;'> <img style='width: 100%; height: auto; border: 1px solid rgba(150&comma;150&comma;150&comma;0.3); border-radius: 8px;' src='https:\/\/ftp3.syscom.mx\/usuarios\/mchaparro\/HOYMILES\/SINGLE1.png' alt=''> <\/p>\n<p style='margin-top: 15px; font-size: 15px; color: inherit;'>Monitoreo y administraci\u00f3n v\u00eda app o PC por medio del <span style='color: #005cb9; font-weight: 600;'>DTUPROS<\/span><\/p>\n<\/p><\/div>\n<div style='flex: 1 1 280px; min-width: 280px; text-align: center;'> <img style='width: 100%; height: auto; border: 1px solid rgba(150&comma;150&comma;150&comma;0.3); border-radius: 8px;' src='https:\/\/ftp3.syscom.mx\/usuarios\/mchaparro\/HOYMILES\/SINGLE2.png' alt=''> <\/p>\n<p style='margin-top: 15px; font-size: 15px; color: inherit;'>IP67 Ideal para instalar a la intemperie debajo del mismo montaje de los m\u00f3dulos<\/p>\n<\/p><\/div>\n<div style='flex: 1 1 280px; min-width: 280px; text-align: center;'> <img style='width: 100%; height: auto; border: 1px solid rgba(150&comma;150&comma;150&comma;0.3); border-radius: 8px;' src='https:\/\/ftp3.syscom.mx\/usuarios\/mchaparro\/HOYMILES\/SINGLE3.png' alt=''> <\/p>\n<p style='margin-top: 15px; font-size: 15px; color: inherit;'>Plataforma de monitoreo por medio de <span style='color: #005cb9; font-weight: 600;'>DTUPROS<\/span> con gr\u00e1ficas de generaci\u00f3n diaria<\/p>\n<\/p><\/div>\n<\/p><\/div>\n<p> <!-- Secci\u00f3n de caracter\u00edsticas --> <\/p>\n<div style='text-align: center; margin: 30px 0;'>\n<h3 style='font-size: 18px; color: inherit; font-weight: 400; background-color: transparent; margin: 0; padding: 10px 20px; border: 1px solid rgba(150&comma;150&comma;150&comma;0.3); border-radius: 8px; display: inline-block;'>Incluye WIFI<\/h3>\n<\/p><\/div>\n<p> <!-- Secci\u00f3n de especificaciones --> <\/p>\n<div style='display: flex; flex-wrap: wrap; gap: 30px; margin-bottom: 30px;'>\n<div style='flex: 1 1 300px; min-width: 280px;'>\n<h3 style='font-size: 22px; border-bottom: 2px solid currentColor; padding-bottom: 5px; margin-top: 0; color: inherit; opacity: 0.8;'>Especificaciones<\/h3>\n<ul style='padding-left: 20px; font-size: 15px; color: inherit;'>\n<li style='margin-bottom: 5px;'><strong>Datos de entrada de Corriente Directa (CD)<\/strong><\/li>\n<li style='margin-bottom: 5px;'><strong>Potencia Maxima Fotovoltaica:<\/strong> 4 x 670 W<\/li>\n<li style='margin-bottom: 5px;'><strong>Voltaje M\u00e1ximo de entrada (Voc):<\/strong> 65 Vcc<\/li>\n<li style='margin-bottom: 5px;'><strong>Corriente m\u00e1xima de corriente directa:<\/strong> 4 x 16 A<\/li>\n<li style='margin-bottom: 5px;'><strong>Parametros de Salida de Corriente Alterna (CA)<\/strong><\/li>\n<li style='margin-bottom: 5px;'><strong>Potencia m\u00e1xima de salida:<\/strong> 2000 W<\/li>\n<li style='margin-bottom: 5px;'><strong>Voltaje nominal de salida CA:<\/strong> 220 Vca<\/li>\n<li style='margin-bottom: 5px;'><strong>Corriente m\u00e1xima CA:<\/strong> 9.09 A<\/li>\n<li style='margin-bottom: 5px;'><strong>Datos Generales<\/strong><\/li>\n<li style='margin-bottom: 5px;'><strong>Eficiencia m\u00e1xima:<\/strong> 99.8 %<\/li>\n<li style='margin-bottom: 5px;'><strong>Frecuencia nominal\/rangos:<\/strong> 55 &#8211; 65 Hz<\/li>\n<li style='margin-bottom: 5px;'><strong>Dimensiones:<\/strong> 310 x 185 x 40.6 mm<\/li>\n<li style='margin-bottom: 5px;'><strong>Peso:<\/strong> 4.5 Kg<\/li>\n<li style='margin-bottom: 5px;'><strong>N\u00famero de unidades por ramal:<\/strong> 3 Microinversores<\/li>\n<li style='margin-bottom: 5px;'><strong>Certificados:<\/strong> UL1741&comma; IEEE1547<\/li>\n<\/ul><\/div>\n<div style='flex: 1 1 300px; min-width: 280px;'>\n<h3 style='font-size: 22px; border-bottom: 2px solid currentColor; padding-bottom: 5px; margin-top: 0; color: inherit; opacity: 0.8;'>Microinversores HOYMILES<\/h3>\n<ul style='padding-left: 20px; font-size: 15px; color: inherit;'>\n<li style='margin-bottom: 5px;'>Dual MPPT<\/li>\n<li style='margin-bottom: 5px;'>Disipador de calor de aluminio<\/li>\n<li style='margin-bottom: 5px;'>4 pares de conectores MC4<\/li>\n<li style='margin-bottom: 5px;'>Instalaci\u00f3n en zonas reducidas o dif\u00edciles<\/li>\n<li style='margin-bottom: 5px;'>Escalable<\/li>\n<li style='margin-bottom: 5px;'>Super ligero<\/li>\n<\/ul><\/div>\n<div style='flex: 1 1 300px; min-width: 280px;'>\n<h3 style='font-size: 22px; border-bottom: 2px solid currentColor; padding-bottom: 5px; margin-top: 0; color: inherit; opacity: 0.8;'>Microinversor MHS-2000-4T<\/h3>\n<p style='font-size: 15px; color: inherit;'>El Microinversor Hoymiles es el primer microinversor del mundo en 220 Vca para hasta 4 m\u00f3dulos de 625 W con MPPT duales que nos ofrecen:<\/p>\n<ul style='padding-left: 20px; font-size: 15px; color: inherit;'>\n<li style='margin-bottom: 5px;'>Bajo costo de inversi\u00f3n<\/li>\n<li style='margin-bottom: 5px;'>Conexi\u00f3n y generaci\u00f3n de paneles independiente<\/li>\n<li style='margin-bottom: 5px;'>Encendido ultrarr\u00e1pido<\/li>\n<li style='margin-bottom: 5px;'>Notificaciones en tiempo real<\/li>\n<li style='margin-bottom: 5px;'>Monitoreo de rendimiento de forma remota con DTU<\/li>\n<\/ul><\/div>\n<\/p><\/div>\n<p> <!-- Secci\u00f3n de beneficios --> <\/p>\n<div style='margin: 30px 0;'>\n<h3 style='font-size: 22px; border-bottom: 2px solid currentColor; padding-bottom: 5px; margin-top: 0; color: inherit; opacity: 0.8;'>M\u00e1s Potencia<\/h3>\n<p style='font-size: 15px; color: inherit;'>Los microinversores se montan sobre la misma estructura de los m\u00f3dulos y las conexiones de los m\u00f3dulos son por medio de sus propios conectores&comma; por lo que hace una instalaci\u00f3n realmente sencilla.<\/p>\n<ul style='padding-left: 20px; font-size: 15px; color: inherit;'>\n<li style='margin-bottom: 5px;'>Alta eficiencia&comma; excelente beneficio<\/li>\n<li style='margin-bottom: 5px;'>M\u00e1xima eficiencia de conversi\u00f3n&comma; hasta 95%<\/li>\n<li style='margin-bottom: 5px;'>Aproveche al m\u00e1ximo la potencia del sol con tecnolog\u00eda MPPT<\/li>\n<\/ul><\/div>\n<p> <!-- Secci\u00f3n de diagrama de conexi\u00f3n --> <\/p>\n<div style='margin: 30px 0; text-align: center;'>\n<h3 style='font-size: 22px; padding-bottom: 5px; margin-top: 0; color: inherit; opacity: 0.8;'>DIAGRAMA DE CONEXI\u00d3N<\/h3>\n<\/p><\/div>\n<p> <!-- Separador final --> <\/p>\n<hr style='border: 0; border-top: 1px solid rgba(150&comma;150&comma;150&comma;0.3); margin: 30px 0;'> <\/div>\n","protected":false},"excerpt":{"rendered":"<p>Microinversor 2 Kw, WIFI,  220 Vca, para Interconexi\u00f3n a Red El\u00e9ctrica, IP67, Conexi\u00f3n para Cable Troncal, soporta oversizing a 4 M\u00f3dulos de Hasta 670 W<\/p>\n","protected":false},"featured_media":38736,"comment_status":"open","ping_status":"closed","template":"","meta":[],"product_brand":[],"product_cat":[1092],"product_tag":[964,1094,1093],"class_list":{"0":"post-38737","1":"product","2":"type-product","3":"status-publish","4":"has-post-thumbnail","6":"product_cat-inversores-interconexion-on-grid","7":"product_tag-energia-solar","8":"product_tag-hoymiles","9":"product_tag-inversores-interconexion-on-grid","11":"first","12":"instock","13":"sale","14":"shipping-taxable","15":"purchasable","16":"product-type-simple"},"_links":{"self":[{"href":"https:\/\/soydeaqui.ddns.net\/pachuca\/index.php\/wp-json\/wp\/v2\/product\/38737","targetHints":{"allow":["GET"]}}],"collection":[{"href":"https:\/\/soydeaqui.ddns.net\/pachuca\/index.php\/wp-json\/wp\/v2\/product"}],"about":[{"href":"https:\/\/soydeaqui.ddns.net\/pachuca\/index.php\/wp-json\/wp\/v2\/types\/product"}],"replies":[{"embeddable":true,"href":"https:\/\/soydeaqui.ddns.net\/pachuca\/index.php\/wp-json\/wp\/v2\/comments?post=38737"}],"wp:featuredmedia":[{"embeddable":true,"href":"https:\/\/soydeaqui.ddns.net\/pachuca\/index.php\/wp-json\/wp\/v2\/media\/38736"}],"wp:attachment":[{"href":"https:\/\/soydeaqui.ddns.net\/pachuca\/index.php\/wp-json\/wp\/v2\/media?parent=38737"}],"wp:term":[{"taxonomy":"product_brand","embeddable":true,"href":"https:\/\/soydeaqui.ddns.net\/pachuca\/index.php\/wp-json\/wp\/v2\/product_brand?post=38737"},{"taxonomy":"product_cat","embeddable":true,"href":"https:\/\/soydeaqui.ddns.net\/pachuca\/index.php\/wp-json\/wp\/v2\/product_cat?post=38737"},{"taxonomy":"product_tag","embeddable":true,"href":"https:\/\/soydeaqui.ddns.net\/pachuca\/index.php\/wp-json\/wp\/v2\/product_tag?post=38737"}],"curies":[{"name":"wp","href":"https:\/\/api.w.org\/{rel}","templated":true}]}}