{"id":38669,"date":"2026-03-18T17:02:17","date_gmt":"2026-03-18T17:02:17","guid":{"rendered":"https:\/\/soydeaqui.ddns.net\/pachuca\/index.php\/producto\/spectracool-indoor-con-rac-g52-12000-btu-230-v-gris-claro-acero\/"},"modified":"2026-03-18T17:02:18","modified_gmt":"2026-03-18T17:02:18","slug":"spectracool-indoor-con-rac-g52-12000-btu-230-v-gris-claro-acero","status":"publish","type":"product","link":"https:\/\/soydeaqui.ddns.net\/pachuca\/index.php\/producto\/spectracool-indoor-con-rac-g52-12000-btu-230-v-gris-claro-acero\/","title":{"rendered":"SpectraCool Indoor con RAC G52, 12000 BTU 230 V, Gris Claro, Acero"},"content":{"rendered":"<div style='width: 100%; max-width: 1200px; margin: 0 auto; font-family: sans-serif; line-height: 1.6; color: inherit; background-color: transparent;'> <!-- Secci\u00f3n de descripci\u00f3n --> <\/p>\n<div style='margin-bottom: 30px; font-size: 15px; color: inherit;'>\n<p>Los aires acondicionados compactos para interiores y exteriores SpectraCool brindan el mismo amplio espectro de capacidad y opciones de enfriamiento en una soluci\u00f3n que ahorra espacio para las necesidades de gabinetes de poca profundidad.<\/p>\n<\/p><\/div>\n<p> <!-- Secci\u00f3n de caracter\u00edsticas --> <\/p>\n<div style='margin-bottom: 30px;'>\n<h3 style='font-size: 20px; border-bottom: 2px solid currentColor; padding-bottom: 5px; margin-top: 0; color: inherit; opacity: 0.8;'>Caracter\u00edsticas principales<\/h3>\n<ul style='padding-left: 20px; margin-top: 15px; font-size: 14px; color: inherit;'>\n<li style='margin-bottom: 8px;'>Dise\u00f1o industrial atractivo con un uso m\u00ednimo de sujetadores visibles<\/li>\n<li style='margin-bottom: 8px;'>Compresor giratorio energ\u00e9ticamente eficiente en la mayor\u00eda de modelos<\/li>\n<li style='margin-bottom: 8px;'>Filtro de malla de aluminio reutilizable y limpiable que protege las bobinas para un rendimiento de enfriamiento m\u00e1ximo<\/li>\n<li style='margin-bottom: 8px;'>Refrigerantes R407C&comma; R513A o R134a<\/li>\n<li style='margin-bottom: 8px;'>Suministro de energ\u00eda VAC trif\u00e1sica 115&comma; 230 y 400\/460 en la mayor\u00eda de los modelos<\/li>\n<li style='margin-bottom: 8px;'>Termostato mec\u00e1nico confiable en el lado del gabinete de la unidad<\/li>\n<li style='margin-bottom: 8px;'>Toda la Serie G viene de serie con dos termostatos separados para enfriar y calentar cuando se equipa un calentador<\/li>\n<li style='margin-bottom: 8px;'>La bobina del condensador resistente al polvo permite que la unidad funcione sin filtro en la mayor\u00eda de las aplicaciones en interiores<\/li>\n<li style='margin-bottom: 8px;'>Motores de aire dobles en el lado del condensador para redundancia en el desempe\u00f1o en los modelos G52 y G57<\/li>\n<li style='margin-bottom: 8px;'>Cubierta de l\u00e1mina galvanizada para entornos de f\u00e1brica y ambientes exteriores<\/li>\n<li style='margin-bottom: 8px;'>Opciones de montaje exterior y parcialmente empotrado<\/li>\n<li style='margin-bottom: 8px;'>Bridas de montaje f\u00e1cil para instalaci\u00f3n individual<\/li>\n<li style='margin-bottom: 8px;'>Todas las unidades han sido probadas a nivel funcional antes del env\u00edo<\/li>\n<li style='margin-bottom: 8px;'>Modelos est\u00e1ndar de aire acondicionado para interiores tambi\u00e9n incluyen: Gesti\u00f3n activa del condensado con banda calefactora&comma; rel\u00e9 de apagado para interruptor de puerta y otros requisitos del sistema&comma; interruptor de aver\u00eda y una pantalla digital en el lado exterior<\/li>\n<li style='margin-bottom: 8px;'>Modelos est\u00e1ndar de aire acondicionado para interiores tambi\u00e9n incluyen: Telcordia GR-487 capable&comma; recubrimientos resistentes a la corrosi\u00f3n en la bobina del condensador para unidades tipo 4 y en la bobina del condensador y uniones de cobre al ambiente para unidades 4X&comma; interruptor de aver\u00eda&comma; calentador del compresor&comma; control de presi\u00f3n de cabeza&comma; unidades G28\/G52 est\u00e1ndar tienen 2000W&comma; y rango de temperatura de operaci\u00f3n desde -40\u00b0F\/-40\u00b0C hasta 131\u00b0F\/55\u00b0C<\/li>\n<li style='margin-bottom: 8px;'>Unidades de control de acceso remoto admiten hasta 2 sensores de temperatura y 10 alarmas. Admiten m\u00faltiples protocolos de comunicaci\u00f3n: SNMP&comma; Modbus TCP&comma; Ethernet\/IP y Profinet<\/li>\n<li style='margin-bottom: 8px;'>Hardware de montaje&comma; juntas y manual del usuario suministrados con la unidad<\/li>\n<\/ul><\/div>\n<p> <!-- Secci\u00f3n de especificaciones --> <\/p>\n<div style='margin-bottom: 30px;'>\n<h3 style='font-size: 20px; border-bottom: 2px solid currentColor; padding-bottom: 5px; margin-top: 0; color: inherit; opacity: 0.8;'>Especificaciones t\u00e9cnicas<\/h3>\n<ul style='padding-left: 20px; margin-top: 15px; font-size: 14px; color: inherit;'>\n<li style='margin-bottom: 5px;'><strong>Altura:<\/strong> 1338 mm<\/li>\n<li style='margin-bottom: 5px;'><strong>Ancho:<\/strong> 435 mm<\/li>\n<li style='margin-bottom: 5px;'><strong>Profundidad:<\/strong> 296 mm<\/li>\n<li style='margin-bottom: 5px;'><strong>Material:<\/strong> Acero<\/li>\n<li style='margin-bottom: 5px;'><strong>Tensi\u00f3n nominal:<\/strong> 230 V<\/li>\n<li style='margin-bottom: 5px;'><strong>Capacidad nominal (Watts):<\/strong> 3500 W<\/li>\n<li style='margin-bottom: 5px;'><strong>Capacidad nominal (Btu\/h):<\/strong> 12000 BTU\/h<\/li>\n<li style='margin-bottom: 5px;'><strong>Clasificaci\u00f3n de protecci\u00f3n:<\/strong> tipo 12&comma; 3R&comma; 4; 4X opcional<\/li>\n<li style='margin-bottom: 5px;'><strong>Corriente m\u00e1x.:<\/strong> 10.9 A<\/li>\n<li style='margin-bottom: 5px;'><strong>Control de acceso remoto:<\/strong> No<\/li>\n<li style='margin-bottom: 5px;'><strong>Acabado:<\/strong> Recubrimiento electrost\u00e1tico<\/li>\n<li style='margin-bottom: 5px;'><strong>Color:<\/strong> Gris claro<\/li>\n<li style='margin-bottom: 5px;'><strong>C\u00f3digo de colores:<\/strong> RAL 7035<\/li>\n<\/ul><\/div>\n<\/p><\/div>\n","protected":false},"excerpt":{"rendered":"<p>SpectraCool Indoor con RAC G52, 12000 BTU 230 V, Gris Claro, Acero<\/p>\n","protected":false},"featured_media":38668,"comment_status":"open","ping_status":"closed","template":"","meta":[],"product_brand":[],"product_cat":[633],"product_tag":[634,698,605],"class_list":{"0":"post-38669","1":"product","2":"type-product","3":"status-publish","4":"has-post-thumbnail","6":"product_cat-accesorios-para-rack-gabinetes","7":"product_tag-accesorios-para-rack-gabinetes","8":"product_tag-hoffman","9":"product_tag-racks-y-gabinetes","11":"first","12":"outofstock","13":"sale","14":"shipping-taxable","15":"purchasable","16":"product-type-simple"},"_links":{"self":[{"href":"https:\/\/soydeaqui.ddns.net\/pachuca\/index.php\/wp-json\/wp\/v2\/product\/38669","targetHints":{"allow":["GET"]}}],"collection":[{"href":"https:\/\/soydeaqui.ddns.net\/pachuca\/index.php\/wp-json\/wp\/v2\/product"}],"about":[{"href":"https:\/\/soydeaqui.ddns.net\/pachuca\/index.php\/wp-json\/wp\/v2\/types\/product"}],"replies":[{"embeddable":true,"href":"https:\/\/soydeaqui.ddns.net\/pachuca\/index.php\/wp-json\/wp\/v2\/comments?post=38669"}],"wp:featuredmedia":[{"embeddable":true,"href":"https:\/\/soydeaqui.ddns.net\/pachuca\/index.php\/wp-json\/wp\/v2\/media\/38668"}],"wp:attachment":[{"href":"https:\/\/soydeaqui.ddns.net\/pachuca\/index.php\/wp-json\/wp\/v2\/media?parent=38669"}],"wp:term":[{"taxonomy":"product_brand","embeddable":true,"href":"https:\/\/soydeaqui.ddns.net\/pachuca\/index.php\/wp-json\/wp\/v2\/product_brand?post=38669"},{"taxonomy":"product_cat","embeddable":true,"href":"https:\/\/soydeaqui.ddns.net\/pachuca\/index.php\/wp-json\/wp\/v2\/product_cat?post=38669"},{"taxonomy":"product_tag","embeddable":true,"href":"https:\/\/soydeaqui.ddns.net\/pachuca\/index.php\/wp-json\/wp\/v2\/product_tag?post=38669"}],"curies":[{"name":"wp","href":"https:\/\/api.w.org\/{rel}","templated":true}]}}