{"id":38617,"date":"2026-03-18T17:01:00","date_gmt":"2026-03-18T17:01:00","guid":{"rendered":"https:\/\/soydeaqui.ddns.net\/pachuca\/index.php\/producto\/abrazadera-mecanica-paralela-universal-versitap-para-cu-al-250-500-kcmil-cuerpo-de-cobre-hardware-durium-375-lbs-in-torque-instalacion-estano-plateado-194-f\/"},"modified":"2026-03-18T17:01:01","modified_gmt":"2026-03-18T17:01:01","slug":"abrazadera-mecanica-paralela-universal-versitap-para-cu-al-250-500-kcmil-cuerpo-de-cobre-hardware-durium-375-lbs-in-torque-instalacion-estano-plateado-194-f","status":"publish","type":"product","link":"https:\/\/soydeaqui.ddns.net\/pachuca\/index.php\/producto\/abrazadera-mecanica-paralela-universal-versitap-para-cu-al-250-500-kcmil-cuerpo-de-cobre-hardware-durium-375-lbs-in-torque-instalacion-estano-plateado-194-f\/","title":{"rendered":"Abrazadera Mec\u00e1nica Paralela Universal \/ VERSITAP para Cu\/AL \/ 250-500 kcmil \/ Cuerpo de Cobre \/ Hardware DURIUM\u2122\/ 375 LBS\/in Torque Instalaci\u00f3n \/ Esta\u00f1o Plateado \/ 194\u00b0 F"},"content":{"rendered":"<div style='width: 100%; max-width: 1200px; margin: 0 auto; font-family: sans-serif; line-height: 1.6; color: inherit; background-color: transparent;'>\n<div style='margin-bottom: 30px;'>\n<p style='font-size: 18px; line-height: 1.6; margin: 0; color: inherit;'>La Abrazadera Mec\u00e1nica Paralela Universal VERSITAP\u2122 de Burndy est\u00e1 dise\u00f1ada para unir conductores de cobre y aluminio de forma eficiente&comma; con un rango de manejo de 250 a 500 kcmil tanto para ejecuci\u00f3n como para empalme. Esta soluci\u00f3n innovadora proporciona un rendimiento el\u00e9ctrico confiable en aplicaciones que requieren instalaci\u00f3n resistente con un torque recomendado de 375 LBS\/in.<\/p>\n<\/div>\n<div style='margin-bottom: 30px;'>\n<h2 style='font-size: 24px; font-weight: 600; margin: 0 0 15px; color: inherit; border-bottom: 2px solid currentColor; padding-bottom: 5px; width: fit-content; opacity: 0.85;'>Caracter\u00edsticas Principales<\/h2>\n<div style='display: flex; flex-wrap: wrap; gap: 20px;'>\n<div style='flex: 1 1 280px; min-width: 280px; border: 1px solid rgba(150&comma; 150&comma; 150&comma; 0.3); border-radius: 8px; padding: 15px; background-color: rgba(150&comma; 150&comma; 150&comma; 0.05); color: inherit;'>\n<ul style='padding-left: 20px; margin: 0; font-size: 15px; list-style-type: disc; color: inherit;'>\n<li style='margin-bottom: 8px;'>Abrazadera universal para conductores de cobre y aluminio.<\/li>\n<li style='margin-bottom: 8px;'>Rango de cables compatible: 250-500 kcmil.<\/li>\n<li style='margin-bottom: 8px;'>Construcci\u00f3n en cobre de alta calidad para durabilidad.<\/li>\n<li style='margin-bottom: 8px;'>Utiliza hardware DURIUM\u2122 de bronce al silicio para resistencia mec\u00e1nica.<\/li>\n<li style='margin-bottom: 8px;'>Placa de Esta\u00f1o que protege contra la corrosi\u00f3n.<\/li>\n<li style='margin-bottom: 8px;'>Capacidad t\u00e9rmica adecuada para operar a 194\u00b0 F (90\u00b0C).<\/li>\n<\/ul>\n<\/div>\n<\/div>\n<\/div>\n<div style='margin-bottom: 30px;'>\n<h2 style='font-size: 24px; font-weight: 600; margin: 0 0 15px; color: inherit; border-bottom: 2px solid currentColor; padding-bottom: 5px; width: fit-content; opacity: 0.85;'>Detalles T\u00e9cnicos<\/h2>\n<div style='display: flex; flex-wrap: wrap; gap: 20px; margin-bottom: 30px;'>\n<div style='flex: 1 1 300px; border: 1px solid rgba(150&comma; 150&comma; 150&comma; 0.4); border-radius: 8px; overflow: hidden; display: flex; flex-direction: column; min-width: 280px;'>\n<div style='padding: 15px; border-bottom: 1px solid rgba(150&comma; 150&comma; 150&comma; 0.2); font-weight: bold; font-size: 18px; color: inherit;'>Especificaciones<\/div>\n<div style='padding: 15px; color: inherit;'>\n<ul style='padding-left: 20px; margin: 0; font-size: 14px; list-style-type: disc; color: inherit;'>\n<li style='margin-bottom: 5px;'><strong>N\u00famero de Cat\u00e1logo:<\/strong> QPX3434Y<\/li>\n<li style='margin-bottom: 5px;'><strong>Torque de Instalaci\u00f3n:<\/strong> 375 LBS\/in<\/li>\n<li style='margin-bottom: 5px;'><strong>Material:<\/strong> Cobre<\/li>\n<li style='margin-bottom: 5px;'><strong>Temperatura m\u00e1xima:<\/strong> 194\u00b0F<\/li>\n<li style='margin-bottom: 5px;'><strong>Placa de material:<\/strong> Esta\u00f1o<\/li>\n<li style='margin-bottom: 5px;'><strong>Altura:<\/strong> 73.2 mm (2.88 in)<\/li>\n<li style='margin-bottom: 5px;'><strong>Ancho:<\/strong> 65 mm (2.54 in)<\/li>\n<li style='margin-bottom: 5px;'><strong>Largo:<\/strong> 64 mm (2.50 in)<\/li>\n<\/ul>\n<\/div>\n<\/div>\n<div style='flex: 1 1 300px; border: 1px solid rgba(150&comma; 150&comma; 150&comma; 0.4); border-radius: 8px; overflow: hidden; display: flex; flex-direction: column; min-width: 280px;'>\n<div style='padding: 15px; border-bottom: 1px solid rgba(150&comma; 150&comma; 150&comma; 0.2); font-weight: bold; font-size: 18px; color: inherit;'>Interfaces y Conectividad<\/div>\n<div style='padding: 15px; color: inherit;'>\n<ul style='padding-left: 20px; margin: 0; font-size: 14px; list-style-type: disc; color: inherit;'>\n<li style='margin-bottom: 5px;'>Capacidad en Conductores Aluminio y Cobre de 250 a 500 kcmil<\/li>\n<li style='margin-bottom: 5px;'>Tipos de Conductor: AL C Str-Run&comma; CU C Str-Run&comma; AL C Str-Tap&comma; CU C Str-Tap<\/li>\n<\/ul>\n<\/div>\n<\/div>\n<\/div>\n<\/div>\n<div style='margin-bottom: 30px;'>\n<h2 style='font-size: 24px; font-weight: 600; margin: 0 0 15px; color: inherit; border-bottom: 2px solid currentColor; padding-bottom: 5px; width: fit-content; opacity: 0.85;'>Aplicaciones y Casos de Uso<\/h2>\n<div style='display: flex; flex-wrap: wrap; gap: 20px;'>\n<div style='flex: 1 1 280px; border: 1px solid rgba(150&comma; 150&comma; 150&comma; 0.3); border-radius: 8px; padding: 15px; background-color: rgba(150&comma; 150&comma; 150&comma; 0.05); color: inherit;'>\n<p style='margin: 0; font-size: 15px; color: inherit;'>Abrazaderas usadas en instalaciones el\u00e9ctricas que requieren uniones seguras entre conductores de aluminio y cobre.<\/p>\n<\/div>\n<\/div>\n<\/div>\n<hr style='border: 0; border-top: 1px solid rgba(150&comma; 150&comma; 150&comma; 0.3); margin: 30px 0;'><\/div>\n","protected":false},"excerpt":{"rendered":"<p>Abrazadera Mec\u00e1nica Paralela Universal \/ VERSITAP para Cu\/AL \/ 250-500 kcmil \/ Cuerpo de Cobre \/ Hardware DURIUM\u2122\/ 375 LBS\/in Torque Instalaci\u00f3n \/ Esta\u00f1o Plateado \/ 194\u00b0 F<\/p>\n","protected":false},"featured_media":38616,"comment_status":"open","ping_status":"closed","template":"","meta":[],"product_brand":[],"product_cat":[1090],"product_tag":[1091,1088,732],"class_list":{"0":"post-38617","1":"product","2":"type-product","3":"status-publish","4":"has-post-thumbnail","6":"product_cat-accesorios-para-tierra-fisica","7":"product_tag-accesorios-para-tierra-fisica","8":"product_tag-calidad-de-la-energia","9":"product_tag-hubbell-burndy","11":"first","12":"outofstock","13":"sale","14":"shipping-taxable","15":"purchasable","16":"product-type-simple"},"_links":{"self":[{"href":"https:\/\/soydeaqui.ddns.net\/pachuca\/index.php\/wp-json\/wp\/v2\/product\/38617","targetHints":{"allow":["GET"]}}],"collection":[{"href":"https:\/\/soydeaqui.ddns.net\/pachuca\/index.php\/wp-json\/wp\/v2\/product"}],"about":[{"href":"https:\/\/soydeaqui.ddns.net\/pachuca\/index.php\/wp-json\/wp\/v2\/types\/product"}],"replies":[{"embeddable":true,"href":"https:\/\/soydeaqui.ddns.net\/pachuca\/index.php\/wp-json\/wp\/v2\/comments?post=38617"}],"wp:featuredmedia":[{"embeddable":true,"href":"https:\/\/soydeaqui.ddns.net\/pachuca\/index.php\/wp-json\/wp\/v2\/media\/38616"}],"wp:attachment":[{"href":"https:\/\/soydeaqui.ddns.net\/pachuca\/index.php\/wp-json\/wp\/v2\/media?parent=38617"}],"wp:term":[{"taxonomy":"product_brand","embeddable":true,"href":"https:\/\/soydeaqui.ddns.net\/pachuca\/index.php\/wp-json\/wp\/v2\/product_brand?post=38617"},{"taxonomy":"product_cat","embeddable":true,"href":"https:\/\/soydeaqui.ddns.net\/pachuca\/index.php\/wp-json\/wp\/v2\/product_cat?post=38617"},{"taxonomy":"product_tag","embeddable":true,"href":"https:\/\/soydeaqui.ddns.net\/pachuca\/index.php\/wp-json\/wp\/v2\/product_tag?post=38617"}],"curies":[{"name":"wp","href":"https:\/\/api.w.org\/{rel}","templated":true}]}}