{"id":38339,"date":"2026-03-18T16:54:19","date_gmt":"2026-03-18T16:54:19","guid":{"rendered":"https:\/\/soydeaqui.ddns.net\/pachuca\/index.php\/producto\/bentonita-compuesto-conductor-coloidal-para-tierras-fisicas-saco-con-20-kgr\/"},"modified":"2026-03-18T16:54:20","modified_gmt":"2026-03-18T16:54:20","slug":"bentonita-compuesto-conductor-coloidal-para-tierras-fisicas-saco-con-20-kgr","status":"publish","type":"product","link":"https:\/\/soydeaqui.ddns.net\/pachuca\/index.php\/producto\/bentonita-compuesto-conductor-coloidal-para-tierras-fisicas-saco-con-20-kgr\/","title":{"rendered":"Bentonita, Compuesto Conductor Coloidal para Tierras F\u00edsicas, Saco con 20 Kgr."},"content":{"rendered":"<div style='width: 100%; max-width: 1200px; margin: 0 auto; font-family: sans-serif; line-height: 1.6; color: inherit; background-color: transparent;'>\n<div style='text-align: center; margin: 30px 0;'> <img style='width: 100%; max-width: 540px; height: auto; border: 1px solid rgba(150&comma;150&comma;150&comma;0.3); border-radius: 8px;' src='https:\/\/ftp3.syscom.mx\/usuarios\/fotos\/TG45AB\/75917-logo_total_ground.png' alt=''> <\/div>\n<p style='text-align: justify; font-size: 15px; color: inherit;'> La <strong>Bentonita Coloidal<\/strong> es un compuesto conductor de alta calidad&comma; dise\u00f1ado espec\u00edficamente para optimizar el desempe\u00f1o de sistemas de tierra f\u00edsica. Este material natural&comma; en forma de polvo fino&comma; tiene propiedades altamente absorbentes y conductoras que&comma; al mezclarse con agua&comma; forma un gel que maximiza la conductividad el\u00e9ctrica en el terreno. <\/p>\n<div style='display: flex; flex-wrap: wrap; gap: 30px; margin-top: 30px;'>\n<div style='flex: 1 1 300px; min-width: 280px;'>\n<h3 style='font-size: 20px; border-bottom: 2px solid currentColor; padding-bottom: 5px; margin-top: 0; color: inherit; opacity: 0.8;'>Descripci\u00f3n<\/h3>\n<ul style='padding-left: 20px; font-size: 14px; color: inherit;'>\n<li style='margin-bottom: 5px;'><span style='color: inherit;'>La bentonita de Total Ground es un producto qu\u00edmico que mejora la conductividad del terreno reduciendo la resistividad y aumentando la efectividad del compuesto H2Ohm.<\/span><\/li>\n<li style='margin-bottom: 5px;'><span style='color: inherit;'>El uso de la bentonita en sistemas de tierra f\u00edsica tiene la funci\u00f3n de absorber la humedad&comma; aumentando la conductividad y eficiencia de la instalaci\u00f3n.<\/span><\/li>\n<li style='margin-bottom: 5px;'><span style='color: inherit;'>Absorbe el agua y genera propiedades coloidales.<\/span><\/li>\n<\/ul><\/div>\n<div style='flex: 1 1 300px; min-width: 280px;'>\n<h3 style='font-size: 20px; border-bottom: 2px solid currentColor; padding-bottom: 5px; margin-top: 0; color: inherit; opacity: 0.8;'>Beneficios<\/h3>\n<ul style='padding-left: 20px; font-size: 14px; color: inherit;'>\n<li style='margin-bottom: 5px;'><span style='color: inherit;'>Alta conductividad el\u00e9ctrica.<\/span><\/li>\n<li style='margin-bottom: 5px;'><span style='color: inherit;'>Qu\u00edmicamente estable en el suelo.<\/span><\/li>\n<li style='margin-bottom: 5px;'><span style='color: inherit;'>No es t\u00f3xico.<\/span><\/li>\n<li style='margin-bottom: 5px;'><span style='color: inherit;'>Estable bajo las condiciones de almacenamiento recomendadas.<\/span><\/li>\n<li style='margin-bottom: 5px;'><span style='color: inherit;'>No es corrosivo.<\/span><\/li>\n<li style='margin-bottom: 5px;'><span style='color: inherit;'>Inocuo para la naturaleza.<\/span><\/li>\n<li style='margin-bottom: 5px;'><span style='color: inherit;'>F\u00e1cil aplicaci\u00f3n.<\/span><\/li>\n<li style='margin-bottom: 5px;'><span style='color: inherit;'>El producto es no flamable.<\/span><\/li>\n<\/ul><\/div>\n<div style='flex: 1 1 300px; min-width: 280px;'>\n<h3 style='font-size: 20px; border-bottom: 2px solid currentColor; padding-bottom: 5px; margin-top: 0; color: inherit; opacity: 0.8;'>Caracter\u00edsticas<\/h3>\n<ul style='padding-left: 20px; font-size: 14px; color: inherit;'>\n<li style='margin-bottom: 5px;'><span style='color: inherit;'>Color: Beige.<\/span><\/li>\n<li style='margin-bottom: 5px;'><span style='color: inherit;'>Olor: Sin olor.<\/span><\/li>\n<li style='margin-bottom: 5px;'><span style='color: inherit;'>Presentaci\u00f3n: Polvo.<\/span><\/li>\n<li style='margin-bottom: 5px;'><span style='color: inherit;'>Cas: 302-78-9.<\/span><\/li>\n<li style='margin-bottom: 5px;'><span style='color: inherit;'>Densidad: 4.23 g\/cc.<\/span><\/li>\n<li style='margin-bottom: 5px;'><span style='color: inherit;'>Solubilidad: generalmente insoluble en agua&comma; en HF es soluble.<\/span><\/li>\n<li style='margin-bottom: 5px;'><span style='color: inherit;'>Presentaci\u00f3n: de 20 kg.<\/span><\/li>\n<li style='margin-bottom: 5px;'><span style='color: inherit;'>Cons\u00e9rvese en lugar fresco y seco.<\/span><\/li>\n<\/ul><\/div>\n<\/p><\/div>\n<div style='text-align: center; margin: 30px 0;'> <img style='width: 100%; max-width: 429px; height: auto; border: 1px solid rgba(150&comma;150&comma;150&comma;0.3); border-radius: 8px;' src='https:\/\/ftp3.syscom.mx\/usuarios\/fotos\/TG100AB\/75938-tggti.jpg' alt=''> <\/div>\n<\/p><\/div>\n","protected":false},"excerpt":{"rendered":"<p>Bentonita, Compuesto Conductor Coloidal para Tierras F\u00edsicas, Saco con 20 Kgr.<\/p>\n","protected":false},"featured_media":38338,"comment_status":"open","ping_status":"closed","template":"","meta":[],"product_brand":[],"product_cat":[1131],"product_tag":[1088,1132,635],"class_list":{"0":"post-38339","1":"product","2":"type-product","3":"status-publish","4":"has-post-thumbnail","6":"product_cat-tierras-fisicas","7":"product_tag-calidad-de-la-energia","8":"product_tag-tierras-fisicas","9":"product_tag-total-ground","11":"first","12":"outofstock","13":"sale","14":"shipping-taxable","15":"purchasable","16":"product-type-simple"},"_links":{"self":[{"href":"https:\/\/soydeaqui.ddns.net\/pachuca\/index.php\/wp-json\/wp\/v2\/product\/38339","targetHints":{"allow":["GET"]}}],"collection":[{"href":"https:\/\/soydeaqui.ddns.net\/pachuca\/index.php\/wp-json\/wp\/v2\/product"}],"about":[{"href":"https:\/\/soydeaqui.ddns.net\/pachuca\/index.php\/wp-json\/wp\/v2\/types\/product"}],"replies":[{"embeddable":true,"href":"https:\/\/soydeaqui.ddns.net\/pachuca\/index.php\/wp-json\/wp\/v2\/comments?post=38339"}],"wp:featuredmedia":[{"embeddable":true,"href":"https:\/\/soydeaqui.ddns.net\/pachuca\/index.php\/wp-json\/wp\/v2\/media\/38338"}],"wp:attachment":[{"href":"https:\/\/soydeaqui.ddns.net\/pachuca\/index.php\/wp-json\/wp\/v2\/media?parent=38339"}],"wp:term":[{"taxonomy":"product_brand","embeddable":true,"href":"https:\/\/soydeaqui.ddns.net\/pachuca\/index.php\/wp-json\/wp\/v2\/product_brand?post=38339"},{"taxonomy":"product_cat","embeddable":true,"href":"https:\/\/soydeaqui.ddns.net\/pachuca\/index.php\/wp-json\/wp\/v2\/product_cat?post=38339"},{"taxonomy":"product_tag","embeddable":true,"href":"https:\/\/soydeaqui.ddns.net\/pachuca\/index.php\/wp-json\/wp\/v2\/product_tag?post=38339"}],"curies":[{"name":"wp","href":"https:\/\/api.w.org\/{rel}","templated":true}]}}