{"id":38234,"date":"2026-03-18T16:51:35","date_gmt":"2026-03-18T16:51:35","guid":{"rendered":"https:\/\/soydeaqui.ddns.net\/pachuca\/index.php\/producto\/lampara-de-techo-led-150w-flujo-luminoso-12-000-lm-longitud-de-cable-ajustable-acabado-blanco-ip20-luz-blanca-6500k-neutra-4000k-calida-2700k-vida-util-50-000-h-interior\/"},"modified":"2026-03-18T16:51:39","modified_gmt":"2026-03-18T16:51:39","slug":"lampara-de-techo-led-150w-flujo-luminoso-12-000-lm-longitud-de-cable-ajustable-acabado-blanco-ip20-luz-blanca-6500k-neutra-4000k-calida-2700k-vida-util-50-000-h-interior","status":"publish","type":"product","link":"https:\/\/soydeaqui.ddns.net\/pachuca\/index.php\/producto\/lampara-de-techo-led-150w-flujo-luminoso-12-000-lm-longitud-de-cable-ajustable-acabado-blanco-ip20-luz-blanca-6500k-neutra-4000k-calida-2700k-vida-util-50-000-h-interior\/","title":{"rendered":"L\u00e1mpara De Techo LED 150W \/ Flujo Luminoso 12 000 Lm \/ Longitud de Cable Ajustable \/ Acabado Blanco \/ IP20 \/ Luz Blanca 6500K &#8211; Neutra 4000K &#8211; C\u00e1lida 2700K \/ Vida \u00datil 50 000 h \/ Interior"},"content":{"rendered":"<div style='width: 100%; max-width: 1200px; margin: 0 auto; font-family: sans-serif; line-height: 1.6; color: inherit; background-color: transparent;'>\n<div style='margin-bottom: 30px;'>\n<p style='font-size: 18px; line-height: 1.6; margin: 0; color: inherit;'>La l\u00e1mpara de techo LED modelo JLAR-15001 de JWJ Comercial M\u00e9xico ofrece una iluminaci\u00f3n eficiente y est\u00e9ticamente placentera para espacios tanto residenciales como comerciales. Esta l\u00e1mpara cuenta con un dise\u00f1o moderno&comma; f\u00e1cil de instalar en cualquier superficie y proporciona ahorros de energ\u00eda significativos gracias a su tecnolog\u00eda LED avanzada.<\/p>\n<\/div>\n<div style='margin-bottom: 30px;'>\n<h2 style='font-size: 24px; font-weight: 600; margin: 0 0 20px 0; color: inherit; border-bottom: 2px solid currentColor; padding-bottom: 5px; opacity: 0.8;'>Caracter\u00edsticas Principales<\/h2>\n<div style='display: flex; flex-wrap: wrap; gap: 30px;'>\n<div style='flex: 1 1 300px; min-width: 280px; border: 1px solid rgba(150&comma; 150&comma; 150&comma; 0.4); border-radius: 8px; overflow: hidden; display: flex; flex-direction: column;'>\n<div style='padding: 15px; border-bottom: 1px solid rgba(150&comma; 150&comma; 150&comma; 0.2); font-weight: bold; font-size: 18px; color: inherit;'>Caracter\u00edsticas<\/div>\n<div style='padding: 15px; color: inherit;'>\n<ul style='padding-left: 20px; margin: 0; font-size: 14px; list-style-type: disc;'>\n<li style='margin-bottom: 5px;'>Dise\u00f1o moderno y elegante.<\/li>\n<li style='margin-bottom: 5px;'>Instalaci\u00f3n sencilla en cualquier tipo de superficie.<\/li>\n<li style='margin-bottom: 5px;'>Iluminaci\u00f3n que no deslumbra&comma; ideal para m\u00faltiples tipos de espacios.<\/li>\n<li style='margin-bottom: 5px;'>Ahorro de energ\u00eda de hasta un 80% gracias a sus chips LED.<\/li>\n<li style='margin-bottom: 5px;'>Adecuado para iluminaci\u00f3n en sala de estar&comma; dormitorio&comma; comedor&comma; cocina&comma; estudio&comma; oficina&comma; y otros espacios interiores.<\/li>\n<li style='margin-bottom: 5px;'>Vida \u00fatil prolongada de hasta 50&comma;000 horas.<\/li>\n<\/ul>\n<\/div>\n<\/div>\n<\/div>\n<\/div>\n<\/div>\n<div style='margin-bottom: 30px;'>\n<h2 style='font-size: 24px; font-weight: 600; margin: 0 0 20px 0; color: inherit; border-bottom: 2px solid currentColor; padding-bottom: 5px; opacity: 0.8;'>Detalles T\u00e9cnicos<\/h2>\n<div style='display: flex; flex-wrap: wrap; gap: 20px;'>\n<div style='flex: 1 1 250px; border: 1px solid rgba(150&comma; 150&comma; 150&comma; 0.4); border-radius: 8px; overflow: hidden; display: flex; flex-direction: column;'>\n<div style='padding: 15px; border-bottom: 1px solid rgba(150&comma; 150&comma; 150&comma; 0.2); font-weight: bold; font-size: 18px; color: inherit;'>Especificaciones<\/div>\n<div style='padding: 15px; color: inherit;'>\n<ul style='padding-left: 20px; margin: 0; font-size: 14px; list-style-type: disc;'>\n<li style='margin-bottom: 5px;'><strong>Potencia:<\/strong> 150W<\/li>\n<li style='margin-bottom: 5px;'><strong>Flujo Luminoso:<\/strong> 12&comma;000 lm<\/li>\n<li style='margin-bottom: 5px;'><strong>Corriente El\u00e9ctrica:<\/strong> 1.15A<\/li>\n<li style='margin-bottom: 5px;'><strong>Tensi\u00f3n\/Frecuencia:<\/strong> 85-265V~\/ 50\/60Hz<\/li>\n<li style='margin-bottom: 5px;'><strong>Material:<\/strong> Aluminio&comma; PC<\/li>\n<li style='margin-bottom: 5px;'><strong>Acabado:<\/strong> Blanco<\/li>\n<li style='margin-bottom: 5px;'><strong>Tipo de fuente de luz:<\/strong> LED<\/li>\n<li style='margin-bottom: 5px;'><strong>Protecci\u00f3n:<\/strong> IP20<\/li>\n<li style='margin-bottom: 5px;'><strong>\u00c1ngulo de Luz:<\/strong> 120\u00b0<\/li>\n<li style='margin-bottom: 5px;'><strong>Garant\u00eda:<\/strong> 3 a\u00f1os<\/li>\n<li style='margin-bottom: 5px;'><strong>Consumo de energ\u00eda:<\/strong> 0.15 kWh<\/li>\n<li style='margin-bottom: 5px;'><strong>Temperatura de trabajo:<\/strong> TA 60\u00b0 C TC 80\u00b0 C<\/li>\n<\/ul>\n<\/div>\n<\/div>\n<\/div>\n<div style='flex: 1 1 250px; border: 1px solid rgba(150&comma; 150&comma; 150&comma; 0.4); border-radius: 8px; overflow: hidden; display: flex; flex-direction: column;'>\n<div style='padding: 15px; border-bottom: 1px solid rgba(150&comma; 150&comma; 150&comma; 0.2); font-weight: bold; font-size: 18px; color: inherit;'>Interfaces y Conectividad<\/div>\n<div style='padding: 15px; color: inherit;'>\n<ul style='padding-left: 20px; margin: 0; font-size: 14px; list-style-type: disc;'>\n<li style='margin-bottom: 5px;'><strong>Montaje:<\/strong> Sobreponer<\/li>\n<li style='margin-bottom: 5px;'><strong>Tipo de Luz:<\/strong> Blanca 6500K \/ Neutra 4000K \/ C\u00e1lida 2700K<\/li>\n<li style='margin-bottom: 5px;'><strong>Cable:<\/strong> Ajustable<\/li>\n<li style='margin-bottom: 5px;'><strong>Libre de Mercurio:<\/strong> 0.0 mg<\/li>\n<\/ul>\n<\/div>\n<\/div>\n<\/div>\n<\/div>\n<\/div>\n<div style='margin-bottom: 30px;'>\n<h2 style='font-size: 24px; font-weight: 600; margin: 0 0 20px 0; color: inherit; border-bottom: 2px solid currentColor; padding-bottom: 5px; opacity: 0.8;'>Aplicaciones y Casos de Uso<\/h2>\n<div style='display: flex; flex-wrap: wrap; gap: 20px;'>\n<div style='flex: 1 1 300px; border: 1px solid rgba(150&comma; 150&comma; 150&comma; 0.4); border-radius: 8px; overflow: hidden; display: flex; flex-direction: column;'>\n<div style='padding: 15px; border-bottom: 1px solid rgba(150&comma; 150&comma; 150&comma; 0.2); font-weight: bold; font-size: 18px; color: inherit;'>Aplicaciones<\/div>\n<div style='padding: 15px; color: inherit;'>\n<p style='margin: 0; font-size: 14px;'>Ideal para espacios interiores como salas&comma; comedores&comma; oficinas y habitaciones donde se requiera una iluminaci\u00f3n eficiente y libre de deslumbramiento.<\/p>\n<\/div>\n<\/div>\n<\/div>\n<\/div>\n<\/div>\n<hr style='border: 0; border-top: 1px solid rgba(150&comma; 150&comma; 150&comma; 0.3); margin: 30px 0;'><\/div>\n","protected":false},"excerpt":{"rendered":"<p>L\u00e1mpara De Techo LED 150W \/ Flujo Luminoso 12 000 Lm \/ Longitud de Cable Ajustable \/ Acabado Blanco \/ IP20 \/ Luz Blanca 6500K &#8211; Neutra 4000K &#8211; C\u00e1lida 2700K \/ Vida \u00datil 50 000 h \/ Interior<\/p>\n","protected":false},"featured_media":38233,"comment_status":"open","ping_status":"closed","template":"","meta":[],"product_brand":[],"product_cat":[1166],"product_tag":[1167,1169,1168],"class_list":{"0":"post-38234","1":"product","2":"type-product","3":"status-publish","4":"has-post-thumbnail","6":"product_cat-uso-interior","7":"product_tag-iluminacion","8":"product_tag-jwj","9":"product_tag-uso-interior","11":"first","12":"outofstock","13":"sale","14":"shipping-taxable","15":"purchasable","16":"product-type-simple"},"_links":{"self":[{"href":"https:\/\/soydeaqui.ddns.net\/pachuca\/index.php\/wp-json\/wp\/v2\/product\/38234","targetHints":{"allow":["GET"]}}],"collection":[{"href":"https:\/\/soydeaqui.ddns.net\/pachuca\/index.php\/wp-json\/wp\/v2\/product"}],"about":[{"href":"https:\/\/soydeaqui.ddns.net\/pachuca\/index.php\/wp-json\/wp\/v2\/types\/product"}],"replies":[{"embeddable":true,"href":"https:\/\/soydeaqui.ddns.net\/pachuca\/index.php\/wp-json\/wp\/v2\/comments?post=38234"}],"wp:featuredmedia":[{"embeddable":true,"href":"https:\/\/soydeaqui.ddns.net\/pachuca\/index.php\/wp-json\/wp\/v2\/media\/38233"}],"wp:attachment":[{"href":"https:\/\/soydeaqui.ddns.net\/pachuca\/index.php\/wp-json\/wp\/v2\/media?parent=38234"}],"wp:term":[{"taxonomy":"product_brand","embeddable":true,"href":"https:\/\/soydeaqui.ddns.net\/pachuca\/index.php\/wp-json\/wp\/v2\/product_brand?post=38234"},{"taxonomy":"product_cat","embeddable":true,"href":"https:\/\/soydeaqui.ddns.net\/pachuca\/index.php\/wp-json\/wp\/v2\/product_cat?post=38234"},{"taxonomy":"product_tag","embeddable":true,"href":"https:\/\/soydeaqui.ddns.net\/pachuca\/index.php\/wp-json\/wp\/v2\/product_tag?post=38234"}],"curies":[{"name":"wp","href":"https:\/\/api.w.org\/{rel}","templated":true}]}}