{"id":38203,"date":"2026-03-18T16:50:53","date_gmt":"2026-03-18T16:50:53","guid":{"rendered":"https:\/\/soydeaqui.ddns.net\/pachuca\/index.php\/producto\/empalme-a-tope-termorretractil-pan-term-cal-14-color-azul-25pz\/"},"modified":"2026-03-18T16:50:53","modified_gmt":"2026-03-18T16:50:53","slug":"empalme-a-tope-termorretractil-pan-term-cal-14-color-azul-25pz","status":"publish","type":"product","link":"https:\/\/soydeaqui.ddns.net\/pachuca\/index.php\/producto\/empalme-a-tope-termorretractil-pan-term-cal-14-color-azul-25pz\/","title":{"rendered":"Empalme a tope termorretr\u00e1ctil Pan-Term\u2122 cal 14, Color Azul, 25pz"},"content":{"rendered":"<div style='width: 100%; max-width: 1200px; margin: 0 auto; font-family: sans-serif; line-height: 1.6; color: inherit; background-color: transparent;'> <!-- Secci\u00f3n de caracter\u00edsticas --> <\/p>\n<div style='display: flex; flex-wrap: wrap; gap: 30px; margin-bottom: 30px;'>\n<div style='flex: 1 1 300px; min-width: 280px;'>\n<h3 style='font-size: 22px; border-bottom: 2px solid currentColor; padding-bottom: 5px; margin-top: 0; color: inherit; opacity: 0.8;'>Especificaciones<\/h3>\n<ul style='padding-left: 20px; font-size: 15px; color: inherit;'>\n<li style='margin-bottom: 5px;'><strong>Tipo de producto:<\/strong> Empalme a tope<\/li>\n<li style='margin-bottom: 5px;'><strong>Material de base:<\/strong> Cobre<\/li>\n<li style='margin-bottom: 5px;'><strong>Tipo de tambor:<\/strong> Est\u00e1ndar<\/li>\n<li style='margin-bottom: 5px;'><strong>Acabado\/recubrimiento:<\/strong> Esta\u00f1ado<\/li>\n<li style='margin-bottom: 5px;'><strong>Tama\u00f1o de conductor de cobre (AWG):<\/strong> n.\u00b0 16 &#8211; n.\u00b0 14<\/li>\n<li style='margin-bottom: 5px;'><strong>Tama\u00f1o de conductor de c\u00f3digo de cobre (AWG):<\/strong> 16-14<\/li>\n<li style='margin-bottom: 5px;'><strong>Tama\u00f1o m\u00e1ximo de conductor de cobre (AWG SOL):<\/strong> 14<\/li>\n<li style='margin-bottom: 5px;'><strong>Tama\u00f1o m\u00e1ximo de conductor de cobre (AWG STR):<\/strong> N.\u00ba 14<\/li>\n<li style='margin-bottom: 5px;'><strong>Tama\u00f1o m\u00ednimo de conductor de cobre (AWG STR):<\/strong> N.\u00ba 16<\/li>\n<li style='margin-bottom: 5px;'><strong>Tama\u00f1o m\u00e1ximo de conductor en sistema m\u00e9trico (mm\u00b2):<\/strong> 2.5<\/li>\n<li style='margin-bottom: 5px;'><strong>Tama\u00f1o m\u00ednimo de conductor en sistema m\u00e9trico (mm\u00b2):<\/strong> 1.5<\/li>\n<li style='margin-bottom: 5px;'><strong>Material de aislamiento:<\/strong> Termorretr\u00e1ctil<\/li>\n<li style='margin-bottom: 5px;'><strong>Longitud total (in):<\/strong> 1.45<\/li>\n<li style='margin-bottom: 5px;'><strong>Longitud total (mm):<\/strong> 36.8<\/li>\n<li style='margin-bottom: 5px;'><strong>Cumple las normas:<\/strong> BSH14-Q<\/li>\n<li style='margin-bottom: 5px;'><strong>Clasificaci\u00f3n de temperatura UL (\u00b0C):<\/strong> 125<\/li>\n<li style='margin-bottom: 5px;'><strong>Calificaci\u00f3n de temperatura UL (\u00b0F):<\/strong> 257<\/li>\n<li style='margin-bottom: 5px;'><strong>Clasificaci\u00f3n de temperatura CSA (\u00b0C):<\/strong> 125<\/li>\n<li style='margin-bottom: 5px;'><strong>Calificaci\u00f3n de temperatura CSA (\u00b0F):<\/strong> 257<\/li>\n<li style='margin-bottom: 5px;'><strong>Tensi\u00f3n m\u00e1xima (V):<\/strong> 600<\/li>\n<li style='margin-bottom: 5px;'><strong>Tensi\u00f3n m\u00e1xima (kV):<\/strong> 0.6<\/li>\n<li style='margin-bottom: 5px;'><strong>C\u00f3digo de color:<\/strong> Azul<\/li>\n<li style='margin-bottom: 5px;'><strong>Longitud de la banda del cable (in):<\/strong> 5\/16<\/li>\n<li style='margin-bottom: 5px;'><strong>Longitud de la banda del cable (mm):<\/strong> 7.9<\/li>\n<li style='margin-bottom: 5px;'><strong>Submarca:<\/strong> Pan-Term\u2122<\/li>\n<li style='margin-bottom: 5px;'><strong>Caracts. pza.:<\/strong><\/li>\n<\/ul>\n<ul style='padding-left: 40px; font-size: 15px; color: inherit;'>\n<li style='margin-bottom: 5px;'>Dise\u00f1ado para empalmar dos cables s\u00f3lidos o trenzados para reparar o alargar cables<\/li>\n<li style='margin-bottom: 5px;'>La configuraci\u00f3n soldada proporciona un bajo perfil para aplicaciones de espacio limitado<\/li>\n<li style='margin-bottom: 5px;'>La funda de poliolefina termorretr\u00e1ctil con adhesivo que se derrite con calor protege contra la humedad<\/li>\n<li style='margin-bottom: 5px;'>Despu\u00e9s del prensado&comma; el aislamiento termorretr\u00e1ctil se completa con una pistola de calor est\u00e1ndar<\/li>\n<\/ul><\/div>\n<\/p><\/div>\n<p> <!-- Secci\u00f3n de especificaciones detalladas --> <\/p>\n<div style='display: flex; flex-wrap: wrap; gap: 20px; margin-bottom: 30px;'>\n<div style='flex: 1 1 250px; border: 1px solid rgba(150&comma; 150&comma; 150&comma; 0.4); border-radius: 8px; overflow: hidden; display: flex; flex-direction: column;'>\n<div style='padding: 15px; border-bottom: 1px solid rgba(150&comma; 150&comma; 150&comma; 0.2); font-weight: bold; font-size: 18px; color: inherit;'>Caracter\u00edsticas<\/div>\n<div style='padding: 15px; color: inherit;'>\n<ul style='padding-left: 20px; margin: 0; font-size: 14px; list-style-type: disc;'>\n<li style='margin-bottom: 5px;'><strong>Dise\u00f1o:<\/strong> Empalme a tope<\/li>\n<li style='margin-bottom: 5px;'><strong>Material:<\/strong> Cobre esta\u00f1ado<\/li>\n<li style='margin-bottom: 5px;'><strong>Tama\u00f1o:<\/strong> AWG 16-14<\/li>\n<li style='margin-bottom: 5px;'><strong>Aislamiento:<\/strong> Termorretr\u00e1ctil<\/li>\n<li style='margin-bottom: 5px;'><strong>Color:<\/strong> Azul<\/li>\n<\/ul><\/div>\n<\/p><\/div>\n<div style='flex: 1 1 250px; border: 1px solid rgba(150&comma; 150&comma; 150&comma; 0.4); border-radius: 8px; overflow: hidden; display: flex; flex-direction: column;'>\n<div style='padding: 15px; border-bottom: 1px solid rgba(150&comma; 150&comma; 150&comma; 0.2); font-weight: bold; font-size: 18px; color: inherit;'>Rango de Tama\u00f1os<\/div>\n<div style='padding: 15px; color: inherit;'>\n<ul style='padding-left: 20px; margin: 0; font-size: 14px; list-style-type: disc;'>\n<li style='margin-bottom: 5px;'><strong>M\u00e1ximo (AWG SOL):<\/strong> 14<\/li>\n<li style='margin-bottom: 5px;'><strong>M\u00e1ximo (AWG STR):<\/strong> N.\u00ba 14<\/li>\n<li style='margin-bottom: 5px;'><strong>M\u00ednimo (AWG STR):<\/strong> N.\u00ba 16<\/li>\n<li style='margin-bottom: 5px;'><strong>M\u00e1ximo (mm\u00b2):<\/strong> 2.5<\/li>\n<li style='margin-bottom: 5px;'><strong>M\u00ednimo (mm\u00b2):<\/strong> 1.5<\/li>\n<\/ul><\/div>\n<\/p><\/div>\n<div style='flex: 1 1 250px; border: 1px solid rgba(150&comma; 150&comma; 150&comma; 0.4); border-radius: 8px; overflow: hidden; display: flex; flex-direction: column;'>\n<div style='padding: 15px; border-bottom: 1px solid rgba(150&comma; 150&comma; 150&comma; 0.2); font-weight: bold; font-size: 18px; color: inherit;'>Especificaciones T\u00e9cnicas<\/div>\n<div style='padding: 15px; color: inherit;'>\n<ul style='padding-left: 20px; margin: 0; font-size: 14px; list-style-type: disc;'>\n<li style='margin-bottom: 5px;'><strong>Temperatura UL:<\/strong> 125\u00b0C \/ 257\u00b0F<\/li>\n<li style='margin-bottom: 5px;'><strong>Temperatura CSA:<\/strong> 125\u00b0C \/ 257\u00b0F<\/li>\n<li style='margin-bottom: 5px;'><strong>Tensi\u00f3n m\u00e1xima:<\/strong> 600V \/ 0.6kV<\/li>\n<li style='margin-bottom: 5px;'><strong>Longitud:<\/strong> 1.45&#8242; (36.8mm)<\/li>\n<li style='margin-bottom: 5px;'><strong>Ancho de la banda:<\/strong> 5\/16&#8242; (7.9mm)<\/li>\n<\/ul><\/div>\n<\/p><\/div>\n<\/p><\/div>\n<p> <!-- Secci\u00f3n de beneficios --> <\/p>\n<div style='display: flex; flex-wrap: wrap; gap: 30px; margin-bottom: 30px;'>\n<div style='flex: 1 1 300px; min-width: 280px;'>\n<h3 style='font-size: 22px; border-bottom: 2px solid currentColor; padding-bottom: 5px; margin-top: 0; color: inherit; opacity: 0.8;'>Beneficios<\/h3>\n<ul style='padding-left: 20px; font-size: 15px; color: inherit;'>\n<li style='margin-bottom: 5px;'>Dise\u00f1ado para empalmar dos cables s\u00f3lidos o trenzados para reparar o alargar cables<\/li>\n<li style='margin-bottom: 5px;'>La configuraci\u00f3n soldada proporciona un bajo perfil para aplicaciones de espacio limitado<\/li>\n<li style='margin-bottom: 5px;'>La funda de poliolefina termorretr\u00e1ctil con adhesivo que se derrite con calor protege contra la humedad<\/li>\n<li style='margin-bottom: 5px;'>Despu\u00e9s del prensado&comma; el aislamiento termorretr\u00e1ctil se completa con una pistola de calor est\u00e1ndar<\/li>\n<\/ul><\/div>\n<\/p><\/div>\n<p> <!-- Separador --> <\/p>\n<hr style='border: 0; border-top: 1px solid rgba(150&comma; 150&comma; 150&comma; 0.3); margin: 30px 0;'> <\/div>\n","protected":false},"excerpt":{"rendered":"<p>Empalme a tope termorretr\u00e1ctil Pan-Term\u2122 cal 14, Color Azul, 25pz<\/p>\n","protected":false},"featured_media":38202,"comment_status":"open","ping_status":"closed","template":"","meta":[],"product_brand":[],"product_cat":[1095],"product_tag":[1058,445,1096],"class_list":{"0":"post-38203","1":"product","2":"type-product","3":"status-publish","4":"has-post-thumbnail","6":"product_cat-terminales-y-conectores-electricos","7":"product_tag-ferreteria","8":"product_tag-panduit","9":"product_tag-terminales-y-conectores-electricos","11":"first","12":"instock","13":"sale","14":"shipping-taxable","15":"purchasable","16":"product-type-simple"},"_links":{"self":[{"href":"https:\/\/soydeaqui.ddns.net\/pachuca\/index.php\/wp-json\/wp\/v2\/product\/38203","targetHints":{"allow":["GET"]}}],"collection":[{"href":"https:\/\/soydeaqui.ddns.net\/pachuca\/index.php\/wp-json\/wp\/v2\/product"}],"about":[{"href":"https:\/\/soydeaqui.ddns.net\/pachuca\/index.php\/wp-json\/wp\/v2\/types\/product"}],"replies":[{"embeddable":true,"href":"https:\/\/soydeaqui.ddns.net\/pachuca\/index.php\/wp-json\/wp\/v2\/comments?post=38203"}],"wp:featuredmedia":[{"embeddable":true,"href":"https:\/\/soydeaqui.ddns.net\/pachuca\/index.php\/wp-json\/wp\/v2\/media\/38202"}],"wp:attachment":[{"href":"https:\/\/soydeaqui.ddns.net\/pachuca\/index.php\/wp-json\/wp\/v2\/media?parent=38203"}],"wp:term":[{"taxonomy":"product_brand","embeddable":true,"href":"https:\/\/soydeaqui.ddns.net\/pachuca\/index.php\/wp-json\/wp\/v2\/product_brand?post=38203"},{"taxonomy":"product_cat","embeddable":true,"href":"https:\/\/soydeaqui.ddns.net\/pachuca\/index.php\/wp-json\/wp\/v2\/product_cat?post=38203"},{"taxonomy":"product_tag","embeddable":true,"href":"https:\/\/soydeaqui.ddns.net\/pachuca\/index.php\/wp-json\/wp\/v2\/product_tag?post=38203"}],"curies":[{"name":"wp","href":"https:\/\/api.w.org\/{rel}","templated":true}]}}