{"id":38197,"date":"2026-03-18T16:50:46","date_gmt":"2026-03-18T16:50:46","guid":{"rendered":"https:\/\/soydeaqui.ddns.net\/pachuca\/index.php\/producto\/terminal-de-anillo-sin-aislamiento-pan-term-cal-8-barreno-5-16-25pz\/"},"modified":"2026-03-18T16:50:47","modified_gmt":"2026-03-18T16:50:47","slug":"terminal-de-anillo-sin-aislamiento-pan-term-cal-8-barreno-5-16-25pz","status":"publish","type":"product","link":"https:\/\/soydeaqui.ddns.net\/pachuca\/index.php\/producto\/terminal-de-anillo-sin-aislamiento-pan-term-cal-8-barreno-5-16-25pz\/","title":{"rendered":"Terminal de anillo sin aislamiento Pan-Term\u2122 cal 8, barreno 5\/16, 25pz"},"content":{"rendered":"<div style='width: 100%; max-width: 1200px; margin: 0 auto; font-family: sans-serif; line-height: 1.6; color: inherit; background-color: transparent;'>\n<div style='display: flex; flex-wrap: wrap; gap: 30px; margin-bottom: 30px;'>\n<div style='flex: 1 1 300px; min-width: 280px;'>\n<h3 style='font-size: 22px; border-bottom: 2px solid currentColor; padding-bottom: 5px; margin-top: 0; color: inherit; opacity: 0.8;'>Especificaciones generales<\/h3>\n<ul style='padding-left: 20px; font-size: 15px; color: inherit;'>\n<li style='margin-bottom: 5px;'><strong>Tipo de producto:<\/strong> Empalme a tope<\/li>\n<li style='margin-bottom: 5px;'><strong>Material de base:<\/strong> Cobre<\/li>\n<li style='margin-bottom: 5px;'><strong>Tipo de tambor:<\/strong> Est\u00e1ndar<\/li>\n<li style='margin-bottom: 5px;'><strong>Acabado\/recubrimiento:<\/strong> Esta\u00f1ado<\/li>\n<li style='margin-bottom: 5px;'><strong>Tama\u00f1o de conductor de cobre (AWG):<\/strong> n.\u00b0 22 &#8211; n.\u00b0 18<\/li>\n<li style='margin-bottom: 5px;'><strong>Tama\u00f1o de conductor de c\u00f3digo de cobre (AWG):<\/strong> 22-18<\/li>\n<li style='margin-bottom: 5px;'><strong>Tama\u00f1o m\u00e1ximo de conductor de cobre (AWG SOL):<\/strong> 18<\/li>\n<li style='margin-bottom: 5px;'><strong>Tama\u00f1o m\u00e1ximo de conductor de cobre (AWG STR):<\/strong> N.\u00ba 18<\/li>\n<li style='margin-bottom: 5px;'><strong>Tama\u00f1o m\u00ednimo de conductor de cobre (AWG STR):<\/strong> N.\u00ba 22<\/li>\n<li style='margin-bottom: 5px;'><strong>Tama\u00f1o m\u00e1ximo de conductor en sistema m\u00e9trico (mm\u00b2):<\/strong> 1<\/li>\n<li style='margin-bottom: 5px;'><strong>Tama\u00f1o m\u00ednimo de conductor en sistema m\u00e9trico (mm\u00b2):<\/strong> 0.5<\/li>\n<li style='margin-bottom: 5px;'><strong>Material de aislamiento:<\/strong> Termorretr\u00e1ctil<\/li>\n<li style='margin-bottom: 5px;'><strong>Longitud total (in):<\/strong> 1.45<\/li>\n<li style='margin-bottom: 5px;'><strong>Longitud total (mm):<\/strong> 36.8<\/li>\n<li style='margin-bottom: 5px;'><strong>Cumple las normas:<\/strong> BSH18-Q<\/li>\n<li style='margin-bottom: 5px;'><strong>Clasificaci\u00f3n de temperatura UL (\u00b0C):<\/strong> 125<\/li>\n<li style='margin-bottom: 5px;'><strong>Calificaci\u00f3n de temperatura UL (\u00b0F):<\/strong> 257<\/li>\n<li style='margin-bottom: 5px;'><strong>Clasificaci\u00f3n de temperatura CSA (\u00b0C):<\/strong> 125<\/li>\n<li style='margin-bottom: 5px;'><strong>Calificaci\u00f3n de temperatura CSA (\u00b0F):<\/strong> 257<\/li>\n<li style='margin-bottom: 5px;'><strong>Tensi\u00f3n m\u00e1xima (V):<\/strong> 600<\/li>\n<li style='margin-bottom: 5px;'><strong>Tensi\u00f3n m\u00e1xima (kV):<\/strong> 0.6<\/li>\n<li style='margin-bottom: 5px;'><strong>C\u00f3digo de color:<\/strong> Rojo<\/li>\n<li style='margin-bottom: 5px;'><strong>Longitud de la banda del cable (in):<\/strong> 5\/16<\/li>\n<li style='margin-bottom: 5px;'><strong>Longitud de la banda del cable (mm):<\/strong> 7.9<\/li>\n<li style='margin-bottom: 5px;'><strong>Submarca:<\/strong> Pan-Term\u2122<\/li>\n<li style='margin-bottom: 5px;'><strong>Caracts. pza.:<\/strong> \u2022 Dise\u00f1ado para empalmar dos cables s\u00f3lidos o trenzados para reparar o alargar cables \u2022 La configuraci\u00f3n soldada proporciona un bajo perfil para aplicaciones de espacio limitado \u2022 La funda de poliolefina termorretr\u00e1ctil con adhesivo que se derrite con calor protege contra la humedad \u2022 Despu\u00e9s del prensado&comma; el aislamiento termorretr\u00e1ctil se completa con una pistola de calor est\u00e1ndar<\/li>\n<\/ul>\n<\/div>\n<\/div>\n<\/div>\n<div style='display: flex; flex-wrap: wrap; gap: 20px; margin-bottom: 30px;'>\n<div style='flex: 1 1 250px; border: 1px solid rgba(150&comma; 150&comma; 150&comma; 0.4); border-radius: 8px; overflow: hidden; display: flex; flex-direction: column;'>\n<div style='padding: 15px; border-bottom: 1px solid rgba(150&comma; 150&comma; 150&comma; 0.2); font-weight: bold; font-size: 18px; color: inherit;'>Especificaciones mec\u00e1nicas<\/div>\n<div style='padding: 15px; color: inherit;'>\n<ul style='padding-left: 20px; margin: 0; font-size: 14px; list-style-type: disc;'>\n<li style='margin-bottom: 5px;'><strong>Tama\u00f1o de orificio para tornillo prisionero (in):<\/strong> 5\/16<\/li>\n<li style='margin-bottom: 5px;'><strong>Tama\u00f1o de orificio para tornillo prisionero (mm):<\/strong> 8<\/li>\n<li style='margin-bottom: 5px;'><strong>Tama\u00f1o de tornillo prisionero:<\/strong> 5\/16<\/li>\n<li style='margin-bottom: 5px;'><strong>Material de aislamiento:<\/strong> Sin aislamiento<\/li>\n<li style='margin-bottom: 5px;'><strong>Tama\u00f1o m\u00e1ximo de conductor de cobre (AWG):<\/strong> N.\u00ba 8<\/li>\n<li style='margin-bottom: 5px;'><strong>Tama\u00f1o m\u00ednimo de conductor de cobre (AWG):<\/strong> N.\u00ba 8<\/li>\n<li style='margin-bottom: 5px;'><strong>Tama\u00f1o m\u00e1ximo de cable (AWG):<\/strong> N.\u00ba 8<\/li>\n<li style='margin-bottom: 5px;'><strong>Tama\u00f1o m\u00ednimo de cable (AWG):<\/strong> N.\u00ba 8<\/li>\n<li style='margin-bottom: 5px;'><strong>Longitud de la banda del cable (in):<\/strong> 3\/8<\/li>\n<li style='margin-bottom: 5px;'><strong>Longitud de la banda del cable (mm):<\/strong> 9.5<\/li>\n<li style='margin-bottom: 5px;'><strong>Cumple las normas:<\/strong> Listado cULus 587H E52164&comma; certificado por CSA LR31212<\/li>\n<li style='margin-bottom: 5px;'><strong>Material de base:<\/strong> Cobre<\/li>\n<li style='margin-bottom: 5px;'><strong>Tensi\u00f3n m\u00e1xima (V):<\/strong> 2000<\/li>\n<li style='margin-bottom: 5px;'><strong>Acabado\/recubrimiento:<\/strong> Esta\u00f1ado<\/li>\n<li style='margin-bottom: 5px;'><strong>Tipo de tambor:<\/strong> Est\u00e1ndar<\/li>\n<li style='margin-bottom: 5px;'><strong>Temperatura m\u00e1xima de funcionamiento (\u00b0C):<\/strong> 150<\/li>\n<li style='margin-bottom: 5px;'><strong>Temperatura m\u00e1xima de funcionamiento (\u00b0F):<\/strong> 302<\/li>\n<li style='margin-bottom: 5px;'><strong>Di\u00e1metro exterior (in):<\/strong> 0.27<\/li>\n<li style='margin-bottom: 5px;'><strong>Di\u00e1metro exterior (mm):<\/strong> 6.8<\/li>\n<li style='margin-bottom: 5px;'><strong>Di\u00e1metro interior (in):<\/strong> 0.19<\/li>\n<li style='margin-bottom: 5px;'><strong>Di\u00e1metro interior (mm):<\/strong> 4.8<\/li>\n<li style='margin-bottom: 5px;'><strong>Tipo de uni\u00f3n:<\/strong> Reforzado<\/li>\n<li style='margin-bottom: 5px;'><strong>Submarca:<\/strong> Pan-Term\u2122<\/li>\n<li style='margin-bottom: 5px;'><strong>Longitud total (in):<\/strong> 1.25<\/li>\n<li style='margin-bottom: 5px;'><strong>Longitud total (mm):<\/strong> 31.8<\/li>\n<li style='margin-bottom: 5px;'><strong>Anchura total (in):<\/strong> 0.59<\/li>\n<li style='margin-bottom: 5px;'><strong>Anchura total (mm):<\/strong> 15<\/li>\n<li style='margin-bottom: 5px;'><strong>Longitud de leng\u00fceta (in):<\/strong> 0.95<\/li>\n<li style='margin-bottom: 5px;'><strong>Longitud de leng\u00fceta (mm):<\/strong> 24.1<\/li>\n<li style='margin-bottom: 5px;'><strong>Grosor de leng\u00fceta (in):<\/strong> 0.04<\/li>\n<li style='margin-bottom: 5px;'><strong>Grosor de leng\u00fceta (mm):<\/strong> 1<\/li>\n<li style='margin-bottom: 5px;'><strong>Ancho de leng\u00fceta (in):<\/strong> 0.59<\/li>\n<li style='margin-bottom: 5px;'><strong>Ancho de leng\u00fceta (mm):<\/strong> 15<\/li>\n<li style='margin-bottom: 5px;'><strong>Tipo de empaque:<\/strong> Botella<\/li>\n<li style='margin-bottom: 5px;'><strong>Tipo de producto:<\/strong> Terminal de anillo<\/li>\n<li style='margin-bottom: 5px;'><strong>Para usar con:<\/strong> CT-1701&comma; CT-2600 (CD-2600-P8)<\/li>\n<li style='margin-bottom: 5px;'><strong>Caracts. pza.:<\/strong> \u2022 El dise\u00f1o de leng\u00fceta de anillo garantiza una conexi\u00f3n segura en aplicaciones de alta vibraci\u00f3n \u2022 El estriado interno del tambor asegura un buen contacto de los cables y m\u00e1xima resistencia a la tensi\u00f3n<\/li>\n<\/ul>\n<\/div>\n<\/div>\n<\/div>\n<\/div>\n<hr style='border: 0; border-top: 1px solid rgba(150&comma; 150&comma; 150&comma; 0.3); margin: 30px 0;'><\/div>\n","protected":false},"excerpt":{"rendered":"<p>Terminal de anillo sin aislamiento Pan-Term\u2122 cal 8, barreno 5\/16, 25pz<\/p>\n","protected":false},"featured_media":38196,"comment_status":"open","ping_status":"closed","template":"","meta":[],"product_brand":[],"product_cat":[1095],"product_tag":[1058,445,1096],"class_list":{"0":"post-38197","1":"product","2":"type-product","3":"status-publish","4":"has-post-thumbnail","6":"product_cat-terminales-y-conectores-electricos","7":"product_tag-ferreteria","8":"product_tag-panduit","9":"product_tag-terminales-y-conectores-electricos","11":"first","12":"outofstock","13":"sale","14":"shipping-taxable","15":"purchasable","16":"product-type-simple"},"_links":{"self":[{"href":"https:\/\/soydeaqui.ddns.net\/pachuca\/index.php\/wp-json\/wp\/v2\/product\/38197","targetHints":{"allow":["GET"]}}],"collection":[{"href":"https:\/\/soydeaqui.ddns.net\/pachuca\/index.php\/wp-json\/wp\/v2\/product"}],"about":[{"href":"https:\/\/soydeaqui.ddns.net\/pachuca\/index.php\/wp-json\/wp\/v2\/types\/product"}],"replies":[{"embeddable":true,"href":"https:\/\/soydeaqui.ddns.net\/pachuca\/index.php\/wp-json\/wp\/v2\/comments?post=38197"}],"wp:featuredmedia":[{"embeddable":true,"href":"https:\/\/soydeaqui.ddns.net\/pachuca\/index.php\/wp-json\/wp\/v2\/media\/38196"}],"wp:attachment":[{"href":"https:\/\/soydeaqui.ddns.net\/pachuca\/index.php\/wp-json\/wp\/v2\/media?parent=38197"}],"wp:term":[{"taxonomy":"product_brand","embeddable":true,"href":"https:\/\/soydeaqui.ddns.net\/pachuca\/index.php\/wp-json\/wp\/v2\/product_brand?post=38197"},{"taxonomy":"product_cat","embeddable":true,"href":"https:\/\/soydeaqui.ddns.net\/pachuca\/index.php\/wp-json\/wp\/v2\/product_cat?post=38197"},{"taxonomy":"product_tag","embeddable":true,"href":"https:\/\/soydeaqui.ddns.net\/pachuca\/index.php\/wp-json\/wp\/v2\/product_tag?post=38197"}],"curies":[{"name":"wp","href":"https:\/\/api.w.org\/{rel}","templated":true}]}}