{"id":3805,"date":"2026-03-18T06:12:04","date_gmt":"2026-03-18T06:12:04","guid":{"rendered":"https:\/\/soydeaqui.ddns.net\/pachuca\/index.php\/producto\/carcasa-ultra-resistente-200-cm-78-74-pulgadas-de-altura-ideal-para-sensores-fotoelctricos-instalacin-en-suelo-360-de-visin\/"},"modified":"2026-03-18T06:12:04","modified_gmt":"2026-03-18T06:12:04","slug":"carcasa-ultra-resistente-200-cm-78-74-pulgadas-de-altura-ideal-para-sensores-fotoelctricos-instalacin-en-suelo-360-de-visin","status":"publish","type":"product","link":"https:\/\/soydeaqui.ddns.net\/pachuca\/index.php\/producto\/carcasa-ultra-resistente-200-cm-78-74-pulgadas-de-altura-ideal-para-sensores-fotoelctricos-instalacin-en-suelo-360-de-visin\/","title":{"rendered":"Carcasa Ultra Resistente \/ 200 cm (78.74 Pulgadas) de Altura \/ Ideal para Sensores Fotoel?ctricos \/ Instalaci?n en Suelo \/ 360? de Visi?n"},"content":{"rendered":"<div style='width: 100%; max-width: 1200px; margin: 0 auto; font-family: sans-serif; line-height: 1.6; color: inherit; background-color: transparent;'>\n<div style='display: flex; flex-wrap: wrap; gap: 30px; margin-bottom: 30px;'>\n<div style='flex: 1 1 300px; min-width: 280px;'>\n<h3 style='font-size: 22px; border-bottom: 2px solid currentColor; padding-bottom: 5px; margin-top: 0; color: inherit; opacity: 0.8;'>Detalles de producto<\/h3>\n<p style='font-size: 15px; color: inherit; margin-bottom: 15px;'>Ocultar los rayos infrarrojos activos en los cerramientos aumenta la seguridad y flexibilidad de los sistemas de protecci\u00f3n perimetral. Los haces IR duales y cu\u00e1druples de OPTEX se pueden montar directamente en paredes o postes; sin embargo&comma; al instalarlos en recintos&comma; se vuelven menos obvios. El n\u00famero y la altura de las vigas instaladas se vuelven desconocidos para los posibles intrusos&comma; mejorando as\u00ed el nivel de seguridad.<\/p>\n<p style='font-size: 15px; color: inherit; margin-bottom: 15px;'>Adem\u00e1s&comma; las opciones para montar iluminaci\u00f3n o una c\u00e1mara fija en una carcasa especial encima de los gabinetes permite que un sistema de seguridad completo se integre perfectamente en su entorno.<\/p>\n<p style='font-size: 15px; color: inherit; margin-bottom: 15px;'>El AX-TW200 proporciona una vista sin obstrucciones de 360\u00b0 para los haces&comma; lo que permite una instalaci\u00f3n espalda con espalda para cubrir todo el per\u00edmetro.<\/p>\n<p style='font-size: 15px; color: inherit; margin-bottom: 15px;'>Descargue nuestra completa Gu\u00eda de vigas y cerramientos para construir su soluci\u00f3n.<\/p>\n<p style='font-size: 15px; color: inherit; margin-bottom: 15px;'>El ensamblaje del gabinete se incluye sin cargo cuando se proporciona el plano del sitio.<\/p>\n<\/p><\/div>\n<\/p><\/div>\n<div style='display: flex; flex-wrap: wrap; gap: 30px; margin-bottom: 30px;'>\n<div style='flex: 1 1 300px; min-width: 280px;'>\n<h3 style='font-size: 22px; border-bottom: 2px solid currentColor; padding-bottom: 5px; margin-top: 0; color: inherit; opacity: 0.8;'>Aplicaciones<\/h3>\n<ul style='padding-left: 20px; font-size: 15px; color: inherit;'>\n<li style='margin-bottom: 5px;'>Edificios<\/li>\n<li style='margin-bottom: 5px;'>Per\u00edmetro<\/li>\n<\/ul><\/div>\n<div style='flex: 1 1 300px; min-width: 280px;'>\n<h3 style='font-size: 22px; border-bottom: 2px solid currentColor; padding-bottom: 5px; margin-top: 0; color: inherit; opacity: 0.8;'>Caracter\u00edsticas clave<\/h3>\n<ul style='padding-left: 20px; font-size: 15px; color: inherit;'>\n<li style='margin-bottom: 5px;'>Montado a cualquier altura\/direcci\u00f3n en el gabinete<\/li>\n<li style='margin-bottom: 5px;'>Kit de fijaci\u00f3n completo y antimanipulaci\u00f3n suministrado<\/li>\n<li style='margin-bottom: 5px;'>Adecuado para modelos cableados&comma; IP e inal\u00e1mbricos<\/li>\n<\/ul><\/div>\n<div style='flex: 1 1 300px; min-width: 280px;'>\n<h3 style='font-size: 22px; border-bottom: 2px solid currentColor; padding-bottom: 5px; margin-top: 0; color: inherit; opacity: 0.8;'>Compatibilidad<\/h3>\n<ul style='padding-left: 20px; font-size: 15px; color: inherit;'>\n<li style='margin-bottom: 5px;'><strong>Compatible con sensores fotoel\u00e9ctricos SERIE SL de Optex<\/strong><\/li>\n<\/ul><\/div>\n<\/p><\/div>\n<hr style='border: 0; border-top: 1px solid rgba(150&comma; 150&comma; 150&comma; 0.3); margin: 30px 0;'> <\/div>\n","protected":false},"excerpt":{"rendered":"<p>Carcasa Ultra Resistente \/ 200 cm (78.74 Pulgadas) de Altura \/ Ideal para Sensores Fotoel?ctricos \/ Instalaci?n en Suelo \/ 360? de Visi?n<\/p>\n","protected":false},"featured_media":3804,"comment_status":"open","ping_status":"closed","template":"","meta":[],"product_brand":[],"product_cat":[199],"product_tag":[201,200,106],"class_list":{"0":"post-3805","1":"product","2":"type-product","3":"status-publish","4":"has-post-thumbnail","6":"product_cat-carcasas","7":"product_tag-carcasas","8":"product_tag-gabinetes-y-carcasas","9":"product_tag-optex","11":"first","12":"instock","13":"sale","14":"shipping-taxable","15":"purchasable","16":"product-type-simple"},"_links":{"self":[{"href":"https:\/\/soydeaqui.ddns.net\/pachuca\/index.php\/wp-json\/wp\/v2\/product\/3805","targetHints":{"allow":["GET"]}}],"collection":[{"href":"https:\/\/soydeaqui.ddns.net\/pachuca\/index.php\/wp-json\/wp\/v2\/product"}],"about":[{"href":"https:\/\/soydeaqui.ddns.net\/pachuca\/index.php\/wp-json\/wp\/v2\/types\/product"}],"replies":[{"embeddable":true,"href":"https:\/\/soydeaqui.ddns.net\/pachuca\/index.php\/wp-json\/wp\/v2\/comments?post=3805"}],"wp:featuredmedia":[{"embeddable":true,"href":"https:\/\/soydeaqui.ddns.net\/pachuca\/index.php\/wp-json\/wp\/v2\/media\/3804"}],"wp:attachment":[{"href":"https:\/\/soydeaqui.ddns.net\/pachuca\/index.php\/wp-json\/wp\/v2\/media?parent=3805"}],"wp:term":[{"taxonomy":"product_brand","embeddable":true,"href":"https:\/\/soydeaqui.ddns.net\/pachuca\/index.php\/wp-json\/wp\/v2\/product_brand?post=3805"},{"taxonomy":"product_cat","embeddable":true,"href":"https:\/\/soydeaqui.ddns.net\/pachuca\/index.php\/wp-json\/wp\/v2\/product_cat?post=3805"},{"taxonomy":"product_tag","embeddable":true,"href":"https:\/\/soydeaqui.ddns.net\/pachuca\/index.php\/wp-json\/wp\/v2\/product_tag?post=3805"}],"curies":[{"name":"wp","href":"https:\/\/api.w.org\/{rel}","templated":true}]}}