{"id":37990,"date":"2026-03-18T16:45:16","date_gmt":"2026-03-18T16:45:16","guid":{"rendered":"https:\/\/soydeaqui.ddns.net\/pachuca\/index.php\/producto\/tubo-pvc-conduit-pesado-de-2-51-mm-de-3-m\/"},"modified":"2026-03-18T16:45:22","modified_gmt":"2026-03-18T16:45:22","slug":"tubo-pvc-conduit-pesado-de-2-51-mm-de-3-m","status":"publish","type":"product","link":"https:\/\/soydeaqui.ddns.net\/pachuca\/index.php\/producto\/tubo-pvc-conduit-pesado-de-2-51-mm-de-3-m\/","title":{"rendered":"Tubo PVC Conduit pesado de 2&#8243; (51 mm)  de 3 m."},"content":{"rendered":"<div style='width: 100%; max-width: 1200px; margin: 0 auto; font-family: sans-serif; line-height: 1.6; color: inherit; background-color: transparent;'>\n<div style='display: flex; flex-wrap: wrap; gap: 30px; margin-bottom: 30px;'>\n<div style='flex: 1 1 300px; min-width: 280px;'>\n<h3 style='font-size: 22px; border-bottom: 2px solid currentColor; padding-bottom: 5px; margin-top: 0; color: inherit; opacity: 0.8;'>Calidad<\/h3>\n<p style='font-size: 14px; color: inherit;'> La tuber\u00eda conduit tipo pesado se fabrica de acuerdo a la NMX-E-012-SCFI-vigente. Industria del Pl\u00e1stico -Tubos y Conexiones- Tubos y Conexiones de PVC sin plastificante para instalaciones El\u00e9ctricas -Especificaciones. <\/p>\n<\/p><\/div>\n<\/p><\/div>\n<div style='display: flex; flex-wrap: wrap; gap: 30px; margin-bottom: 30px;'>\n<div style='flex: 1 1 300px; min-width: 280px;'>\n<h3 style='font-size: 22px; border-bottom: 2px solid currentColor; padding-bottom: 5px; margin-top: 0; color: inherit; opacity: 0.8;'>Aplicaciones<\/h3>\n<p style='font-size: 14px; color: inherit;'> La tuber\u00eda conduit tipo pesado y ligero&comma; se utiliza para la conducci\u00f3n de cableado el\u00e9ctrico tanto aparente como oculto&comma; y es especialmente recomendado para sistemas aislados a tierra ya que no conduce electricidad. Es utilizado en hospitales&comma; industrias&comma; cuartos de c\u00f3mputo y tableros de aislamiento&comma; entre otros. <\/p>\n<\/p><\/div>\n<\/p><\/div>\n<div style='display: flex; flex-wrap: wrap; gap: 30px; margin-bottom: 30px;'>\n<div style='flex: 1 1 300px; min-width: 280px;'>\n<h3 style='font-size: 22px; border-bottom: 2px solid currentColor; padding-bottom: 5px; margin-top: 0; color: inherit; opacity: 0.8;'>Caracter\u00edsticas<\/h3>\n<ul style='padding-left: 20px; font-size: 15px; color: inherit;'>\n<li style='margin-bottom: 5px;'>Auto extinguible<\/li>\n<li style='margin-bottom: 5px;'>Duraci\u00f3n<\/li>\n<li style='margin-bottom: 5px;'>Seguridad en el cableado<\/li>\n<li style='margin-bottom: 5px;'>Ligero<\/li>\n<\/ul><\/div>\n<\/p><\/div>\n<div style='display: flex; flex-wrap: wrap; gap: 20px; margin-bottom: 30px;'>\n<div style='flex: 1 1 250px; border: 1px solid rgba(150&comma; 150&comma; 150&comma; 0.4); border-radius: 8px; overflow: hidden; display: flex; flex-direction: column;'>\n<div style='padding: 15px; border-bottom: 1px solid rgba(150&comma; 150&comma; 150&comma; 0.2); font-weight: bold; font-size: 18px; color: inherit;'>Especificaciones T\u00e9cnicas Principales:<\/div>\n<div style='padding: 15px; color: inherit;'>\n<ul style='padding-left: 20px; margin: 0; font-size: 14px; list-style-type: disc;'>\n<li style='margin-bottom: 5px;'>Uso Profesional en instalaciones el\u00e9ctricas industriales y dom\u00e9sticas<\/li>\n<li style='margin-bottom: 5px;'>Material PVC de alta calidad seg\u00fan norma NMX-E-031<\/li>\n<li style='margin-bottom: 5px;'>Certificaci\u00f3n NMX-E-012-SCFI de la Industria del Pl\u00e1stico<\/li>\n<li style='margin-bottom: 5px;'>Dimensiones de 2985 a 3015 mm&comma; di\u00e1metro de 51 mm<\/li>\n<li style='margin-bottom: 5px;'>F\u00e1cil instalaci\u00f3n con casquillo termoformado o cople PVC<\/li>\n<\/ul><\/div>\n<\/p><\/div>\n<div style='flex: 1 1 250px; border: 1px solid rgba(150&comma; 150&comma; 150&comma; 0.4); border-radius: 8px; overflow: hidden; display: flex; flex-direction: column;'>\n<div style='padding: 15px; border-bottom: 1px solid rgba(150&comma; 150&comma; 150&comma; 0.2); font-weight: bold; font-size: 18px; color: inherit;'>Caracter\u00edsticas F\u00edsicas y El\u00e9ctricas:<\/div>\n<div style='padding: 15px; color: inherit;'>\n<ul style='padding-left: 20px; margin: 0; font-size: 14px; list-style-type: disc;'>\n<li style='margin-bottom: 5px;'>Dise\u00f1o robusto con espesor de pared optimizado<\/li>\n<li style='margin-bottom: 5px;'>Instalaci\u00f3n segura previniendo la infiltraci\u00f3n de humedad<\/li>\n<li style='margin-bottom: 5px;'>Pruebas exhaustivas incluyen impacto&comma; aplastamiento y carga<\/li>\n<\/ul><\/div>\n<\/p><\/div>\n<div style='flex: 1 1 250px; border: 1px solid rgba(150&comma; 150&comma; 150&comma; 0.4); border-radius: 8px; overflow: hidden; display: flex; flex-direction: column;'>\n<div style='padding: 15px; border-bottom: 1px solid rgba(150&comma; 150&comma; 150&comma; 0.2); font-weight: bold; font-size: 18px; color: inherit;'>Caracter\u00edsticas Destacadas:<\/div>\n<div style='padding: 15px; color: inherit;'>\n<ul style='padding-left: 20px; margin: 0; font-size: 14px; list-style-type: disc;'>\n<li style='margin-bottom: 5px;'>Adaptabilidad para instalaciones pesadas y ligeras<\/li>\n<li style='margin-bottom: 5px;'>Opci\u00f3n profesional para un sistema de conducci\u00f3n duradero<\/li>\n<li style='margin-bottom: 5px;'>Amanco Wavin ofrece asesor\u00eda t\u00e9cnica especializada<\/li>\n<\/ul><\/div>\n<\/p><\/div>\n<\/p><\/div>\n<hr style='border: 0; border-top: 1px solid rgba(150&comma; 150&comma; 150&comma; 0.3); margin: 30px 0;'>\n<div style='display: flex; flex-wrap: wrap; gap: 30px; margin-bottom: 30px;'>\n<div style='flex: 1 1 100%; text-align: center; margin-top: 20px; margin-bottom: 20px;'>\n<p style='font-size: 15px; color: inherit; margin: 0;'> Para obtener informaci\u00f3n y soporte t\u00e9cnico&comma; consulte con los expertos de <a style='color: inherit; text-decoration: none;' href='https:\/\/www.amancowavin.com'>Amanco Wavin<\/a> directamente. <\/p>\n<\/p><\/div>\n<\/p><\/div>\n<\/p><\/div>\n","protected":false},"excerpt":{"rendered":"<p>Tubo PVC Conduit pesado de 2&#8243; (51 mm)  de 3 m.<\/p>\n","protected":false},"featured_media":37989,"comment_status":"open","ping_status":"closed","template":"","meta":[],"product_brand":[],"product_cat":[648],"product_tag":[703,572,649],"class_list":{"0":"post-37990","1":"product","2":"type-product","3":"status-publish","4":"has-post-thumbnail","6":"product_cat-tuberia-pvc-registros-pvc","7":"product_tag-amanco-wavin","8":"product_tag-canalizacion","9":"product_tag-tuberia-pvc-registros-pvc","11":"first","12":"instock","13":"sale","14":"shipping-taxable","15":"purchasable","16":"product-type-simple"},"_links":{"self":[{"href":"https:\/\/soydeaqui.ddns.net\/pachuca\/index.php\/wp-json\/wp\/v2\/product\/37990","targetHints":{"allow":["GET"]}}],"collection":[{"href":"https:\/\/soydeaqui.ddns.net\/pachuca\/index.php\/wp-json\/wp\/v2\/product"}],"about":[{"href":"https:\/\/soydeaqui.ddns.net\/pachuca\/index.php\/wp-json\/wp\/v2\/types\/product"}],"replies":[{"embeddable":true,"href":"https:\/\/soydeaqui.ddns.net\/pachuca\/index.php\/wp-json\/wp\/v2\/comments?post=37990"}],"wp:featuredmedia":[{"embeddable":true,"href":"https:\/\/soydeaqui.ddns.net\/pachuca\/index.php\/wp-json\/wp\/v2\/media\/37989"}],"wp:attachment":[{"href":"https:\/\/soydeaqui.ddns.net\/pachuca\/index.php\/wp-json\/wp\/v2\/media?parent=37990"}],"wp:term":[{"taxonomy":"product_brand","embeddable":true,"href":"https:\/\/soydeaqui.ddns.net\/pachuca\/index.php\/wp-json\/wp\/v2\/product_brand?post=37990"},{"taxonomy":"product_cat","embeddable":true,"href":"https:\/\/soydeaqui.ddns.net\/pachuca\/index.php\/wp-json\/wp\/v2\/product_cat?post=37990"},{"taxonomy":"product_tag","embeddable":true,"href":"https:\/\/soydeaqui.ddns.net\/pachuca\/index.php\/wp-json\/wp\/v2\/product_tag?post=37990"}],"curies":[{"name":"wp","href":"https:\/\/api.w.org\/{rel}","templated":true}]}}