{"id":3798,"date":"2026-03-18T06:12:00","date_gmt":"2026-03-18T06:12:00","guid":{"rendered":"https:\/\/soydeaqui.ddns.net\/pachuca\/index.php\/producto\/boton-de-llamada-iluminado-con-lector-rfid-125-khz-bus-rs485-compatible-con-nx0019-b-nx0015-y-nx1021\/"},"modified":"2026-03-18T06:12:01","modified_gmt":"2026-03-18T06:12:01","slug":"boton-de-llamada-iluminado-con-lector-rfid-125-khz-bus-rs485-compatible-con-nx0019-b-nx0015-y-nx1021","status":"publish","type":"product","link":"https:\/\/soydeaqui.ddns.net\/pachuca\/index.php\/producto\/boton-de-llamada-iluminado-con-lector-rfid-125-khz-bus-rs485-compatible-con-nx0019-b-nx0015-y-nx1021\/","title":{"rendered":"Bot\u00f3n de Llamada Iluminado con Lector RFID 125 KHz, BUS RS485, Compatible con NX0019\/B, NX0015 Y NX1021"},"content":{"rendered":"<div style='width: 100%; max-width: 1200px; margin: 0 auto; font-family: sans-serif; line-height: 1.6; color: inherit; background-color: transparent;'> <!-- Secci\u00f3n de descripci\u00f3n --> <\/p>\n<div style='margin-bottom: 30px;'>\n<h2 style='font-size: 24px; border-bottom: 2px solid currentColor; padding-bottom: 5px; margin-top: 0; color: inherit; opacity: 0.9;'>Descripci\u00f3n<\/h2>\n<p style='font-size: 15px; color: inherit; margin-top: 15px;'> El m\u00f3dulo NX0397R\/G\/B posee un bot\u00f3n y un lector RFID integrado. El modelo NX0397R proporciona un bot\u00f3n rojo para generar alarmas&comma; el modelo NX0397G proporciona un bot\u00f3n verde para identificar la presencia de personal sanitario y atender alarmas y el modelo NX0397B proporciona un bot\u00f3n azul para generar alarmas m\u00e9dicas y registrar la presencia de personal m\u00e9dico. <\/p>\n<p style='font-size: 15px; color: inherit; margin-top: 15px;'> El sistema notifica los distintos estados mediante la iluminaci\u00f3n de cada bot\u00f3n y con las se\u00f1ales ac\u00fasticas generadas con el zumbador interno. El nivel de iluminaci\u00f3n del bot\u00f3n rojo del NX0397R es regulable&comma; permitiendo una iluminaci\u00f3n tenue en estado de reposo para facilitar la localizaci\u00f3n del bot\u00f3n en la oscuridad. <\/p>\n<\/p><\/div>\n<p> <!-- Secci\u00f3n de caracter\u00edsticas principales --> <\/p>\n<div style='margin-bottom: 30px;'>\n<h3 style='font-size: 22px; border-bottom: 2px solid currentColor; padding-bottom: 5px; margin-top: 0; color: inherit; opacity: 0.8;'>Caracter\u00edsticas Principales<\/h3>\n<ul style='padding-left: 20px; font-size: 15px; color: inherit; margin-top: 15px;'>\n<li style='margin-bottom: 5px;'><strong>Bot\u00f3n con retro-iluminaci\u00f3n<\/strong><\/li>\n<li style='margin-bottom: 5px;'><strong>Se\u00f1alizaci\u00f3n ac\u00fastica<\/strong> para notificaci\u00f3n de estados<\/li>\n<li style='margin-bottom: 5px;'><strong>Lector RFID 125kHz<\/strong><\/li>\n<li style='margin-bottom: 5px;'><strong>Alcance de lectura<\/strong> entre 4 y 6 cm<\/li>\n<li style='margin-bottom: 5px;'><strong>Alimentaci\u00f3n<\/strong> 12Vdc<\/li>\n<li style='margin-bottom: 5px;'><strong>Comunicaci\u00f3n<\/strong> bus RS485<\/li>\n<li style='margin-bottom: 5px;'><strong>Montaje<\/strong> empotrado<\/li>\n<\/ul><\/div>\n<p> <!-- Secci\u00f3n de especificaciones t\u00e9cnicas --> <\/p>\n<div style='margin-bottom: 30px;'>\n<h3 style='font-size: 22px; border-bottom: 2px solid currentColor; padding-bottom: 5px; margin-top: 0; color: inherit; opacity: 0.8;'>Especificaciones T\u00e9cnicas<\/h3>\n<div style='display: flex; flex-wrap: wrap; gap: 20px; margin-top: 15px;'>\n<div style='flex: 1 1 250px; border: 1px solid rgba(150&comma; 150&comma; 150&comma; 0.4); border-radius: 8px; overflow: hidden; display: flex; flex-direction: column;'>\n<div style='padding: 15px; border-bottom: 1px solid rgba(150&comma; 150&comma; 150&comma; 0.2); font-weight: bold; font-size: 18px; color: inherit;'>Lector RFID<\/div>\n<div style='padding: 15px; color: inherit;'>\n<ul style='padding-left: 20px; margin: 0; font-size: 14px; list-style-type: disc;'>\n<li style='margin-bottom: 5px;'><strong>Frecuencia:<\/strong> 125kHz (solo lectura compatible EM4102)<\/li>\n<li style='margin-bottom: 5px;'><strong>Alcance:<\/strong> T\u00edpico entre 4 y 6 cm con tag tipo tarjeta tama\u00f1o ISO<\/li>\n<li style='margin-bottom: 5px;'><strong>Notas:<\/strong> El alcance puede variar por factores externos (interferencias&comma; elementos met\u00e1licos&comma; etc.). Se debe evitar la instalaci\u00f3n cercana de otros lectores.<\/li>\n<\/ul><\/div>\n<\/p><\/div>\n<div style='flex: 1 1 250px; border: 1px solid rgba(150&comma; 150&comma; 150&comma; 0.4); border-radius: 8px; overflow: hidden; display: flex; flex-direction: column;'>\n<div style='padding: 15px; border-bottom: 1px solid rgba(150&comma; 150&comma; 150&comma; 0.2); font-weight: bold; font-size: 18px; color: inherit;'>Botones<\/div>\n<div style='padding: 15px; color: inherit;'>\n<ul style='padding-left: 20px; margin: 0; font-size: 14px; list-style-type: disc;'>\n<li style='margin-bottom: 5px;'><strong>NX0397\/R:<\/strong> 1 bot\u00f3n (rojo) con retro-iluminaci\u00f3n regulable<\/li>\n<li style='margin-bottom: 5px;'><strong>NX0397\/G:<\/strong> 1 bot\u00f3n (verde) con retro-iluminaci\u00f3n regulable<\/li>\n<li style='margin-bottom: 5px;'><strong>NX0397\/B:<\/strong> 1 bot\u00f3n (azul) con retro-iluminaci\u00f3n regulable<\/li>\n<\/ul><\/div>\n<\/p><\/div>\n<div style='flex: 1 1 250px; border: 1px solid rgba(150&comma; 150&comma; 150&comma; 0.4); border-radius: 8px; overflow: hidden; display: flex; flex-direction: column;'>\n<div style='padding: 15px; border-bottom: 1px solid rgba(150&comma; 150&comma; 150&comma; 0.2); font-weight: bold; font-size: 18px; color: inherit;'>Notificaci\u00f3n Ac\u00fastica<\/div>\n<div style='padding: 15px; color: inherit;'>\n<ul style='padding-left: 20px; margin: 0; font-size: 14px; list-style-type: disc;'>\n<li style='margin-bottom: 5px;'><strong>Frecuencia:<\/strong> Variable<\/li>\n<\/ul><\/div>\n<\/p><\/div>\n<div style='flex: 1 1 250px; border: 1px solid rgba(150&comma; 150&comma; 150&comma; 0.4); border-radius: 8px; overflow: hidden; display: flex; flex-direction: column;'>\n<div style='padding: 15px; border-bottom: 1px solid rgba(150&comma; 150&comma; 150&comma; 0.2); font-weight: bold; font-size: 18px; color: inherit;'>Conectores<\/div>\n<div style='padding: 15px; color: inherit;'>\n<ul style='padding-left: 20px; margin: 0; font-size: 14px; list-style-type: disc;'>\n<li style='margin-bottom: 5px;'><strong>Tipo:<\/strong> 4 bornas para cable hasta 12AWG\/2.5mm\u00b2<\/li>\n<\/ul><\/div>\n<\/p><\/div>\n<div style='flex: 1 1 250px; border: 1px solid rgba(150&comma; 150&comma; 150&comma; 0.4); border-radius: 8px; overflow: hidden; display: flex; flex-direction: column;'>\n<div style='padding: 15px; border-bottom: 1px solid rgba(150&comma; 150&comma; 150&comma; 0.2); font-weight: bold; font-size: 18px; color: inherit;'>Alimentaci\u00f3n<\/div>\n<div style='padding: 15px; color: inherit;'>\n<ul style='padding-left: 20px; margin: 0; font-size: 14px; list-style-type: disc;'>\n<li style='margin-bottom: 5px;'><strong>Voltaje:<\/strong> 12Vdc nominal (rango 9-15Vdc)<\/li>\n<li style='margin-bottom: 5px;'><strong>Consumo:<\/strong> 22mA en reposo (m\u00e1ximo 50mA)<\/li>\n<\/ul><\/div>\n<\/p><\/div>\n<div style='flex: 1 1 250px; border: 1px solid rgba(150&comma; 150&comma; 150&comma; 0.4); border-radius: 8px; overflow: hidden; display: flex; flex-direction: column;'>\n<div style='padding: 15px; border-bottom: 1px solid rgba(150&comma; 150&comma; 150&comma; 0.2); font-weight: bold; font-size: 18px; color: inherit;'>Dimensiones<\/div>\n<div style='padding: 15px; color: inherit;'>\n<ul style='padding-left: 20px; margin: 0; font-size: 14px; list-style-type: disc;'>\n<li style='margin-bottom: 5px;'><strong>Dimensiones:<\/strong> 44 x 44 x 46 mm (sin bastidor ni marco)<\/li>\n<\/ul><\/div>\n<\/p><\/div>\n<\/p><\/div>\n<\/p><\/div>\n<p> <!-- Secci\u00f3n de funcionamiento --> <\/p>\n<div style='margin-bottom: 30px;'>\n<h3 style='font-size: 22px; border-bottom: 2px solid currentColor; padding-bottom: 5px; margin-top: 0; color: inherit; opacity: 0.8;'>Funcionamiento<\/h3>\n<p style='font-size: 15px; color: inherit; margin-top: 15px;'> El m\u00f3dulo NX0397\/R\/G\/B se controla a trav\u00e9s del bus RS485&comma; recibiendo y enviando los comandos necesarios para su funcionamiento. Cada unidad tiene grabado un n\u00famero de serie \u00fanico&comma; que le permite identificarse dentro del sistema. <\/p>\n<p style='font-size: 15px; color: inherit; margin-top: 15px;'> El lector RFID permanece siempre activo&comma; notificando a trav\u00e9s del bus el c\u00f3digo de las tarjetas RFID le\u00eddas. La lectura de una tarjeta dura como m\u00e1ximo 180ms. Si la misma tarjeta permanece dentro del rango del lector&comma; \u00e9ste repite la notificaci\u00f3n de lectura cada 3 segundos. <\/p>\n<p style='font-size: 15px; color: inherit; margin-top: 15px;'> El estado de pulsaci\u00f3n de los botones se notifica a trav\u00e9s del bus RS485. La iluminaci\u00f3n de los botones y la notificaci\u00f3n ac\u00fastica se controlan mediante mensajes recibidos a trav\u00e9s del bus RS485 en funci\u00f3n de la aplicaci\u00f3n. <\/p>\n<p style='font-size: 15px; color: inherit; margin-top: 15px;'> El m\u00f3dulo tambi\u00e9n utiliza la iluminaci\u00f3n de los botones para indicar algunos estados especiales: <\/p>\n<ul style='padding-left: 20px; font-size: 15px; color: inherit; margin-top: 15px;'>\n<li style='margin-bottom: 5px;'><strong>Parpadeo muy r\u00e1pido durante 2s:<\/strong> Reset<\/li>\n<li style='margin-bottom: 5px;'><strong>Parpadeo lento cada 2s:<\/strong> Inicializado pero no comunica con controlador<\/li>\n<li style='margin-bottom: 5px;'><strong>Iluminaci\u00f3n apagada:<\/strong> Reposo<\/li>\n<li style='margin-bottom: 5px;'><strong>Parpadeo r\u00e1pido cada 200ms:<\/strong> Se ha perdido la comunicaci\u00f3n con el controlador<\/li>\n<li style='margin-bottom: 5px;'><strong>2 destellos verdes muy r\u00e1pidos:<\/strong> Lectura RFID<\/li>\n<li style='margin-bottom: 5px;'><strong>Rojo encendido fijo:<\/strong> Actualizaci\u00f3n de firmware<\/li>\n<\/ul><\/div>\n<p> <!-- Secci\u00f3n de instalaci\u00f3n --> <\/p>\n<div style='margin-bottom: 30px;'>\n<h3 style='font-size: 22px; border-bottom: 2px solid currentColor; padding-bottom: 5px; margin-top: 0; color: inherit; opacity: 0.8;'>Instalaci\u00f3n y Cableado<\/h3>\n<p style='font-size: 15px; color: inherit; margin-top: 15px;'> El modelo NX0397\/R\/G\/B se monta en caja de empotrar. Incluye bastidor met\u00e1lico. Compatible con marco NX9003 y&comma; mediante adaptadores&comma; con varias series de material el\u00e9ctrico de distintos fabricantes. <\/p>\n<p style='font-size: 15px; color: inherit; margin-top: 15px;'> El alcance de lectura RFID puede variar con factores externos (interferencias&comma; elementos met\u00e1licos cercanos&#8230;). Se recomienda instalar&comma; dentro de lo posible&comma; alejado de otros lectores RFID. La zona de lectura RFID se encuentra en la zona superior derecha del frontal del m\u00f3dulo. <\/p>\n<p style='font-size: 15px; color: inherit; margin-top: 15px;'> La conexi\u00f3n a alimentaci\u00f3n y al bus RS485 se realiza mediante 4 bornas en la parte trasera: <\/p>\n<ul style='padding-left: 20px; font-size: 15px; color: inherit; margin-top: 15px;'>\n<li style='margin-bottom: 5px;'><strong>12V:<\/strong> Blanco-naranja &#8211; Positivo de la alimentaci\u00f3n<\/li>\n<li style='margin-bottom: 5px;'><strong>A:<\/strong> Marr\u00f3n &#8211; Comunicaci\u00f3n de datos<\/li>\n<li style='margin-bottom: 5px;'><strong>B:<\/strong> Blanco-marr\u00f3n &#8211; Comunicaci\u00f3n de datos<\/li>\n<li style='margin-bottom: 5px;'><strong>GND:<\/strong> Naranja &#8211; Negativo de la alimentaci\u00f3n y referencia de comunicaci\u00f3n de datos<\/li>\n<\/ul>\n<p style='font-size: 15px; color: inherit; margin-top: 15px;'> El m\u00f3dulo se alimenta a trav\u00e9s de las se\u00f1ales 12V y GND. Si se utiliza la alimentaci\u00f3n del bus se deben utilizar los cables blanco-naranja y naranja&comma; respectivamente. Se pueden utilizar estas mismas bornas para conectar la fuente de alimentaci\u00f3n del bus. La comunicaci\u00f3n RS485 utiliza las se\u00f1ales A&comma; B y GND. <\/p>\n<p style='font-size: 15px; color: inherit; margin-top: 15px;'> Para m\u00e1s informaci\u00f3n&comma; consulte la nota de aplicaci\u00f3n sobre bus RS485. Todas las conexiones deben realizarse con el sistema desconectado de la alimentaci\u00f3n el\u00e9ctrica. <\/p>\n<\/p><\/div>\n<p> <!-- Separador final --> <\/p>\n<hr style='border: 0; border-top: 1px solid rgba(150&comma; 150&comma; 150&comma; 0.3); margin: 30px 0;'> <\/div>\n","protected":false},"excerpt":{"rendered":"<p>Bot\u00f3n de Llamada Iluminado con Lector RFID 125 KHz, BUS RS485, Compatible con NX0019\/B, NX0015 Y NX1021<\/p>\n","protected":false},"featured_media":3797,"comment_status":"open","ping_status":"closed","template":"","meta":[],"product_brand":[],"product_cat":[471],"product_tag":[250,153,126],"class_list":{"0":"post-3798","1":"product","2":"type-product","3":"status-publish","4":"has-post-thumbnail","6":"product_cat-accesorios-para-puertas-de-emergencia-sistemas-de-emergencia-automatizacion-e-intrusion","7":"product_tag-accesorios-para-puertas-de-emergencia","8":"product_tag-ibernex","9":"product_tag-sistemas-de-emergencia","11":"first","12":"instock","13":"sale","14":"shipping-taxable","15":"purchasable","16":"product-type-simple"},"_links":{"self":[{"href":"https:\/\/soydeaqui.ddns.net\/pachuca\/index.php\/wp-json\/wp\/v2\/product\/3798","targetHints":{"allow":["GET"]}}],"collection":[{"href":"https:\/\/soydeaqui.ddns.net\/pachuca\/index.php\/wp-json\/wp\/v2\/product"}],"about":[{"href":"https:\/\/soydeaqui.ddns.net\/pachuca\/index.php\/wp-json\/wp\/v2\/types\/product"}],"replies":[{"embeddable":true,"href":"https:\/\/soydeaqui.ddns.net\/pachuca\/index.php\/wp-json\/wp\/v2\/comments?post=3798"}],"wp:featuredmedia":[{"embeddable":true,"href":"https:\/\/soydeaqui.ddns.net\/pachuca\/index.php\/wp-json\/wp\/v2\/media\/3797"}],"wp:attachment":[{"href":"https:\/\/soydeaqui.ddns.net\/pachuca\/index.php\/wp-json\/wp\/v2\/media?parent=3798"}],"wp:term":[{"taxonomy":"product_brand","embeddable":true,"href":"https:\/\/soydeaqui.ddns.net\/pachuca\/index.php\/wp-json\/wp\/v2\/product_brand?post=3798"},{"taxonomy":"product_cat","embeddable":true,"href":"https:\/\/soydeaqui.ddns.net\/pachuca\/index.php\/wp-json\/wp\/v2\/product_cat?post=3798"},{"taxonomy":"product_tag","embeddable":true,"href":"https:\/\/soydeaqui.ddns.net\/pachuca\/index.php\/wp-json\/wp\/v2\/product_tag?post=3798"}],"curies":[{"name":"wp","href":"https:\/\/api.w.org\/{rel}","templated":true}]}}