{"id":37883,"date":"2026-03-18T16:42:24","date_gmt":"2026-03-18T16:42:24","guid":{"rendered":"https:\/\/soydeaqui.ddns.net\/pachuca\/index.php\/producto\/bocina-portatil-bluetooth-con-iman-y-gancho-para-colgarse-permite-altavoz-manos-libres-con-microfono-incorporado\/"},"modified":"2026-03-18T16:42:43","modified_gmt":"2026-03-18T16:42:43","slug":"bocina-portatil-bluetooth-con-iman-y-gancho-para-colgarse-permite-altavoz-manos-libres-con-microfono-incorporado","status":"publish","type":"product","link":"https:\/\/soydeaqui.ddns.net\/pachuca\/index.php\/producto\/bocina-portatil-bluetooth-con-iman-y-gancho-para-colgarse-permite-altavoz-manos-libres-con-microfono-incorporado\/","title":{"rendered":"Bocina Port\u00e1til BLUETOOTH\u00ae con Im\u00e1n y Gancho para Colgarse. Permite Altavoz Manos Libres con Micr\u00f3fono Incorporado."},"content":{"rendered":"<div style='width: 100%; max-width: 1200px; margin: 0 auto; font-family: sans-serif; line-height: 1.6; color: inherit; background-color: transparent;'>\n<h1 style='font-size: 28px; margin: 0 0 20px; font-weight: bold; color: inherit;'>Bocina Bluetooth\u00ae para el lugar de trabajo&comma; con im\u00e1n y gancho para colgarse<\/h1>\n<p> <!-- Secci\u00f3n de caracter\u00edsticas --> <\/p>\n<div style='display: flex; flex-wrap: wrap; gap: 30px; margin-bottom: 30px;'>\n<div style='flex: 1 1 300px; min-width: 280px;'>\n<h3 style='font-size: 22px; border-bottom: 2px solid currentColor; padding-bottom: 5px; margin-top: 0; color: inherit; opacity: 0.8;'>Caracter\u00edsticas<\/h3>\n<ul style='padding-left: 20px; font-size: 15px; color: inherit; list-style-type: disc;'>\n<li style='margin-bottom: 5px;'>Altavoz Bluetooth\u00ae port\u00e1til y resistente que ofrece un sonido potente y n\u00edtido<\/li>\n<li style='margin-bottom: 5px;'>Tiempo de operaci\u00f3n de 20 h<\/li>\n<li style='margin-bottom: 5px;'>Cargue tel\u00e9fonos inteligentes&comma; tabletas y otros dispositivos peque\u00f1os mediante puertos USB-A y USB-C<\/li>\n<li style='margin-bottom: 5px;'>Altavoz Bluetooth\u00ae recargable que se carga en 3 horas o menos utilizando el cable USB-A a USB-C incluido de 39&#8221; (99 cm) de largo<\/li>\n<li style='margin-bottom: 5px;'>Se conecta de forma inal\u00e1mbrica mediante Bluetooth 4.2 hasta 100&#8242; (30 m)<\/li>\n<li style='margin-bottom: 5px;'>Funci\u00f3n de conexi\u00f3n en cadena que permite el emparejamiento de dos AEPJS3 juntos a una distancia de 30&#8242; (9 m) entre s\u00ed<\/li>\n<li style='margin-bottom: 5px;'>Micr\u00f3fono incorporado que permite realizar llamadas en modo manos libres mediante control por voz<\/li>\n<li style='margin-bottom: 5px;'>Opciones vers\u00e1tiles de montaje con imanes y gancho integrados<\/li>\n<li style='margin-bottom: 5px;'>Protecci\u00f3n ante ca\u00eddas: hasta 6&comma;6&#8242; (2 m).<\/li>\n<li style='margin-bottom: 5px;'>Clasificaci\u00f3n IP54: resistente al agua y al polvo<\/li>\n<li style='margin-bottom: 5px;'>Conecte dispositivos sin Bluetooth\u00ae a trav\u00e9s de la entrada AUX de 1\/8&#8221; (0&comma;4 cm) utilizando el cable auxiliar incluido de 23&#8221; (58 cm) de largo<\/li>\n<\/ul><\/div>\n<\/p><\/div>\n<p> <!-- Imagen del producto --> <\/p>\n<div style='display: flex; flex-wrap: wrap; gap: 30px; margin-bottom: 30px;'>\n<div style='flex: 1 1 300px; min-width: 280px;'> <img style='width: 100%; height: auto; border: 1px solid rgba(150&comma;150&comma;150&comma;0.3); border-radius: 8px;' src='https:\/\/ftp3.syscom.mx\/usuarios\/fotos\/AEPJS3\/213779-captura_de_pantalla_2022-11-25_a_la(s)_15.28.42.png' alt=''> <\/div>\n<\/p><\/div>\n<\/p><\/div>\n","protected":false},"excerpt":{"rendered":"<p>Bocina Port\u00e1til BLUETOOTH\u00ae con Im\u00e1n y Gancho para Colgarse. Permite Altavoz Manos Libres con Micr\u00f3fono Incorporado.<\/p>\n","protected":false},"featured_media":37882,"comment_status":"open","ping_status":"closed","template":"","meta":[],"product_brand":[],"product_cat":[1133],"product_tag":[1058,432,1134],"class_list":{"0":"post-37883","1":"product","2":"type-product","3":"status-publish","4":"has-post-thumbnail","6":"product_cat-seguridad-personal","7":"product_tag-ferreteria","8":"product_tag-klein-tools","9":"product_tag-seguridad-personal","11":"first","12":"instock","13":"sale","14":"shipping-taxable","15":"purchasable","16":"product-type-simple"},"_links":{"self":[{"href":"https:\/\/soydeaqui.ddns.net\/pachuca\/index.php\/wp-json\/wp\/v2\/product\/37883","targetHints":{"allow":["GET"]}}],"collection":[{"href":"https:\/\/soydeaqui.ddns.net\/pachuca\/index.php\/wp-json\/wp\/v2\/product"}],"about":[{"href":"https:\/\/soydeaqui.ddns.net\/pachuca\/index.php\/wp-json\/wp\/v2\/types\/product"}],"replies":[{"embeddable":true,"href":"https:\/\/soydeaqui.ddns.net\/pachuca\/index.php\/wp-json\/wp\/v2\/comments?post=37883"}],"wp:featuredmedia":[{"embeddable":true,"href":"https:\/\/soydeaqui.ddns.net\/pachuca\/index.php\/wp-json\/wp\/v2\/media\/37882"}],"wp:attachment":[{"href":"https:\/\/soydeaqui.ddns.net\/pachuca\/index.php\/wp-json\/wp\/v2\/media?parent=37883"}],"wp:term":[{"taxonomy":"product_brand","embeddable":true,"href":"https:\/\/soydeaqui.ddns.net\/pachuca\/index.php\/wp-json\/wp\/v2\/product_brand?post=37883"},{"taxonomy":"product_cat","embeddable":true,"href":"https:\/\/soydeaqui.ddns.net\/pachuca\/index.php\/wp-json\/wp\/v2\/product_cat?post=37883"},{"taxonomy":"product_tag","embeddable":true,"href":"https:\/\/soydeaqui.ddns.net\/pachuca\/index.php\/wp-json\/wp\/v2\/product_tag?post=37883"}],"curies":[{"name":"wp","href":"https:\/\/api.w.org\/{rel}","templated":true}]}}