{"id":37820,"date":"2026-03-18T16:40:50","date_gmt":"2026-03-18T16:40:50","guid":{"rendered":"https:\/\/soydeaqui.ddns.net\/pachuca\/index.php\/producto\/navaja-victorinox-multiherramienta-swisstool-con-18-funciones-azul\/"},"modified":"2026-03-18T16:40:51","modified_gmt":"2026-03-18T16:40:51","slug":"navaja-victorinox-multiherramienta-swisstool-con-18-funciones-azul","status":"publish","type":"product","link":"https:\/\/soydeaqui.ddns.net\/pachuca\/index.php\/producto\/navaja-victorinox-multiherramienta-swisstool-con-18-funciones-azul\/","title":{"rendered":"Navaja Victorinox Multiherramienta SwissTool con 18 Funciones. Az\u00fal"},"content":{"rendered":"<div style='width: 100%; max-width: 1200px; margin: 0 auto; font-family: sans-serif; line-height: 1.6; color: inherit; background-color: transparent;'> <!-- Imagen principal --> <\/p>\n<div style='text-align: center; margin: 20px 0;'> <img style='width: 100%; max-width: 300px; height: auto; border: 1px solid rgba(150&comma;150&comma;150&comma;0.3); border-radius: 8px;' src='https:\/\/ftp3.syscom.mx\/usuarios\/fotos\/30163801\/170463-victorinox.png' alt='Navaja Victorinox Multiherramienta'> <\/div>\n<p> <!-- T\u00edtulo principal --> <\/p>\n<h2 style='font-size: 22px; margin: 20px 0; text-align: center; color: inherit; opacity: 0.8;'><strong>Navaja Victorinox Multiherramienta Resistente con 18 Funciones<\/strong><\/h2>\n<p> <!-- Secci\u00f3n de herramientas --> <\/p>\n<div style='margin: 30px 0;'>\n<h3 style='font-size: 20px; border-bottom: 2px solid currentColor; padding-bottom: 5px; margin-top: 0; color: inherit; opacity: 0.8;'><strong>Herramientas<\/strong><\/h3>\n<div style='display: flex; flex-wrap: wrap; gap: 20px; margin-top: 15px;'>\n<div style='flex: 1 1 250px; min-width: 200px;'>\n<ul style='padding-left: 20px; margin: 0; font-size: 14px; color: inherit; column-count: 2; column-gap: 40px;'>\n<li style='margin-bottom: 5px;'>Hoja grande con filo dentado<\/li>\n<li style='margin-bottom: 5px;'>Destapador bloqueable<\/li>\n<li style='margin-bottom: 5px;'>Pela cables<\/li>\n<li style='margin-bottom: 5px;'>Destornillador 7 mm<\/li>\n<li style='margin-bottom: 5px;'>Abridor de grillete<\/li>\n<li style='margin-bottom: 5px;'>Punta para deshacer nudos<\/li>\n<li style='margin-bottom: 5px;'>Abrelatas<\/li>\n<li style='margin-bottom: 5px;'>Destornillador 3 mm<\/li>\n<li style='margin-bottom: 5px;'>Punz\u00f3n escariador<\/li>\n<li style='margin-bottom: 5px;'>Sacacorchos<\/li>\n<li style='margin-bottom: 5px;'>Destornillador Phillips 1\/2<\/li>\n<li style='margin-bottom: 5px;'>Cord\u00f3n<\/li>\n<li style='margin-bottom: 5px;'>Alicate multiuso de punta fina<\/li>\n<li style='margin-bottom: 5px;'>Corta alambres<\/li>\n<li style='margin-bottom: 5px;'>Prensa terminales<\/li>\n<li style='margin-bottom: 5px;'>Pinzas<\/li>\n<li style='margin-bottom: 5px;'>Palillo de dientes<\/li>\n<li style='margin-bottom: 5px;'>Anilla<\/li>\n<\/ul><\/div>\n<\/p><\/div>\n<\/p><\/div>\n<p> <!-- Secci\u00f3n de especificaciones --> <\/p>\n<div style='display: flex; flex-wrap: wrap; gap: 30px; margin: 30px 0;'>\n<div style='flex: 1 1 300px; min-width: 280px;'>\n<h3 style='font-size: 20px; border-bottom: 2px solid currentColor; padding-bottom: 5px; margin-top: 0; color: inherit; opacity: 0.8;'>Dimensiones<\/h3>\n<ul style='padding-left: 20px; font-size: 14px; color: inherit; margin: 15px 0 0 0;'>\n<li style='margin-bottom: 8px;'><strong>Altura:<\/strong> 23 mm<\/li>\n<li style='margin-bottom: 8px;'><strong>Longitud:<\/strong> 111 mm<\/li>\n<li style='margin-bottom: 8px;'><strong>Ancho:<\/strong> 31 mm<\/li>\n<li style='margin-bottom: 8px;'><strong>Peso:<\/strong> 183 g<\/li>\n<\/ul><\/div>\n<div style='flex: 1 1 300px; min-width: 280px;'>\n<h3 style='font-size: 20px; border-bottom: 2px solid currentColor; padding-bottom: 5px; margin-top: 0; color: inherit; opacity: 0.8;'>Detalles<\/h3>\n<ul style='padding-left: 20px; font-size: 14px; color: inherit; margin: 15px 0 0 0;'>\n<li style='margin-bottom: 8px;'><strong>Material:<\/strong> Poliamida<\/li>\n<li style='margin-bottom: 8px;'><strong>Bloqueable:<\/strong> S\u00ed<\/li>\n<li style='margin-bottom: 8px;'><strong>Hoja para una mano:<\/strong> No<\/li>\n<li style='margin-bottom: 8px;'><strong>N\u00famero de caracter\u00edsticas:<\/strong> 18<\/li>\n<li style='margin-bottom: 8px;'><strong>Color:<\/strong> Azul<\/li>\n<\/ul><\/div>\n<\/p><\/div>\n<p> <!-- Imagen secundaria --> <\/p>\n<div style='text-align: center; margin: 30px 0;'> <img style='width: 100%; max-width: 1000px; height: auto; border: 1px solid rgba(150&comma;150&comma;150&comma;0.3); border-radius: 8px;' src='https:\/\/ftp3.syscom.mx\/usuarios\/fotos\/30338N\/220032-220032-vict.jpg' alt='Navaja Victorinox Multiherramienta'> <\/div>\n<p> <!-- Secci\u00f3n de garant\u00eda --> <\/p>\n<div style='margin: 30px 0;'>\n<h3 style='font-size: 20px; border-bottom: 2px solid currentColor; padding-bottom: 5px; margin-top: 0; color: inherit; opacity: 0.8;'>Pol\u00edtica de Garant\u00eda<\/h3>\n<p style='font-size: 14px; margin-top: 15px; margin-bottom: 10px; color: inherit;'>SYSCOM se apega a las pol\u00edticas de garant\u00eda de cada proveedor de la marca y\/o f\u00e1brica.<\/p>\n<p style='font-size: 14px; margin: 10px 0; color: inherit;'>La cobertura de garant\u00eda por defecto de f\u00e1brica y\/o mal funcionamiento es de 90 d\u00edas con Syscom. Posterior a este periodo&comma; la garant\u00eda es directa con el fabricante. En quebraduras&comma; da\u00f1os f\u00edsicos de equipo y\/o empaque da\u00f1ado&comma; reportarlo dentro de las 24 horas posteriores a la fecha de recepci\u00f3n para el reclamo a paqueter\u00eda.<\/p>\n<\/p><\/div>\n<\/p><\/div>\n","protected":false},"excerpt":{"rendered":"<p>Navaja Victorinox Multiherramienta SwissTool con 18 Funciones. Az\u00fal<\/p>\n","protected":false},"featured_media":37819,"comment_status":"open","ping_status":"closed","template":"","meta":[],"product_brand":[],"product_cat":[130],"product_tag":[25,131,1135],"class_list":{"0":"post-37820","1":"product","2":"type-product","3":"status-publish","4":"has-post-thumbnail","6":"product_cat-herramientas-electricas","7":"product_tag-herramientas","8":"product_tag-herramientas-electricas","9":"product_tag-victorinox","11":"first","12":"instock","13":"sale","14":"shipping-taxable","15":"purchasable","16":"product-type-simple"},"_links":{"self":[{"href":"https:\/\/soydeaqui.ddns.net\/pachuca\/index.php\/wp-json\/wp\/v2\/product\/37820","targetHints":{"allow":["GET"]}}],"collection":[{"href":"https:\/\/soydeaqui.ddns.net\/pachuca\/index.php\/wp-json\/wp\/v2\/product"}],"about":[{"href":"https:\/\/soydeaqui.ddns.net\/pachuca\/index.php\/wp-json\/wp\/v2\/types\/product"}],"replies":[{"embeddable":true,"href":"https:\/\/soydeaqui.ddns.net\/pachuca\/index.php\/wp-json\/wp\/v2\/comments?post=37820"}],"wp:featuredmedia":[{"embeddable":true,"href":"https:\/\/soydeaqui.ddns.net\/pachuca\/index.php\/wp-json\/wp\/v2\/media\/37819"}],"wp:attachment":[{"href":"https:\/\/soydeaqui.ddns.net\/pachuca\/index.php\/wp-json\/wp\/v2\/media?parent=37820"}],"wp:term":[{"taxonomy":"product_brand","embeddable":true,"href":"https:\/\/soydeaqui.ddns.net\/pachuca\/index.php\/wp-json\/wp\/v2\/product_brand?post=37820"},{"taxonomy":"product_cat","embeddable":true,"href":"https:\/\/soydeaqui.ddns.net\/pachuca\/index.php\/wp-json\/wp\/v2\/product_cat?post=37820"},{"taxonomy":"product_tag","embeddable":true,"href":"https:\/\/soydeaqui.ddns.net\/pachuca\/index.php\/wp-json\/wp\/v2\/product_tag?post=37820"}],"curies":[{"name":"wp","href":"https:\/\/api.w.org\/{rel}","templated":true}]}}