{"id":37719,"date":"2026-03-18T16:38:17","date_gmt":"2026-03-18T16:38:17","guid":{"rendered":"https:\/\/soydeaqui.ddns.net\/pachuca\/index.php\/producto\/panel-solar-plegable-100w-recomendado-para-el-power-station-portable-de-600w-ugreen-alta-eficiencia-de-conversion-alineacion-inteligente-de-la-luz-solar-resistente-al-agua-y-duradero-incluy\/"},"modified":"2026-03-18T16:38:17","modified_gmt":"2026-03-18T16:38:17","slug":"panel-solar-plegable-100w-recomendado-para-el-power-station-portable-de-600w-ugreen-alta-eficiencia-de-conversion-alineacion-inteligente-de-la-luz-solar-resistente-al-agua-y-duradero-incluy","status":"publish","type":"product","link":"https:\/\/soydeaqui.ddns.net\/pachuca\/index.php\/producto\/panel-solar-plegable-100w-recomendado-para-el-power-station-portable-de-600w-ugreen-alta-eficiencia-de-conversion-alineacion-inteligente-de-la-luz-solar-resistente-al-agua-y-duradero-incluy\/","title":{"rendered":"Panel Solar Plegable 100W \/ Recomendado para el Power Station Portable de 600W UGREEN \/  Alta Eficiencia de Conversi\u00f3n \/ Alineaci\u00f3n Inteligente de la Luz Solar \/ Resistente Al Agua Y Duradero \/ Incluye Cable XT60 Macho a Macho 2m."},"content":{"rendered":"<div style='width: 100%; max-width: 1200px; margin: 0 auto; font-family: sans-serif; line-height: 1.6; color: inherit; background-color: transparent;'>\n<div style='display: flex; flex-wrap: wrap; gap: 30px; margin-bottom: 30px;'>\n<div style='flex: 1 1 300px; min-width: 280px;'>\n<h3 style='font-size: 22px; border-bottom: 2px solid currentColor; padding-bottom: 5px; margin-top: 0; color: inherit; opacity: 0.8;'>Caracter\u00edsticas Principales<\/h3>\n<ul style='padding-left: 20px; font-size: 15px; color: inherit;'>\n<li style='margin-bottom: 5px;'>Alta eficiencia de conversi\u00f3n: Puede convertir hasta el 23% de la energ\u00eda solar en electricidad<\/li>\n<li style='margin-bottom: 5px;'>Alineaci\u00f3n inteligente de la luz solar: Equipado con heliostato para ajustar el \u00e1ngulo del panel solar<\/li>\n<li style='margin-bottom: 5px;'>Dise\u00f1o port\u00e1til y plegable: Asa para transporte y soporte ajustable integrado<\/li>\n<li style='margin-bottom: 5px;'>Resistente al agua y duradero: Tecnolog\u00eda laminada avanzada y material ETFE<\/li>\n<li style='margin-bottom: 5px;'>IP67 resistente al agua: Protecci\u00f3n contra salpicaduras de agua<\/li>\n<li style='margin-bottom: 5px;'>Energ\u00eda port\u00e1til: Compatibilidad con PowerRoam 600\/1200 y otros dispositivos<\/li>\n<\/ul><\/div>\n<\/p><\/div>\n<div style='display: flex; flex-wrap: wrap; gap: 30px; margin-bottom: 30px;'>\n<div style='flex: 1 1 300px; min-width: 280px;'>\n<h3 style='font-size: 22px; border-bottom: 2px solid currentColor; padding-bottom: 5px; margin-top: 0; color: inherit; opacity: 0.8;'>Aplicaciones<\/h3>\n<ul style='padding-left: 20px; font-size: 15px; color: inherit;'>\n<li style='margin-bottom: 5px;'>Carga de PowerRoam 600\/1200<\/li>\n<li style='margin-bottom: 5px;'>Alimentaci\u00f3n de dispositivos electr\u00f3nicos en exteriores<\/li>\n<li style='margin-bottom: 5px;'>Ahorro en la factura de electricidad<\/li>\n<li style='margin-bottom: 5px;'>Protecci\u00f3n al medio ambiente<\/li>\n<\/ul><\/div>\n<\/p><\/div>\n<div style='display: flex; flex-wrap: wrap; gap: 20px; margin-bottom: 30px;'>\n<div style='flex: 1 1 250px; border: 1px solid rgba(150&comma; 150&comma; 150&comma; 0.4); border-radius: 8px; overflow: hidden; display: flex; flex-direction: column;'>\n<div style='padding: 15px; border-bottom: 1px solid rgba(150&comma; 150&comma; 150&comma; 0.2); font-weight: bold; font-size: 18px; color: inherit;'>Especificaciones<\/div>\n<div style='padding: 15px; color: inherit;'>\n<ul style='padding-left: 20px; margin: 0; font-size: 14px; list-style-type: disc;'>\n<li style='margin-bottom: 5px;'>Tipo de conector: XT60<\/li>\n<li style='margin-bottom: 5px;'>Nivel de impermeabilidad: IP67<\/li>\n<li style='margin-bottom: 5px;'>Dimensiones plegado: 54X39X6 (cm)<\/li>\n<li style='margin-bottom: 5px;'>Dimensiones desplegadas: 138X54x3.1 (cm)<\/li>\n<li style='margin-bottom: 5px;'>Certificaciones: CE&comma; ROHS&comma; FCC<\/li>\n<li style='margin-bottom: 5px;'>Garant\u00eda: 2 a\u00f1os por defectos de fabricaci\u00f3n<\/li>\n<\/ul><\/div>\n<\/p><\/div>\n<\/p><\/div>\n<div style='display: flex; flex-wrap: wrap; gap: 30px; margin-bottom: 30px;'>\n<div style='flex: 1 1 100%; min-width: 280px;'>\n<h3 style='font-size: 22px; border-bottom: 2px solid currentColor; padding-bottom: 5px; margin-top: 0; color: inherit; opacity: 0.8;'>Caracter\u00edsticas Principales<\/h3>\n<div style='display: flex; flex-wrap: wrap; gap: 30px; margin-top: 20px;'>\n<div style='flex: 1 1 100%; min-width: 280px;'> <img style='width: 100%; height: auto; border: 1px solid rgba(150&comma;150&comma;150&comma;0.3); border-radius: 8px;' src='http:\/\/ftp3.syscom.mx\/usuarios\/hallende\/UGREEN2\/Cargadores\/15114\/15114-21.jpg' alt=''><\/div>\n<div style='flex: 1 1 100%; min-width: 280px;'>\n<p style='font-size: 15px; color: inherit;'>Alta eficiencia de conversi\u00f3n: Puede convertir hasta el 23% de la energ\u00eda solar en electricidad&comma; lo que permite que los paneles funcionen de manera \u00f3ptima incluso en d\u00edas nublados. El Ugreen PowerRoam 600 se puede cargar completamente en 4 horas con dos paneles solares de 100w.<\/p>\n<\/p><\/div>\n<\/p><\/div>\n<\/p><\/div>\n<\/p><\/div>\n<div style='display: flex; flex-wrap: wrap; gap: 30px; margin-bottom: 30px;'>\n<div style='flex: 1 1 100%; min-width: 280px;'>\n<div style='display: flex; flex-wrap: wrap; gap: 30px; margin-top: 20px;'>\n<div style='flex: 1 1 100%; min-width: 280px;'> <img style='width: 100%; height: auto; border: 1px solid rgba(150&comma;150&comma;150&comma;0.3); border-radius: 8px;' src='http:\/\/ftp3.syscom.mx\/usuarios\/hallende\/UGREEN2\/Cargadores\/15114\/15114-22.jpg' alt=''><\/div>\n<div style='flex: 1 1 100%; min-width: 280px;'>\n<p style='font-size: 15px; color: inherit;'>Alineaci\u00f3n inteligente de la luz solar: Equipado con el heliostato&comma; puedes ajustar el \u00e1ngulo del panel solar para capturar la luz solar directa \u00f3ptima para una carga m\u00e1s r\u00e1pida.<\/p>\n<\/p><\/div>\n<\/p><\/div>\n<\/p><\/div>\n<\/p><\/div>\n<div style='display: flex; flex-wrap: wrap; gap: 30px; margin-bottom: 30px;'>\n<div style='flex: 1 1 100%; min-width: 280px;'>\n<div style='display: flex; flex-wrap: wrap; gap: 30px; margin-top: 20px;'>\n<div style='flex: 1 1 100%; min-width: 280px;'> <img style='width: 100%; height: auto; border: 1px solid rgba(150&comma;150&comma;150&comma;0.3); border-radius: 8px;' src='http:\/\/ftp3.syscom.mx\/usuarios\/hallende\/UGREEN2\/Cargadores\/15114\/15114-23.jpg' alt=''><\/div>\n<div style='flex: 1 1 100%; min-width: 280px;'>\n<p style='font-size: 15px; color: inherit;'>Dise\u00f1o port\u00e1til y plegable: El panel solar port\u00e1til mono cristalino tiene un dise\u00f1o plegable y un asa para llevarlo como un malet\u00edn. El soporte ajustable integrado se puede ajustar a diferentes \u00e1ngulos para una luz solar \u00f3ptima.<\/p>\n<\/p><\/div>\n<\/p><\/div>\n<\/p><\/div>\n<\/p><\/div>\n<div style='display: flex; flex-wrap: wrap; gap: 30px; margin-bottom: 30px;'>\n<div style='flex: 1 1 100%; min-width: 280px;'>\n<div style='display: flex; flex-wrap: wrap; gap: 30px; margin-top: 20px;'>\n<div style='flex: 1 1 100%; min-width: 280px;'> <img style='width: 100%; height: auto; border: 1px solid rgba(150&comma;150&comma;150&comma;0.3); border-radius: 8px;' src='http:\/\/ftp3.syscom.mx\/usuarios\/hallende\/UGREEN2\/Cargadores\/15114\/15114-24.jpg' alt=''><\/div>\n<div style='flex: 1 1 100%; min-width: 280px;'>\n<p style='font-size: 15px; color: inherit;'>Resistente al agua y duradero: El panel solar UGREEN de 100w est\u00e1 fabricado con tecnolog\u00eda laminada avanzada y material ETFE de larga duraci\u00f3n&comma; lo que lo hace m\u00e1s duradero y resistente a los ara\u00f1azos. IP67 resistente al agua lo proteger\u00e1 de las salpicaduras de agua&comma; no lo coloque bajo la lluvia ni lo sumerja en agua.<\/p>\n<\/p><\/div>\n<\/p><\/div>\n<\/p><\/div>\n<\/p><\/div>\n<div style='display: flex; flex-wrap: wrap; gap: 30px; margin-bottom: 30px;'>\n<div style='flex: 1 1 100%; min-width: 280px;'>\n<div style='display: flex; flex-wrap: wrap; gap: 30px; margin-top: 20px;'>\n<div style='flex: 1 1 100%; min-width: 280px;'> <img style='width: 100%; height: auto; border: 1px solid rgba(150&comma;150&comma;150&comma;0.3); border-radius: 8px;' src='http:\/\/ftp3.syscom.mx\/usuarios\/hallende\/UGREEN2\/Cargadores\/15114\/15114-25.jpg' alt=''><\/div>\n<div style='flex: 1 1 100%; min-width: 280px;'>\n<p style='font-size: 15px; color: inherit;'>Energ\u00eda donde quiera que vayas: El panel solar UGREEN de 100 W le permite disfrutar de la libertad del aire libre sin preocuparse por su central el\u00e9ctrica PowerRoam 600\/1200 u otros dispositivos que se est\u00e1n quedando sin energ\u00eda. Adem\u00e1s&comma; los paneles solares no solo ahorran su factura de electricidad&comma; sino que tambi\u00e9n protegen el medio ambiente.<\/p>\n<\/p><\/div>\n<\/p><\/div>\n<\/p><\/div>\n<\/p><\/div>\n<div style='display: flex; flex-wrap: wrap; gap: 30px; margin-bottom: 30px;'>\n<div style='flex: 1 1 100%; min-width: 280px;'>\n<h3 style='font-size: 22px; border-bottom: 2px solid currentColor; padding-bottom: 5px; margin-top: 0; color: inherit; opacity: 0.8;'>Aplicaciones<\/h3>\n<div style='display: flex; flex-wrap: wrap; gap: 15px; margin-top: 20px;'>\n<div style='flex: 1 1 48%; min-width: 280px;'> <img style='width: 100%; height: auto; border: 1px solid rgba(150&comma;150&comma;150&comma;0.3); border-radius: 8px;' src='http:\/\/ftp3.syscom.mx\/usuarios\/hallende\/UGREEN2\/Cargadores\/15114\/15114-27.jpg' alt=''><\/div>\n<div style='flex: 1 1 48%; min-width: 280px;'> <img style='width: 100%; height: auto; border: 1px solid rgba(150&comma;150&comma;150&comma;0.3); border-radius: 8px;' src='http:\/\/ftp3.syscom.mx\/usuarios\/hallende\/UGREEN2\/Cargadores\/15114\/15114-28.jpg' alt=''><\/div>\n<\/p><\/div>\n<\/p><\/div>\n<\/p><\/div>\n<\/p><\/div>\n","protected":false},"excerpt":{"rendered":"<p>Panel Solar Plegable 100W \/ Recomendado para el Power Station Portable de 600W UGREEN \/  Alta Eficiencia de Conversi\u00f3n \/ Alineaci\u00f3n Inteligente de la Luz Solar \/ Resistente Al Agua Y Duradero \/ Incluye Cable XT60 Macho a Macho 2m.<\/p>\n","protected":false},"featured_media":37718,"comment_status":"open","ping_status":"closed","template":"","meta":[],"product_brand":[],"product_cat":[1114],"product_tag":[1115,1101,650],"class_list":{"0":"post-37719","1":"product","2":"type-product","3":"status-publish","4":"has-post-thumbnail","6":"product_cat-estaciones-de-energia-portables","7":"product_tag-estaciones-de-energia-portables","8":"product_tag-respaldo-de-energia","9":"product_tag-ugreen","11":"first","12":"instock","13":"sale","14":"shipping-taxable","15":"purchasable","16":"product-type-simple"},"_links":{"self":[{"href":"https:\/\/soydeaqui.ddns.net\/pachuca\/index.php\/wp-json\/wp\/v2\/product\/37719","targetHints":{"allow":["GET"]}}],"collection":[{"href":"https:\/\/soydeaqui.ddns.net\/pachuca\/index.php\/wp-json\/wp\/v2\/product"}],"about":[{"href":"https:\/\/soydeaqui.ddns.net\/pachuca\/index.php\/wp-json\/wp\/v2\/types\/product"}],"replies":[{"embeddable":true,"href":"https:\/\/soydeaqui.ddns.net\/pachuca\/index.php\/wp-json\/wp\/v2\/comments?post=37719"}],"wp:featuredmedia":[{"embeddable":true,"href":"https:\/\/soydeaqui.ddns.net\/pachuca\/index.php\/wp-json\/wp\/v2\/media\/37718"}],"wp:attachment":[{"href":"https:\/\/soydeaqui.ddns.net\/pachuca\/index.php\/wp-json\/wp\/v2\/media?parent=37719"}],"wp:term":[{"taxonomy":"product_brand","embeddable":true,"href":"https:\/\/soydeaqui.ddns.net\/pachuca\/index.php\/wp-json\/wp\/v2\/product_brand?post=37719"},{"taxonomy":"product_cat","embeddable":true,"href":"https:\/\/soydeaqui.ddns.net\/pachuca\/index.php\/wp-json\/wp\/v2\/product_cat?post=37719"},{"taxonomy":"product_tag","embeddable":true,"href":"https:\/\/soydeaqui.ddns.net\/pachuca\/index.php\/wp-json\/wp\/v2\/product_tag?post=37719"}],"curies":[{"name":"wp","href":"https:\/\/api.w.org\/{rel}","templated":true}]}}