{"id":37407,"date":"2026-03-18T16:30:16","date_gmt":"2026-03-18T16:30:16","guid":{"rendered":"https:\/\/soydeaqui.ddns.net\/pachuca\/index.php\/producto\/clip-de-nylon-6-6-con-adhesivo-para-cables-de-hasta-15-8-mm-de-diametro-uso-interior-color-natural-paquete-de-1000pz\/"},"modified":"2026-03-18T16:30:21","modified_gmt":"2026-03-18T16:30:21","slug":"clip-de-nylon-6-6-con-adhesivo-para-cables-de-hasta-15-8-mm-de-diametro-uso-interior-color-natural-paquete-de-1000pz","status":"publish","type":"product","link":"https:\/\/soydeaqui.ddns.net\/pachuca\/index.php\/producto\/clip-de-nylon-6-6-con-adhesivo-para-cables-de-hasta-15-8-mm-de-diametro-uso-interior-color-natural-paquete-de-1000pz\/","title":{"rendered":"Clip de Nylon 6.6 con Adhesivo, Para Cables de Hasta 15.8 mm de Di\u00e1metro, Uso Interior, Color Natural, Paquete de 1000pz"},"content":{"rendered":"<div style='width: 100%; max-width: 1200px; margin: 0 auto; font-family: sans-serif; line-height: 1.6; color: inherit; background-color: transparent;'> <!-- Secci\u00f3n de descripci\u00f3n --> <\/p>\n<div style='margin-bottom: 30px;'>\n<p style='font-size: 15px; color: inherit; margin: 0 0 15px 0;'>Los clips adhesivos para cables Panduit est\u00e1n dise\u00f1ados para sujetar cables de forma ordenada y segura. El dise\u00f1o del clip permite que los cables se instalen f\u00e1cilmente&comma; proporcionando flexibilidad a la organizaci\u00f3n de los cables. Para uso en ambientes interior\/exterior y para cables de 0.62 in (15.8 mm) de di\u00e1metro.<\/p>\n<\/p><\/div>\n<p> <!-- Secci\u00f3n de especificaciones --> <\/p>\n<div style='display: flex; flex-wrap: wrap; gap: 20px; margin-bottom: 30px;'>\n<div style='flex: 1 1 250px; border: 1px solid rgba(150&comma; 150&comma; 150&comma; 0.4); border-radius: 8px; overflow: hidden; display: flex; flex-direction: column;'>\n<div style='padding: 15px; border-bottom: 1px solid rgba(150&comma; 150&comma; 150&comma; 0.2); font-weight: bold; font-size: 18px; color: inherit;'>Especificaciones<\/div>\n<div style='padding: 15px; color: inherit;'>\n<ul style='padding-left: 20px; margin: 0; font-size: 14px; list-style-type: disc;'>\n<li style='margin-bottom: 5px;'><strong>Material:<\/strong> Acr\u00edlico<\/li>\n<li style='margin-bottom: 5px;'><strong>Material del cuerpo:<\/strong> Nylon 6.6<\/li>\n<li style='margin-bottom: 5px;'><strong>Color:<\/strong> Natural<\/li>\n<li style='margin-bottom: 5px;'><strong>Ambiente:<\/strong> interior<\/li>\n<li style='margin-bottom: 5px;'><strong>Di\u00e1metro m\u00e1ximo de cable (pulg.):<\/strong> 0.62<\/li>\n<li style='margin-bottom: 5px;'><strong>Di\u00e1metro m\u00e1ximo de cable (mm):<\/strong> 15.7<\/li>\n<li style='margin-bottom: 5px;'><strong>M\u00e9todo de montaje:<\/strong> Cinta adhesiva de acrilico<\/li>\n<\/ul><\/div>\n<\/p><\/div>\n<div style='flex: 1 1 250px; border: 1px solid rgba(150&comma; 150&comma; 150&comma; 0.4); border-radius: 8px; overflow: hidden; display: flex; flex-direction: column;'>\n<div style='padding: 15px; border-bottom: 1px solid rgba(150&comma; 150&comma; 150&comma; 0.2); font-weight: bold; font-size: 18px; color: inherit;'>Dimensiones<\/div>\n<div style='padding: 15px; color: inherit;'>\n<ul style='padding-left: 20px; margin: 0; font-size: 14px; list-style-type: disc;'>\n<li style='margin-bottom: 5px;'><strong>Altura total (pulg.):<\/strong> 0.65<\/li>\n<li style='margin-bottom: 5px;'><strong>Altura total (mm):<\/strong> 16.5<\/li>\n<li style='margin-bottom: 5px;'><strong>Longitud total (pulg.):<\/strong> 1.24<\/li>\n<li style='margin-bottom: 5px;'><strong>Longitud total (mm):<\/strong> 28.4<\/li>\n<li style='margin-bottom: 5px;'><strong>Ancho total (pulg.):<\/strong> 1.24<\/li>\n<li style='margin-bottom: 5px;'><strong>Ancho total (mm):<\/strong> 31.4<\/li>\n<\/ul><\/div>\n<\/p><\/div>\n<div style='flex: 1 1 250px; border: 1px solid rgba(150&comma; 150&comma; 150&comma; 0.4); border-radius: 8px; overflow: hidden; display: flex; flex-direction: column;'>\n<div style='padding: 15px; border-bottom: 1px solid rgba(150&comma; 150&comma; 150&comma; 0.2); font-weight: bold; font-size: 18px; color: inherit;'>Capacidades<\/div>\n<div style='padding: 15px; color: inherit;'>\n<ul style='padding-left: 20px; margin: 0; font-size: 14px; list-style-type: disc;'>\n<li style='margin-bottom: 5px;'><strong>Cumple con RoHS<\/strong><\/li>\n<li style='margin-bottom: 5px;'><strong>Capacidad de carga est\u00e1tica vertical (kg):<\/strong> 0.317<\/li>\n<li style='margin-bottom: 5px;'><strong>Capacidad de carga est\u00e1tica vertical (lb):<\/strong> 0.7<\/li>\n<li style='margin-bottom: 5px;'><strong>Capacidad de carga est\u00e1tica horizontal (kg):<\/strong> 0.317<\/li>\n<li style='margin-bottom: 5px;'><strong>Capacidad de carga est\u00e1tica horizontal (lb):<\/strong> 0.7<\/li>\n<\/ul><\/div>\n<\/p><\/div>\n<\/p><\/div>\n<p> <!-- Separador --> <\/p>\n<hr style='border: 0; border-top: 1px solid rgba(150&comma; 150&comma; 150&comma; 0.3); margin: 30px 0;'> <\/div>\n","protected":false},"excerpt":{"rendered":"<p>Clip de Nylon 6.6 con Adhesivo, Para Cables de Hasta 15.8 mm de Di\u00e1metro, Uso Interior, Color Natural, Paquete de 1000pz<\/p>\n","protected":false},"featured_media":37406,"comment_status":"open","ping_status":"closed","template":"","meta":[],"product_brand":[],"product_cat":[574],"product_tag":[572,575,445],"class_list":{"0":"post-37407","1":"product","2":"type-product","3":"status-publish","4":"has-post-thumbnail","6":"product_cat-fijacion","7":"product_tag-canalizacion","8":"product_tag-fijacion","9":"product_tag-panduit","11":"first","12":"instock","13":"sale","14":"shipping-taxable","15":"purchasable","16":"product-type-simple"},"_links":{"self":[{"href":"https:\/\/soydeaqui.ddns.net\/pachuca\/index.php\/wp-json\/wp\/v2\/product\/37407","targetHints":{"allow":["GET"]}}],"collection":[{"href":"https:\/\/soydeaqui.ddns.net\/pachuca\/index.php\/wp-json\/wp\/v2\/product"}],"about":[{"href":"https:\/\/soydeaqui.ddns.net\/pachuca\/index.php\/wp-json\/wp\/v2\/types\/product"}],"replies":[{"embeddable":true,"href":"https:\/\/soydeaqui.ddns.net\/pachuca\/index.php\/wp-json\/wp\/v2\/comments?post=37407"}],"wp:featuredmedia":[{"embeddable":true,"href":"https:\/\/soydeaqui.ddns.net\/pachuca\/index.php\/wp-json\/wp\/v2\/media\/37406"}],"wp:attachment":[{"href":"https:\/\/soydeaqui.ddns.net\/pachuca\/index.php\/wp-json\/wp\/v2\/media?parent=37407"}],"wp:term":[{"taxonomy":"product_brand","embeddable":true,"href":"https:\/\/soydeaqui.ddns.net\/pachuca\/index.php\/wp-json\/wp\/v2\/product_brand?post=37407"},{"taxonomy":"product_cat","embeddable":true,"href":"https:\/\/soydeaqui.ddns.net\/pachuca\/index.php\/wp-json\/wp\/v2\/product_cat?post=37407"},{"taxonomy":"product_tag","embeddable":true,"href":"https:\/\/soydeaqui.ddns.net\/pachuca\/index.php\/wp-json\/wp\/v2\/product_tag?post=37407"}],"curies":[{"name":"wp","href":"https:\/\/api.w.org\/{rel}","templated":true}]}}