{"id":37399,"date":"2026-03-18T16:30:06","date_gmt":"2026-03-18T16:30:06","guid":{"rendered":"https:\/\/soydeaqui.ddns.net\/pachuca\/index.php\/producto\/zapata-de-compresion-lca4-56-l-para-cal-4-awg-barreno-para-tornillo-prisionero-de-5-16-1-pz\/"},"modified":"2026-03-18T16:30:10","modified_gmt":"2026-03-18T16:30:10","slug":"zapata-de-compresion-lca4-56-l-para-cal-4-awg-barreno-para-tornillo-prisionero-de-5-16-1-pz","status":"publish","type":"product","link":"https:\/\/soydeaqui.ddns.net\/pachuca\/index.php\/producto\/zapata-de-compresion-lca4-56-l-para-cal-4-awg-barreno-para-tornillo-prisionero-de-5-16-1-pz\/","title":{"rendered":"Zapata de compresi\u00f3n LCA4-56-L, para cal. 4 Awg, Barreno para tornillo prisionero de 5\/16, 1 Pz"},"content":{"rendered":"<div style='width: 100%; max-width: 1200px; margin: 0 auto; font-family: sans-serif; line-height: 1.6; color: inherit; background-color: transparent;'>\n<div style='display: flex; flex-direction: column; align-items: center; margin-bottom: 30px;'> <img style='width: 100%; max-width: 300px; height: auto; border: 1px solid rgba(150&comma;150&comma;150&comma;0.3); border-radius: 8px;' src='https:\/\/ftp3.syscom.mx\/usuarios\/fotos\/SCL2\/0X\/214870-217843-panduit-logo-tm-negro-fondo_trans30-01_(002)_(1).png' alt=''> <\/div>\n<div style='margin-bottom: 30px;'>\n<h1 style='font-size: 28px; margin: 0 0 15px; color: inherit; opacity: 0.9; font-weight: 500; line-height: 1.2; padding: 0;'> Pan-Lug\u2122 Terminal de Compresi\u00f3n de Cobre 1 orificio 5\/16&comma; para cable 4 AWG Esp\u00e1rrago. <\/h1>\n<div style='margin-bottom: 20px; font-size: 16px; color: inherit; opacity: 0.8;'>\n<h3 style='font-size: 21px; margin: 0; color: inherit; opacity: 0.8; font-weight: 500; line-height: 1.2; padding: 0;'> LCA4-56-L <\/h3>\n<\/p><\/div>\n<\/p><\/div>\n<div style='margin-bottom: 30px; font-size: 15px; color: inherit;'>\n<p style='margin: 0 0 15px;'> Tal\u00f3n de compresi\u00f3n de cobre esta\u00f1ado LCA4-56-L&comma; un orificio&comma; tambor est\u00e1ndar&comma; tambores codificados por color marcados con n\u00fameros de \u00edndice de dado de Panduit y de un competidor especificado para la adecuada selecci\u00f3n de dados. Una mirilla de inspecci\u00f3n ayuda a comprobar visualmente la inserci\u00f3n total del conductor&comma; y el material esta\u00f1ado previene la corrosi\u00f3n. Listado UL y certificado por CSA para 35 KV y con calificaci\u00f3n de temperatura hasta 90\u00b0C. <\/p>\n<\/p><\/div>\n<div style='display: flex; flex-direction: column; align-items: center; margin-bottom: 30px;'> <img style='width: 100%; max-width: 700px; height: auto; border: 1px solid rgba(150&comma;150&comma;150&comma;0.3); border-radius: 8px;' src='https:\/\/ftp3.syscom.mx\/usuarios\/fotos\/LCA456L\/215255-captura_de_pantalla_2024-01-22_a_la(s)_9.45.39 a.m..png' alt=''> <\/div>\n<hr style='border: 0; border-top: 1px solid rgba(150&comma; 150&comma; 150&comma; 0.3); margin: 30px 0;'> <\/div>\n","protected":false},"excerpt":{"rendered":"<p>Zapata de compresi\u00f3n LCA4-56-L, para cal. 4 Awg, Barreno para tornillo prisionero de 5\/16, 1 Pz<\/p>\n","protected":false},"featured_media":37398,"comment_status":"open","ping_status":"closed","template":"","meta":[],"product_brand":[],"product_cat":[1090],"product_tag":[1091,1088,445],"class_list":{"0":"post-37399","1":"product","2":"type-product","3":"status-publish","4":"has-post-thumbnail","6":"product_cat-accesorios-para-tierra-fisica","7":"product_tag-accesorios-para-tierra-fisica","8":"product_tag-calidad-de-la-energia","9":"product_tag-panduit","11":"first","12":"instock","13":"sale","14":"shipping-taxable","15":"purchasable","16":"product-type-simple"},"_links":{"self":[{"href":"https:\/\/soydeaqui.ddns.net\/pachuca\/index.php\/wp-json\/wp\/v2\/product\/37399","targetHints":{"allow":["GET"]}}],"collection":[{"href":"https:\/\/soydeaqui.ddns.net\/pachuca\/index.php\/wp-json\/wp\/v2\/product"}],"about":[{"href":"https:\/\/soydeaqui.ddns.net\/pachuca\/index.php\/wp-json\/wp\/v2\/types\/product"}],"replies":[{"embeddable":true,"href":"https:\/\/soydeaqui.ddns.net\/pachuca\/index.php\/wp-json\/wp\/v2\/comments?post=37399"}],"wp:featuredmedia":[{"embeddable":true,"href":"https:\/\/soydeaqui.ddns.net\/pachuca\/index.php\/wp-json\/wp\/v2\/media\/37398"}],"wp:attachment":[{"href":"https:\/\/soydeaqui.ddns.net\/pachuca\/index.php\/wp-json\/wp\/v2\/media?parent=37399"}],"wp:term":[{"taxonomy":"product_brand","embeddable":true,"href":"https:\/\/soydeaqui.ddns.net\/pachuca\/index.php\/wp-json\/wp\/v2\/product_brand?post=37399"},{"taxonomy":"product_cat","embeddable":true,"href":"https:\/\/soydeaqui.ddns.net\/pachuca\/index.php\/wp-json\/wp\/v2\/product_cat?post=37399"},{"taxonomy":"product_tag","embeddable":true,"href":"https:\/\/soydeaqui.ddns.net\/pachuca\/index.php\/wp-json\/wp\/v2\/product_tag?post=37399"}],"curies":[{"name":"wp","href":"https:\/\/api.w.org\/{rel}","templated":true}]}}