{"id":37087,"date":"2026-03-18T16:22:18","date_gmt":"2026-03-18T16:22:18","guid":{"rendered":"https:\/\/soydeaqui.ddns.net\/pachuca\/index.php\/producto\/bateria-alcalina-aaa-duracell-no-recargable\/"},"modified":"2026-03-18T16:22:18","modified_gmt":"2026-03-18T16:22:18","slug":"bateria-alcalina-aaa-duracell-no-recargable","status":"publish","type":"product","link":"https:\/\/soydeaqui.ddns.net\/pachuca\/index.php\/producto\/bateria-alcalina-aaa-duracell-no-recargable\/","title":{"rendered":"Bater\u00eda Alcalina AAA \/ DURACELL \/ No Recargable"},"content":{"rendered":"<div style='width: 100%; max-width: 1200px; margin: 0 auto; font-family: sans-serif; line-height: 1.6; color: inherit; background-color: transparent;'>\n<div style='display: flex; flex-direction: column; align-items: center; text-align: center; margin-bottom: 30px;'>\n<h1 style='font-size: 28px; margin: 0; color: inherit;'><strong>MN2400B4<\/strong><\/h1>\n<h3 style='font-size: 20px; margin: 10px 0 20px; color: inherit;'>Paquete de 4 bater\u00edas AAA de 1.5 V<\/h3>\n<p style='font-size: 15px; max-width: 600px; color: inherit;'>Dispositivos el\u00e9ctricos y electr\u00f3nicos&comma; juguetes&comma; linternas&comma; radios port\u00e1tiles&comma; teclados&comma; ratones&comma; reproductores de audio port\u00e1tiles.<\/p>\n<\/p><\/div>\n<div style='display: flex; flex-wrap: wrap; gap: 30px; margin-bottom: 30px;'>\n<div style='flex: 1 1 300px; min-width: 280px;'>\n<div style='border: 1px solid rgba(150&comma;150&comma;150&comma;0.3); border-radius: 8px; overflow: hidden; display: flex; flex-direction: column; height: 100%;'>\n<div style='background-color: rgba(238&comma;238&comma;238&comma;0.3); padding: 0;'> <img style='width: 100%; height: auto; border: none; border-radius: 0;' src='https:\/\/ftp3.syscom.mx\/usuarios\/fotos\/BancoFotografiasSyscom\/EPCOMPOWERLINE\/PLDC1000\/PLDC1000-FRENTE-l.PNG' alt=''> <\/div>\n<div style='padding: 15px; border-top: 5px solid #DF001D;'>\n<h3 style='font-size: 22px; margin-top: 0; margin-bottom: 15px; color: inherit; opacity: 0.8;'>Caracter\u00edsticas<\/h3>\n<ul style='padding-left: 20px; font-size: 15px; color: inherit; list-style-type: disc;'>\n<li style='margin-bottom: 5px;'>Voltaje Nominal : 1.5 V<\/li>\n<li style='margin-bottom: 5px;'>Impedancia : 120 m-ohm @ 1 Khz<\/li>\n<li style='margin-bottom: 5px;'>Terminales tipo : Flat<\/li>\n<li style='margin-bottom: 5px;'>Designaci\u00f3n : ANSI: 24 A IEC : LR03<\/li>\n<\/ul><\/div>\n<\/p><\/div>\n<\/p><\/div>\n<div style='flex: 1 1 300px; min-width: 280px;'>\n<div style='border: 1px solid rgba(150&comma;150&comma;150&comma;0.3); border-radius: 8px; overflow: hidden; display: flex; flex-direction: column; height: 100%;'>\n<div style='background-color: rgba(238&comma;238&comma;238&comma;0.3); padding: 0;'> <img style='width: 100%; height: auto; border: none; border-radius: 0;' src='https:\/\/ftp3.syscom.mx\/usuarios\/fotos\/BancoFotografiasSyscom\/EPCOMPOWERLINE\/PLDC1000\/PLDC1000-LAT-IZQ-l.PNG' alt=''> <\/div>\n<div style='padding: 15px; border-top: 5px solid #DF001D;'>\n<h3 style='font-size: 22px; margin-top: 0; margin-bottom: 15px; color: inherit; opacity: 0.8;'>Especificaciones f\u00edsicas<\/h3>\n<ul style='padding-left: 20px; font-size: 15px; color: inherit; list-style-type: disc;'>\n<li style='margin-bottom: 5px;'>Color : Negro \/ Dorado<\/li>\n<li style='margin-bottom: 5px;'>Peso : 11 g<\/li>\n<li style='margin-bottom: 5px;'>Temperatura de almacenamiento : 5\u00b0C a 30\u00b0C<\/li>\n<li style='margin-bottom: 5px;'>Temperatura de operaci\u00f3n : -20\u00b0C a 54\u00b0C<\/li>\n<li style='margin-bottom: 5px;'>Dimensiones ( L x W x H ) : 44.5 x 10.5 mm<\/li>\n<li style='margin-bottom: 5px;'>Garant\u00eda: 1 A\u00f1o<\/li>\n<\/ul><\/div>\n<\/p><\/div>\n<\/p><\/div>\n<div style='flex: 1 1 300px; min-width: 280px;'>\n<div style='border: 1px solid rgba(150&comma;150&comma;150&comma;0.3); border-radius: 8px; overflow: hidden; display: flex; flex-direction: column; height: 100%;'>\n<div style='background-color: rgba(238&comma;238&comma;238&comma;0.3); padding: 0;'> <img style='width: 100%; height: auto; border: none; border-radius: 0;' src='https:\/\/ftp3.syscom.mx\/usuarios\/fotos\/BancoFotografiasSyscom\/EPCOMPOWERLINE\/PLDC1000\/PLDC1000-LAT-DER-l.PNG' alt=''> <\/div>\n<div style='padding: 15px; border-top: 5px solid #DF001D;'>\n<h3 style='font-size: 22px; margin-top: 0; margin-bottom: 15px; color: inherit; opacity: 0.8;'>Aplicaciones<\/h3>\n<ul style='padding-left: 20px; font-size: 15px; color: inherit; list-style-type: disc;'>\n<li style='margin-bottom: 5px;'>Medici\u00f3n de utilidad<\/li>\n<li style='margin-bottom: 5px;'>Copia de seguridad de la memoria<\/li>\n<li style='margin-bottom: 5px;'>Alarmas y dispositivos de seguridad<\/li>\n<li style='margin-bottom: 5px;'>Electr\u00f3nica automotriz<\/li>\n<li style='margin-bottom: 5px;'>Sistemas de peaje<\/li>\n<li style='margin-bottom: 5px;'>Electr\u00f3nica militar<\/li>\n<li style='margin-bottom: 5px;'>Lectura autom\u00e1tica del medidor<\/li>\n<li style='margin-bottom: 5px;'>Electr\u00f3nica profesional<\/li>\n<\/ul><\/div>\n<\/p><\/div>\n<\/p><\/div>\n<\/p><\/div>\n<hr style='border: 0; border-top: 1px solid rgba(150&comma;150&comma;150&comma;0.3); margin: 30px 0;'> <\/div>\n","protected":false},"excerpt":{"rendered":"<p>Bater\u00eda Alcalina AAA \/ DURACELL \/ No Recargable<\/p>\n","protected":false},"featured_media":37086,"comment_status":"open","ping_status":"closed","template":"","meta":[],"product_brand":[],"product_cat":[1084],"product_tag":[143,1085,547],"class_list":{"0":"post-37087","1":"product","2":"type-product","3":"status-publish","4":"has-post-thumbnail","6":"product_cat-baterias-baterias-y-cargadores","7":"product_tag-baterias","8":"product_tag-baterias-y-cargadores","9":"product_tag-syscom-parts","11":"first","12":"instock","13":"sale","14":"shipping-taxable","15":"purchasable","16":"product-type-simple"},"_links":{"self":[{"href":"https:\/\/soydeaqui.ddns.net\/pachuca\/index.php\/wp-json\/wp\/v2\/product\/37087","targetHints":{"allow":["GET"]}}],"collection":[{"href":"https:\/\/soydeaqui.ddns.net\/pachuca\/index.php\/wp-json\/wp\/v2\/product"}],"about":[{"href":"https:\/\/soydeaqui.ddns.net\/pachuca\/index.php\/wp-json\/wp\/v2\/types\/product"}],"replies":[{"embeddable":true,"href":"https:\/\/soydeaqui.ddns.net\/pachuca\/index.php\/wp-json\/wp\/v2\/comments?post=37087"}],"wp:featuredmedia":[{"embeddable":true,"href":"https:\/\/soydeaqui.ddns.net\/pachuca\/index.php\/wp-json\/wp\/v2\/media\/37086"}],"wp:attachment":[{"href":"https:\/\/soydeaqui.ddns.net\/pachuca\/index.php\/wp-json\/wp\/v2\/media?parent=37087"}],"wp:term":[{"taxonomy":"product_brand","embeddable":true,"href":"https:\/\/soydeaqui.ddns.net\/pachuca\/index.php\/wp-json\/wp\/v2\/product_brand?post=37087"},{"taxonomy":"product_cat","embeddable":true,"href":"https:\/\/soydeaqui.ddns.net\/pachuca\/index.php\/wp-json\/wp\/v2\/product_cat?post=37087"},{"taxonomy":"product_tag","embeddable":true,"href":"https:\/\/soydeaqui.ddns.net\/pachuca\/index.php\/wp-json\/wp\/v2\/product_tag?post=37087"}],"curies":[{"name":"wp","href":"https:\/\/api.w.org\/{rel}","templated":true}]}}