{"id":37068,"date":"2026-03-18T16:21:49","date_gmt":"2026-03-18T16:21:49","guid":{"rendered":"https:\/\/soydeaqui.ddns.net\/pachuca\/index.php\/producto\/12-o-24-vcc-6-a-fuente-tipo-tarjeta-1-salida-capacidad-de-bateria-bateria-no-incluida\/"},"modified":"2026-03-18T16:21:54","modified_gmt":"2026-03-18T16:21:54","slug":"12-o-24-vcc-6-a-fuente-tipo-tarjeta-1-salida-capacidad-de-bateria-bateria-no-incluida","status":"publish","type":"product","link":"https:\/\/soydeaqui.ddns.net\/pachuca\/index.php\/producto\/12-o-24-vcc-6-a-fuente-tipo-tarjeta-1-salida-capacidad-de-bateria-bateria-no-incluida\/","title":{"rendered":"12 o 24 Vcc @ 6 A \/ fuente tipo tarjeta \/ 1 salida \/ capacidad de bater\u00eda \/ bater\u00eda no incluida."},"content":{"rendered":"<div style='width: 100%; max-width: 1200px; margin: 0 auto; font-family: sans-serif; line-height: 1.6; color: inherit; background-color: transparent;'>\n<div style='width: 100%; text-align: center; margin-bottom: 30px;'>\n<h1 style='font-size: 28px; font-weight: bold; color: inherit; margin: 0 0 10px 0;'>OLS180<\/h1>\n<h3 style='font-size: 18px; font-weight: bold; color: inherit; margin: 0 0 20px 0;'>FUENTE DE ALIMENTACION TIPO TARJETA CON CAPACIDAD DE RESPALDO Y SALIDA SELECCIONABLE EN 12 Y 24 Vcc&comma; 6 A<\/h3>\n<p style='font-size: 15px; color: inherit; margin: 0 10% 30px 10%;'>La fuente de alimentaci\u00f3n\/cargador OLS180 convierte una entrada de 115 V CA&comma; 50\/60 Hz en una salida de 12 V CC o 24 V CC a una corriente de suministro continuo de 6 A (consulte las especificaciones). Esta unidad tiene una amplia gama de aplicaciones para control de acceso y accesorios de sistemas de seguridad que requieren energ\u00eda adicional.<\/p>\n<\/p><\/div>\n<div style='display: flex; flex-wrap: wrap; gap: 30px; margin-bottom: 30px;'>\n<div style='flex: 1 1 300px; min-width: 280px;'>\n<h3 style='font-size: 22px; border-bottom: 2px solid currentColor; padding-bottom: 5px; margin-top: 0; color: inherit; opacity: 0.8;'>Caracter\u00edsticas principales<\/h3>\n<ul style='padding-left: 20px; font-size: 15px; color: inherit;'>\n<li style='margin-bottom: 5px;'>Entrada : 115 Vca&comma; 50 \/ 60 Hz&comma; 1.9 A<\/li>\n<li style='margin-bottom: 5px;'>Salida seleccionable de 12VDC \u00f3 24VDC<\/li>\n<li style='margin-bottom: 5px;'>Corriente de suministro 6 A<\/li>\n<li style='margin-bottom: 5px;'>Salidas filtradas y reguladas electr\u00f3nicamente.<\/li>\n<li style='margin-bottom: 5px;'>Protecci\u00f3n contra sobretensi\u00f3n y cortocircuito.<\/li>\n<\/ul><\/div>\n<div style='flex: 1 1 300px; min-width: 280px;'>\n<h3 style='font-size: 22px; border-bottom: 2px solid currentColor; padding-bottom: 5px; margin-top: 0; color: inherit; opacity: 0.8;'>Caracter\u00edsticas F\u00edsicas y El\u00e9ctricas<\/h3>\n<ul style='padding-left: 20px; font-size: 15px; color: inherit;'>\n<li style='margin-bottom: 5px;'>Dimenciones:76&comma;2 mm de ancho x 88&comma;9 mm de largo x 50&comma;8 mm de alto.<\/li>\n<li style='margin-bottom: 5px;'>Temperatura en funcionamiento: 0 \u00b0 C a 49 \u00b0 C (32 \u00b0 F a 120 \u00b0 F)<\/li>\n<li style='margin-bottom: 5px;'>Temperatura en almacenamiento: &#8211; 20 \u00b0 C a 70 \u00b0 C (- 4 \u00b0 F a 158 \u00b0 F)<\/li>\n<li style='margin-bottom: 5px;'>Peso del producto: 0&comma;35 libras. (0&comma;158 kg)<\/li>\n<li style='margin-bottom: 5px;'>Peso de env\u00edo: 0.45 Lbs. (0&comma;204 kg)&#8230;<\/li>\n<\/ul><\/div>\n<div style='flex: 1 1 300px; min-width: 280px;'>\n<h3 style='font-size: 22px; border-bottom: 2px solid currentColor; padding-bottom: 5px; margin-top: 0; color: inherit; opacity: 0.8;'>Caracter\u00edsticas Destacadas<\/h3>\n<ul style='padding-left: 20px; font-size: 15px; color: inherit;'>\n<li style='margin-bottom: 5px;'>Ca\u00edda de voltaje cero al cambiar a bater\u00eda de respaldo.<\/li>\n<li style='margin-bottom: 5px;'>Indicadores LED de entrada de CA y salida de CC.<\/li>\n<li style='margin-bottom: 5px;'>Dise\u00f1o extremadamente compacto.<\/li>\n<li style='margin-bottom: 5px;'>Incluye cables de bater\u00eda.<\/li>\n<li style='margin-bottom: 5px;'>Protecci\u00f3n contra cortocircuitos y sobrecargas t\u00e9rmicas<\/li>\n<\/ul><\/div>\n<\/p><\/div>\n<hr style='border: 0; border-top: 1px solid rgba(150&comma; 150&comma; 150&comma; 0.3); margin: 30px 0;'> <\/div>\n","protected":false},"excerpt":{"rendered":"<p>12 o 24 Vcc @ 6 A \/ fuente tipo tarjeta \/ 1 salida \/ capacidad de bater\u00eda \/ bater\u00eda no incluida.<\/p>\n","protected":false},"featured_media":37067,"comment_status":"open","ping_status":"closed","template":"","meta":[],"product_brand":[],"product_cat":[1081],"product_tag":[495,1082,405],"class_list":{"0":"post-37068","1":"product","2":"type-product","3":"status-publish","4":"has-post-thumbnail","6":"product_cat-fuentes-con-distribuidor","7":"product_tag-altronix","8":"product_tag-fuentes-con-distribuidor","9":"product_tag-fuentes-de-poder","11":"first","12":"instock","13":"sale","14":"shipping-taxable","15":"purchasable","16":"product-type-simple"},"_links":{"self":[{"href":"https:\/\/soydeaqui.ddns.net\/pachuca\/index.php\/wp-json\/wp\/v2\/product\/37068","targetHints":{"allow":["GET"]}}],"collection":[{"href":"https:\/\/soydeaqui.ddns.net\/pachuca\/index.php\/wp-json\/wp\/v2\/product"}],"about":[{"href":"https:\/\/soydeaqui.ddns.net\/pachuca\/index.php\/wp-json\/wp\/v2\/types\/product"}],"replies":[{"embeddable":true,"href":"https:\/\/soydeaqui.ddns.net\/pachuca\/index.php\/wp-json\/wp\/v2\/comments?post=37068"}],"wp:featuredmedia":[{"embeddable":true,"href":"https:\/\/soydeaqui.ddns.net\/pachuca\/index.php\/wp-json\/wp\/v2\/media\/37067"}],"wp:attachment":[{"href":"https:\/\/soydeaqui.ddns.net\/pachuca\/index.php\/wp-json\/wp\/v2\/media?parent=37068"}],"wp:term":[{"taxonomy":"product_brand","embeddable":true,"href":"https:\/\/soydeaqui.ddns.net\/pachuca\/index.php\/wp-json\/wp\/v2\/product_brand?post=37068"},{"taxonomy":"product_cat","embeddable":true,"href":"https:\/\/soydeaqui.ddns.net\/pachuca\/index.php\/wp-json\/wp\/v2\/product_cat?post=37068"},{"taxonomy":"product_tag","embeddable":true,"href":"https:\/\/soydeaqui.ddns.net\/pachuca\/index.php\/wp-json\/wp\/v2\/product_tag?post=37068"}],"curies":[{"name":"wp","href":"https:\/\/api.w.org\/{rel}","templated":true}]}}