{"id":36999,"date":"2026-03-18T16:20:05","date_gmt":"2026-03-18T16:20:05","guid":{"rendered":"https:\/\/soydeaqui.ddns.net\/pachuca\/index.php\/producto\/contacto-duplex-20-a-125-v-2-polos-3-hilos-color-marfil-nema-5-20r-grado-industrial\/"},"modified":"2026-03-18T16:20:06","modified_gmt":"2026-03-18T16:20:06","slug":"contacto-duplex-20-a-125-v-2-polos-3-hilos-color-marfil-nema-5-20r-grado-industrial","status":"publish","type":"product","link":"https:\/\/soydeaqui.ddns.net\/pachuca\/index.php\/producto\/contacto-duplex-20-a-125-v-2-polos-3-hilos-color-marfil-nema-5-20r-grado-industrial\/","title":{"rendered":"Contacto D\u00faplex 20 A 125 V \/ 2 Polos 3 Hilos \/ Color Marfil \/Nema 5-20R \/Grado Industrial."},"content":{"rendered":"<div style='width: 100%; max-width: 1200px; margin: 0 auto; font-family: sans-serif; line-height: 1.6; color: inherit; background-color: transparent;'> <!-- Secci\u00f3n de caracter\u00edsticas --> <\/p>\n<div style='display: flex; flex-wrap: wrap; gap: 30px; margin-bottom: 30px;'>\n<div style='flex: 1 1 300px; min-width: 280px;'>\n<h3 style='font-size: 22px; border-bottom: 2px solid currentColor; padding-bottom: 5px; margin-top: 0; color: inherit; opacity: 0.8;'>Especificaciones<\/h3>\n<ul style='padding-left: 20px; font-size: 15px; color: inherit;'>\n<li style='margin-bottom: 5px;'><strong>Aplicaci\u00f3n:<\/strong> Servicio extra pesado<\/li>\n<li style='margin-bottom: 5px;'><strong>Color:<\/strong> Marfil<\/li>\n<li style='margin-bottom: 5px;'><strong>Ambientes de trabajo:<\/strong> Interior seco a menos que se encuentre protegido por medios adicionales.<\/li>\n<li style='margin-bottom: 5px;'><strong>Indicador EU-RoHS:<\/strong> S\u00ed<\/li>\n<li style='margin-bottom: 5px;'><strong>Tipo de equipo:<\/strong> D\u00faplex<\/li>\n<li style='margin-bottom: 5px;'><strong>Montaje:<\/strong> Montaje con tornillos<\/li>\n<li style='margin-bottom: 5px;'><strong>N\u00famero de Polos:<\/strong> 2 Polos<\/li>\n<li style='margin-bottom: 5px;'><strong>Temperatura de Operaci\u00f3n:<\/strong> M\u00e1xima continua de 75 \u00b0C y m\u00ednima de -40 \u00b0C sin impactos.<\/li>\n<li style='margin-bottom: 5px;'><strong>Rendimiento:<\/strong><\/li>\n<ul style='padding-left: 25px; margin-top: 5px; margin-bottom: 10px;'>\n<li style='margin-bottom: 5px;'>Clip autom\u00e1tico de puesta a tierra &#8211; Acero inoxidable<\/li>\n<li style='margin-bottom: 5px;'>Base &#8211; PBT<\/li>\n<li style='margin-bottom: 5px;'>Contactos de alimentaci\u00f3n de derivaci\u00f3n &#8211; Lat\u00f3n de 0.9 mm<\/li>\n<li style='margin-bottom: 5px;'>Placa de sujeci\u00f3n &#8211; Lat\u00f3n niquelado<\/li>\n<li style='margin-bottom: 5px;'>Cara &#8211; Nylon<\/li>\n<li style='margin-bottom: 5px;'>Contactos de puesta a tierra &#8211; Lat\u00f3n de 0.8 mm<\/li>\n<li style='margin-bottom: 5px;'>Tornillos de montaje &#8211; Acero cincado<\/li>\n<li style='margin-bottom: 5px;'>Correa de montaje &#8211; Lat\u00f3n de 1.3 mm<\/li>\n<li style='margin-bottom: 5px;'>Tornillo de terminal &#8211; Lat\u00f3n niquelado<\/li>\n<\/ul>\n<li style='margin-bottom: 5px;'><strong>Serie:<\/strong> Servicio pesado<\/li>\n<li style='margin-bottom: 5px;'><strong>Dimensiones:<\/strong><\/li>\n<ul style='padding-left: 25px; margin-top: 5px; margin-bottom: 10px;'>\n<li style='margin-bottom: 5px;'>3.28 in x 1.65 in x 1.19 in<\/li>\n<li style='margin-bottom: 5px;'>83.31 mm x 41.91 mm x 30.22 mm<\/li>\n<\/ul>\n<li style='margin-bottom: 5px;'><strong>Altura:<\/strong> 1.19 in (30.22 mm)<\/li>\n<li style='margin-bottom: 5px;'><strong>Largo:<\/strong> 3.28 in (83.31 mm)<\/li>\n<li style='margin-bottom: 5px;'><strong>Ancho:<\/strong> 1.65 in (41.91 mm)<\/li>\n<li style='margin-bottom: 5px;'><strong>Peso:<\/strong> 0.25 lb (0.11 kg)<\/li>\n<li style='margin-bottom: 5px;'><strong>Rango de amperaje:<\/strong> 20 A<\/li>\n<li style='margin-bottom: 5px;'><strong>Rango de Voltaje:<\/strong> 125 V<\/li>\n<li style='margin-bottom: 5px;'><strong>Resistencia diel\u00e9ctrica:<\/strong> Soporta un m\u00ednimo de 2000 V<\/li>\n<li style='margin-bottom: 5px;'><strong>Potencia:<\/strong> 2500 W<\/li>\n<li style='margin-bottom: 5px;'><strong>Tama\u00f1o de Cable:<\/strong> #14 AWG a #10 AWG<\/li>\n<li style='margin-bottom: 5px;'><strong>Nema:<\/strong> 5-20 R<\/li>\n<\/ul><\/div>\n<\/p><\/div>\n<\/p><\/div>\n","protected":false},"excerpt":{"rendered":"<p>Contacto D\u00faplex 20 A 125 V \/ 2 Polos 3 Hilos \/ Color Marfil \/Nema 5-20R \/Grado Industrial.<\/p>\n","protected":false},"featured_media":36998,"comment_status":"open","ping_status":"closed","template":"","meta":[],"product_brand":[],"product_cat":[1071],"product_tag":[1066,1072,705],"class_list":{"0":"post-36999","1":"product","2":"type-product","3":"status-publish","4":"has-post-thumbnail","6":"product_cat-extensiones-y-multicontactos","7":"product_tag-area-electrica","8":"product_tag-extensiones-y-multicontactos","9":"product_tag-hubbell","11":"first","12":"instock","13":"sale","14":"shipping-taxable","15":"purchasable","16":"product-type-simple"},"_links":{"self":[{"href":"https:\/\/soydeaqui.ddns.net\/pachuca\/index.php\/wp-json\/wp\/v2\/product\/36999","targetHints":{"allow":["GET"]}}],"collection":[{"href":"https:\/\/soydeaqui.ddns.net\/pachuca\/index.php\/wp-json\/wp\/v2\/product"}],"about":[{"href":"https:\/\/soydeaqui.ddns.net\/pachuca\/index.php\/wp-json\/wp\/v2\/types\/product"}],"replies":[{"embeddable":true,"href":"https:\/\/soydeaqui.ddns.net\/pachuca\/index.php\/wp-json\/wp\/v2\/comments?post=36999"}],"wp:featuredmedia":[{"embeddable":true,"href":"https:\/\/soydeaqui.ddns.net\/pachuca\/index.php\/wp-json\/wp\/v2\/media\/36998"}],"wp:attachment":[{"href":"https:\/\/soydeaqui.ddns.net\/pachuca\/index.php\/wp-json\/wp\/v2\/media?parent=36999"}],"wp:term":[{"taxonomy":"product_brand","embeddable":true,"href":"https:\/\/soydeaqui.ddns.net\/pachuca\/index.php\/wp-json\/wp\/v2\/product_brand?post=36999"},{"taxonomy":"product_cat","embeddable":true,"href":"https:\/\/soydeaqui.ddns.net\/pachuca\/index.php\/wp-json\/wp\/v2\/product_cat?post=36999"},{"taxonomy":"product_tag","embeddable":true,"href":"https:\/\/soydeaqui.ddns.net\/pachuca\/index.php\/wp-json\/wp\/v2\/product_tag?post=36999"}],"curies":[{"name":"wp","href":"https:\/\/api.w.org\/{rel}","templated":true}]}}