{"id":3686,"date":"2026-03-18T06:10:45","date_gmt":"2026-03-18T06:10:45","guid":{"rendered":"https:\/\/soydeaqui.ddns.net\/pachuca\/index.php\/producto\/altavoz-de-notificacion-y-senalizacion-de-audio\/"},"modified":"2026-03-18T06:10:45","modified_gmt":"2026-03-18T06:10:45","slug":"altavoz-de-notificacion-y-senalizacion-de-audio","status":"publish","type":"product","link":"https:\/\/soydeaqui.ddns.net\/pachuca\/index.php\/producto\/altavoz-de-notificacion-y-senalizacion-de-audio\/","title":{"rendered":"Altavoz de notificaci\u00f3n y se\u00f1alizaci\u00f3n de audio"},"content":{"rendered":"<div style='width: 100%; max-width: 1200px; margin: 0 auto; font-family: sans-serif; line-height: 1.6; color: inherit; background-color: transparent;'>\n<div style='display: flex; flex-wrap: wrap; gap: 30px; margin-bottom: 30px;'>\n<div style='flex: 1 1 300px; min-width: 280px;'>\n<h3 style='font-size: 22px; border-bottom: 2px solid currentColor; padding-bottom: 5px; margin-top: 0; color: inherit; opacity: 0.8;'>Descripci\u00f3n General<\/h3>\n<p style='font-size: 15px; color: inherit; margin-top: 10px; margin-bottom: 20px;'>Dise\u00f1ado con la \u00faltima tecnolog\u00eda en sistemas de altavoces de matriz en l\u00ednea&comma; LineWave est\u00e1 optimizado para producir comandos de voz claros y autorizados y tonos potentes nunca antes posibles en entornos reverberantes. La capacidad de formaci\u00f3n de haz del altavoz LineWave permite una cobertura uniforme en todo el plano de escucha mientras enfoca el patr\u00f3n ac\u00fastico lejos de las superficies que causan reflejos no deseados. Esta tecnolog\u00eda es esencial para lograr niveles \u00f3ptimos de inteligibilidad del habla dentro de espacios reverberantes.<\/p>\n<\/p><\/div>\n<div style='flex: 1 1 300px; min-width: 280px;'>\n<h3 style='font-size: 22px; border-bottom: 2px solid currentColor; padding-bottom: 5px; margin-top: 0; color: inherit; opacity: 0.8;'>Caracter\u00edsticas Principales<\/h3>\n<ul style='padding-left: 20px; font-size: 15px; color: inherit; margin-top: 10px;'>\n<li style='margin-bottom: 5px;'>Inteligibilidad de voz l\u00edder en espacios reverberantes<\/li>\n<li style='margin-bottom: 5px;'>123dB Max SPL @ 1 Metro<\/li>\n<li style='margin-bottom: 5px;'>Clasificado para aplicaciones interiores y exteriores<\/li>\n<li style='margin-bottom: 5px;'>Interfaz universal de montaje<\/li>\n<li style='margin-bottom: 5px;'>Configurable para 25V&comma; 70V&comma; 100V o 4\/8\/16\u03a9<\/li>\n<li style='margin-bottom: 5px;'>Construcci\u00f3n resistente a condiciones ambientales<\/li>\n<\/ul><\/div>\n<\/p><\/div>\n<div style='display: flex; flex-wrap: wrap; gap: 20px; margin-bottom: 30px;'>\n<div style='flex: 1 1 250px; border: 1px solid rgba(150&comma; 150&comma; 150&comma; 0.4); border-radius: 8px; overflow: hidden; display: flex; flex-direction: column;'>\n<div style='padding: 15px; border-bottom: 1px solid rgba(150&comma; 150&comma; 150&comma; 0.2); font-weight: bold; font-size: 18px; color: inherit;'>Especificaciones T\u00e9cnicas<\/div>\n<div style='padding: 15px; color: inherit;'>\n<ul style='padding-left: 20px; margin: 0; font-size: 14px; list-style-type: disc;'>\n<li style='margin-bottom: 5px;'><strong>Tipo:<\/strong> Altavoz de rango completo&comma; modo de columna<\/li>\n<li style='margin-bottom: 5px;'><strong>Modo de Operaci\u00f3n:<\/strong> 16\/8\/4\u03a9 con transformador opcional<\/li>\n<li style='margin-bottom: 5px;'><strong>N\u00famero de altavoces en la matriz:<\/strong> 16<\/li>\n<li style='margin-bottom: 5px;'><strong>Potencia M\u00e1xima:<\/strong> 160W<\/li>\n<li style='margin-bottom: 5px;'><strong>SPL M\u00e1ximo @ 1m:<\/strong> 123dB<\/li>\n<li style='margin-bottom: 5px;'><strong>SPL Pico @ 1m:<\/strong> 131dB<\/li>\n<li style='margin-bottom: 5px;'><strong>Impedancia Nominal:<\/strong> 4\u03a9&comma; 2 Canales<\/li>\n<\/ul><\/div>\n<\/p><\/div>\n<div style='flex: 1 1 250px; border: 1px solid rgba(150&comma; 150&comma; 150&comma; 0.4); border-radius: 8px; overflow: hidden; display: flex; flex-direction: column;'>\n<div style='padding: 15px; border-bottom: 1px solid rgba(150&comma; 150&comma; 150&comma; 0.2); font-weight: bold; font-size: 18px; color: inherit;'>Especificaciones T\u00e9cnicas<\/div>\n<div style='padding: 15px; color: inherit;'>\n<ul style='padding-left: 20px; margin: 0; font-size: 14px; list-style-type: disc;'>\n<li style='margin-bottom: 5px;'><strong>Cobertura Vertical -9dB:<\/strong> 10\u00b0 (Promedio 1kHz-4kHz)<\/li>\n<li style='margin-bottom: 5px;'><strong>Cobertura Horizontal -9dB:<\/strong> 187\u00b0 (Promedio 1kHz-4kHz)<\/li>\n<li style='margin-bottom: 5px;'><strong>Rango de Frecuencia:<\/strong> 250Hz-15kHz (+\/-6dB)<\/li>\n<li style='margin-bottom: 5px;'><strong>Procesamiento de Se\u00f1al de Entrada:<\/strong> Filtro de paso alto a 200Hz<\/li>\n<li style='margin-bottom: 5px;'><strong>Voltaje M\u00e1ximo de Entrada:<\/strong> 18V RMS&comma; 36V Pico<\/li>\n<li style='margin-bottom: 5px;'><strong>Material del Recipiente:<\/strong> Aluminio<\/li>\n<li style='margin-bottom: 5px;'><strong>Material de la Rejilla:<\/strong> Acero<\/li>\n<\/ul><\/div>\n<\/p><\/div>\n<div style='flex: 1 1 250px; border: 1px solid rgba(150&comma; 150&comma; 150&comma; 0.4); border-radius: 8px; overflow: hidden; display: flex; flex-direction: column;'>\n<div style='padding: 15px; border-bottom: 1px solid rgba(150&comma; 150&comma; 150&comma; 0.2); font-weight: bold; font-size: 18px; color: inherit;'>Especificaciones F\u00edsicas<\/div>\n<div style='padding: 15px; color: inherit;'>\n<ul style='padding-left: 20px; margin: 0; font-size: 14px; list-style-type: disc;'>\n<li style='margin-bottom: 5px;'><strong>Colores Disponibles:<\/strong> Negro&comma; Rojo&comma; Blanco&comma; Gris Seda<\/li>\n<li style='margin-bottom: 5px;'><strong>Conexi\u00f3n de Entrada:<\/strong> Cable SJOOW&comma; 6ft. proporcionado<\/li>\n<li style='margin-bottom: 5px;'><strong>Protecci\u00f3n Ingresos:<\/strong> Para interior y exterior<\/li>\n<li style='margin-bottom: 5px;'><strong>Dimensiones:<\/strong> 46.5&#8217;H x 4.9&#8217;W x 2.9&#8217;D<\/li>\n<li style='margin-bottom: 5px;'><strong>Peso Neto:<\/strong> 14.7 lbs<\/li>\n<li style='margin-bottom: 5px;'><strong>Rango de Temperatura:<\/strong> -20\u00b0C &#8211; 60\u00b0C<\/li>\n<\/ul><\/div>\n<\/p><\/div>\n<div style='flex: 1 1 250px; border: 1px solid rgba(150&comma; 150&comma; 150&comma; 0.4); border-radius: 8px; overflow: hidden; display: flex; flex-direction: column;'>\n<div style='padding: 15px; border-bottom: 1px solid rgba(150&comma; 150&comma; 150&comma; 0.2); font-weight: bold; font-size: 18px; color: inherit;'>Transformador<\/div>\n<div style='padding: 15px; color: inherit;'>\n<ul style='padding-left: 20px; margin: 0; font-size: 14px; list-style-type: disc;'>\n<li style='margin-bottom: 5px;'><strong>Tipo:<\/strong> Opcional<\/li>\n<li style='margin-bottom: 5px;'><strong>Configuraci\u00f3n:<\/strong> 25 \/ 70 \/ 100 Watts<\/li>\n<li style='margin-bottom: 5px;'><strong>Compatibilidad:<\/strong> 90243A-804<\/li>\n<li style='margin-bottom: 5px;'><strong>Potencia M\u00e1xima:<\/strong> 170W<\/li>\n<li style='margin-bottom: 5px;'><strong>Voltaje M\u00e1ximo de Supervisi\u00f3n:<\/strong> 32V DC<\/li>\n<li style='margin-bottom: 5px;'><strong>Material:<\/strong> Pl\u00e1stico<\/li>\n<li style='margin-bottom: 5px;'><strong>Peso:<\/strong> 6.5 lbs<\/li>\n<\/ul><\/div>\n<\/p><\/div>\n<\/p><\/div>\n<div style='display: flex; flex-wrap: wrap; gap: 20px; margin-bottom: 30px;'>\n<div style='flex: 1 1 250px; border: 1px solid rgba(150&comma; 150&comma; 150&comma; 0.4); border-radius: 8px; overflow: hidden; display: flex; flex-direction: column;'>\n<div style='padding: 15px; border-bottom: 1px solid rgba(150&comma; 150&comma; 150&comma; 0.2); font-weight: bold; font-size: 18px; color: inherit;'>Aplicaciones<\/div>\n<div style='padding: 15px; color: inherit;'>\n<ul style='padding-left: 20px; margin: 0; font-size: 14px; list-style-type: disc;'>\n<li style='margin-bottom: 5px;'>Sistemas de alarma y notificaci\u00f3n<\/li>\n<li style='margin-bottom: 5px;'>Sistemas de megafon\u00eda<\/li>\n<li style='margin-bottom: 5px;'>Sistemas de evacuaci\u00f3n de emergencia<\/li>\n<li style='margin-bottom: 5px;'>Sistemas de comunicaci\u00f3n cr\u00edtica<\/li>\n<li style='margin-bottom: 5px;'>Sistemas de seguridad p\u00fablica<\/li>\n<\/ul><\/div>\n<\/p><\/div>\n<div style='flex: 1 1 250px; border: 1px solid rgba(150&comma; 150&comma; 150&comma; 0.4); border-radius: 8px; overflow: hidden; display: flex; flex-direction: column;'>\n<div style='padding: 15px; border-bottom: 1px solid rgba(150&comma; 150&comma; 150&comma; 0.2); font-weight: bold; font-size: 18px; color: inherit;'>Certificaciones<\/div>\n<div style='padding: 15px; color: inherit;'>\n<ul style='padding-left: 20px; margin: 0; font-size: 14px; list-style-type: disc;'>\n<li style='margin-bottom: 5px;'>UL1480<\/li>\n<li style='margin-bottom: 5px;'>ULC<\/li>\n<\/ul><\/div>\n<\/p><\/div>\n<div style='flex: 1 1 250px; border: 1px solid rgba(150&comma; 150&comma; 150&comma; 0.4); border-radius: 8px; overflow: hidden; display: flex; flex-direction: column;'>\n<div style='padding: 15px; border-bottom: 1px solid rgba(150&comma; 150&comma; 150&comma; 0.2); font-weight: bold; font-size: 18px; color: inherit;'>Montaje<\/div>\n<div style='padding: 15px; color: inherit;'>\n<ul style='padding-left: 20px; margin: 0; font-size: 14px; list-style-type: disc;'>\n<li style='margin-bottom: 5px;'>Incluye hardware para montaje en pared<\/li>\n<li style='margin-bottom: 5px;'>Montaje en poste disponible (Modelo 72581B-801)<\/li>\n<li style='margin-bottom: 5px;'>Permite ajuste de \u00e1ngulo despu\u00e9s de instalaci\u00f3n<\/li>\n<\/ul><\/div>\n<\/p><\/div>\n<\/p><\/div>\n<div style='display: flex; flex-wrap: wrap; gap: 20px; margin-bottom: 30px;'>\n<div style='flex: 1 1 250px; border: 1px solid rgba(150&comma; 150&comma; 150&comma; 0.4); border-radius: 8px; overflow: hidden; display: flex; flex-direction: column;'>\n<div style='padding: 15px; border-bottom: 1px solid rgba(150&comma; 150&comma; 150&comma; 0.2); font-weight: bold; font-size: 18px; color: inherit;'>Especificaciones de Potencia<\/div>\n<div style='padding: 15px; color: inherit;'>\n<ul style='padding-left: 20px; margin: 0; font-size: 14px; list-style-type: disc;'>\n<li style='margin-bottom: 5px;'><strong>25V:<\/strong> 3.2W a 24.3W<\/li>\n<li style='margin-bottom: 5px;'><strong>70V:<\/strong> 24.3W a 159.3W<\/li>\n<li style='margin-bottom: 5px;'><strong>100V:<\/strong> 47.8W a 165.8W<\/li>\n<li style='margin-bottom: 5px;'><strong>Sensibilidad:<\/strong> 103.1dB @ 2.83V\/1m<\/li>\n<\/ul><\/div>\n<\/p><\/div>\n<\/p><\/div>\n<hr style='border: 0; border-top: 1px solid rgba(150&comma; 150&comma; 150&comma; 0.3); margin: 30px 0;'> <\/div>\n","protected":false},"excerpt":{"rendered":"<p>Altavoz de notificaci\u00f3n y se\u00f1alizaci\u00f3n de audio<\/p>\n","protected":false},"featured_media":3685,"comment_status":"open","ping_status":"closed","template":"","meta":[],"product_brand":[],"product_cat":[196],"product_tag":[197,109],"class_list":{"0":"post-3686","1":"product","2":"type-product","3":"status-publish","4":"has-post-thumbnail","6":"product_cat-hyperspike","7":"product_tag-hyperspike","8":"product_tag-megafonia-y-audioevacuacion","10":"first","11":"outofstock","12":"sale","13":"shipping-taxable","14":"purchasable","15":"product-type-simple"},"_links":{"self":[{"href":"https:\/\/soydeaqui.ddns.net\/pachuca\/index.php\/wp-json\/wp\/v2\/product\/3686","targetHints":{"allow":["GET"]}}],"collection":[{"href":"https:\/\/soydeaqui.ddns.net\/pachuca\/index.php\/wp-json\/wp\/v2\/product"}],"about":[{"href":"https:\/\/soydeaqui.ddns.net\/pachuca\/index.php\/wp-json\/wp\/v2\/types\/product"}],"replies":[{"embeddable":true,"href":"https:\/\/soydeaqui.ddns.net\/pachuca\/index.php\/wp-json\/wp\/v2\/comments?post=3686"}],"wp:featuredmedia":[{"embeddable":true,"href":"https:\/\/soydeaqui.ddns.net\/pachuca\/index.php\/wp-json\/wp\/v2\/media\/3685"}],"wp:attachment":[{"href":"https:\/\/soydeaqui.ddns.net\/pachuca\/index.php\/wp-json\/wp\/v2\/media?parent=3686"}],"wp:term":[{"taxonomy":"product_brand","embeddable":true,"href":"https:\/\/soydeaqui.ddns.net\/pachuca\/index.php\/wp-json\/wp\/v2\/product_brand?post=3686"},{"taxonomy":"product_cat","embeddable":true,"href":"https:\/\/soydeaqui.ddns.net\/pachuca\/index.php\/wp-json\/wp\/v2\/product_cat?post=3686"},{"taxonomy":"product_tag","embeddable":true,"href":"https:\/\/soydeaqui.ddns.net\/pachuca\/index.php\/wp-json\/wp\/v2\/product_tag?post=3686"}],"curies":[{"name":"wp","href":"https:\/\/api.w.org\/{rel}","templated":true}]}}