{"id":3662,"date":"2026-03-18T06:10:28","date_gmt":"2026-03-18T06:10:28","guid":{"rendered":"https:\/\/soydeaqui.ddns.net\/pachuca\/index.php\/producto\/microfono-remoto-de-4-zonas-para-sistema-de-voceo-compatible-con-amplificadores-sf4240uc-y-sf2240uc-2\/"},"modified":"2026-03-18T06:10:28","modified_gmt":"2026-03-18T06:10:28","slug":"microfono-remoto-de-4-zonas-para-sistema-de-voceo-compatible-con-amplificadores-sf4240uc-y-sf2240uc-2","status":"publish","type":"product","link":"https:\/\/soydeaqui.ddns.net\/pachuca\/index.php\/producto\/microfono-remoto-de-4-zonas-para-sistema-de-voceo-compatible-con-amplificadores-sf4240uc-y-sf2240uc-2\/","title":{"rendered":"Microfono Remoto de 4 Zonas Para Sistema de Voceo | Compatible Con Amplificadores SF4240UC y SF2240UC"},"content":{"rendered":"<div style='width: 100%; max-width: 1200px; margin: 0 auto; font-family: sans-serif; line-height: 1.6; color: inherit; background-color: transparent;'> <!-- Secci\u00f3n de descripci\u00f3n principal --> <\/p>\n<div style='margin-bottom: 30px;'>\n<h3 style='font-size: 22px; border-bottom: 2px solid currentColor; padding-bottom: 5px; margin-top: 0; color: inherit; opacity: 0.8;'>Microfono de voceo con capacidad de 4 zonas<\/h3>\n<p style='font-size: 15px; color: inherit; margin-top: 15px; margin-bottom: 15px;'> El micr\u00f3fono de voceo SF-214B con capacidad de 4 zonas puede ser utilizado solo con el amplificador SF-2240UC y SF-4240UC. Est\u00e1n conectados por el puerto RJ45 a trav\u00e9s de cable CAT5&comma; se pueden conectar en cascada un m\u00e1ximo de 4 micr\u00f3fonos hacia un amplificador&comma; cuenta con un medidor de nivel de 10 segmentos para mostrar el nivel de salida. <\/p>\n<\/p><\/div>\n<p> <!-- Secci\u00f3n de caracter\u00edsticas --> <\/p>\n<div style='display: flex; flex-wrap: wrap; gap: 30px; margin-bottom: 30px;'>\n<div style='flex: 1 1 300px; min-width: 280px;'>\n<h3 style='font-size: 20px; border-bottom: 2px solid currentColor; padding-bottom: 5px; margin-top: 0; color: inherit; opacity: 0.8;'>Caracter\u00edsticas<\/h3>\n<ul style='padding-left: 20px; font-size: 15px; color: inherit; list-style-type: disc;'>\n<li style='margin-bottom: 5px;'>Con <strong>pantalla t\u00e1ctil<\/strong>&comma; bot\u00f3n de selecci\u00f3n de zona: el usuario puede elegir de manera flexible de 1 a 4 zonas (simple\/m\u00faltiple\/todas las zonas) para la localizaci\u00f3n.<\/li>\n<li style='margin-bottom: 5px;'>Con micr\u00f3fono de alta fidelidad&comma; bot\u00f3n de llamada y bot\u00f3n de timbre: presione el bot\u00f3n de llamada cuando el bot\u00f3n de timbre est\u00e9 encendido&comma; escuchar\u00e1 el timbre al principio.<\/li>\n<li style='margin-bottom: 5px;'>Selecci\u00f3n de n\u00famero de timbre: 2 tonos o 4 tonos.<\/li>\n<li style='margin-bottom: 5px;'>Configuraci\u00f3n del c\u00f3digo de direcci\u00f3n: despu\u00e9s de encenderlo&comma; mantenga presionado el bot\u00f3n ZONE1-4 para configurar sus c\u00f3digos de direcci\u00f3n&comma; respectivamente. Luz roja intermitente significa el ajuste est\u00e1 en curso. No se permite duplicar el c\u00f3digo de direcci\u00f3n del micr\u00f3fono. El micr\u00f3fono con el c\u00f3digo de direcci\u00f3n \u201c01\u201d tiene la mayor prioridad&comma; y puede anular otro micr\u00f3fono cuando se presiona.<\/li>\n<li style='margin-bottom: 5px;'>Funci\u00f3n de espera autom\u00e1tica: cuando no se detecta se\u00f1al del micr\u00f3fono durante un minuto&comma; la llamada finalizar\u00e1 autom\u00e1ticamente. Y la luz del bot\u00f3n de llamada es apagado.<\/li>\n<li style='margin-bottom: 5px;'>Fuente de alimentaci\u00f3n de 24 V CC.<\/li>\n<li style='margin-bottom: 5px;'>El puerto en l\u00ednea RS485 se puede conectar en cascada a 4 SF-214B.<\/li>\n<li style='margin-bottom: 5px;'>Ajuste de volumen MIC\/ Chime\/ Master.<\/li>\n<li style='margin-bottom: 5px;'>Con pantalla de 10 niveles de volumen.<\/li>\n<li style='margin-bottom: 5px;'>El micr\u00f3fono admite la funci\u00f3n de anulaci\u00f3n y puesta en cola durante el uso en l\u00ednea<\/li>\n<\/ul><\/div>\n<\/p><\/div>\n<p> <!-- Separador --> <\/p>\n<hr style='border: 0; border-top: 1px solid rgba(150&comma; 150&comma; 150&comma; 0.3); margin: 30px 0;'> <\/div>\n","protected":false},"excerpt":{"rendered":"<p>Microfono Remoto de 4 Zonas Para Sistema de Voceo | Compatible Con Amplificadores SF4240UC y SF2240UC<\/p>\n","protected":false},"featured_media":3661,"comment_status":"open","ping_status":"closed","template":"","meta":[],"product_brand":[],"product_cat":[108],"product_tag":[110,109],"class_list":{"0":"post-3662","1":"product","2":"type-product","3":"status-publish","4":"has-post-thumbnail","6":"product_cat-epcom-proaudio","7":"product_tag-epcom-proaudio","8":"product_tag-megafonia-y-audioevacuacion","10":"first","11":"instock","12":"sale","13":"shipping-taxable","14":"purchasable","15":"product-type-simple"},"_links":{"self":[{"href":"https:\/\/soydeaqui.ddns.net\/pachuca\/index.php\/wp-json\/wp\/v2\/product\/3662","targetHints":{"allow":["GET"]}}],"collection":[{"href":"https:\/\/soydeaqui.ddns.net\/pachuca\/index.php\/wp-json\/wp\/v2\/product"}],"about":[{"href":"https:\/\/soydeaqui.ddns.net\/pachuca\/index.php\/wp-json\/wp\/v2\/types\/product"}],"replies":[{"embeddable":true,"href":"https:\/\/soydeaqui.ddns.net\/pachuca\/index.php\/wp-json\/wp\/v2\/comments?post=3662"}],"wp:featuredmedia":[{"embeddable":true,"href":"https:\/\/soydeaqui.ddns.net\/pachuca\/index.php\/wp-json\/wp\/v2\/media\/3661"}],"wp:attachment":[{"href":"https:\/\/soydeaqui.ddns.net\/pachuca\/index.php\/wp-json\/wp\/v2\/media?parent=3662"}],"wp:term":[{"taxonomy":"product_brand","embeddable":true,"href":"https:\/\/soydeaqui.ddns.net\/pachuca\/index.php\/wp-json\/wp\/v2\/product_brand?post=3662"},{"taxonomy":"product_cat","embeddable":true,"href":"https:\/\/soydeaqui.ddns.net\/pachuca\/index.php\/wp-json\/wp\/v2\/product_cat?post=3662"},{"taxonomy":"product_tag","embeddable":true,"href":"https:\/\/soydeaqui.ddns.net\/pachuca\/index.php\/wp-json\/wp\/v2\/product_tag?post=3662"}],"curies":[{"name":"wp","href":"https:\/\/api.w.org\/{rel}","templated":true}]}}