{"id":36589,"date":"2026-03-18T16:09:57","date_gmt":"2026-03-18T16:09:57","guid":{"rendered":"https:\/\/soydeaqui.ddns.net\/pachuca\/index.php\/producto\/cilindro-para-calibracion-de-detectores-de-gas-dioxido-de-nitrogeno-no2-macurco\/"},"modified":"2026-03-18T16:09:58","modified_gmt":"2026-03-18T16:09:58","slug":"cilindro-para-calibracion-de-detectores-de-gas-dioxido-de-nitrogeno-no2-macurco","status":"publish","type":"product","link":"https:\/\/soydeaqui.ddns.net\/pachuca\/index.php\/producto\/cilindro-para-calibracion-de-detectores-de-gas-dioxido-de-nitrogeno-no2-macurco\/","title":{"rendered":"Cilindro Para Calibraci\u00f3n de Detectores de Gas Di\u00f3xido de Nitr\u00f3geno NO2 MACURCO"},"content":{"rendered":"<div style='width: 100%; max-width: 1200px; margin: 0 auto; font-family: sans-serif; line-height: 1.6; color: inherit; background-color: transparent;'>\n<div style='display: flex; flex-wrap: wrap; gap: 30px; margin-bottom: 30px;'>\n<div style='flex: 1 1 300px; min-width: 280px;'>\n<p style='font-size: 16px; color: inherit; margin-top: 0; margin-bottom: 20px;'>La familia de detectores de las series Macurco 6 y 12 requiere pruebas y calibraci\u00f3n de rutina. Cada detector tiene un kit de prueba\/calibraci\u00f3n correspondiente para probar y calibrar los detectores en campo. Los sensores pueden ser menos precisos con el tiempo&comma; por lo que se recomienda tener un plan de mantenimiento para garantizar que los detectores respondan a la presencia del gas apropiadamente.<\/p>\n<p style='font-size: 16px; color: inherit; margin-bottom: 20px;'>Una calibraci\u00f3n de gas es el proceso de exponer un sensor a un gas objetivo a una concentraci\u00f3n espec\u00edfica y luego ajustar el detector de gas para leer esa gas concentraci\u00f3n correctamente. Macurco recomienda probar y calibrar al menos una vez al a\u00f1o en un m\u00ednimo&comma; pero dependiendo del sitio y el potencial de riesgo de la aplicaci\u00f3n&comma; puede ser necesario con mayor frecuencia. Consulte con las autoridades locales para conocer las reglamentaciones locales espec\u00edficas.<\/p>\n<div style='margin-bottom: 20px;'>\n<h3 style='font-size: 18px; border-bottom: 2px solid currentColor; padding-bottom: 5px; margin-top: 0; color: inherit; opacity: 0.8;'>Compatibilidad<\/h3>\n<ul style='padding-left: 20px; font-size: 15px; color: inherit;'>\n<li style='margin-bottom: 5px;'>Detector Macurco CX-6<\/li>\n<li style='margin-bottom: 5px;'>Detector Macurco TX-ND-6<\/li>\n<li style='margin-bottom: 5px;'>Kit de calibraci\u00f3n Cal-Kit 2<\/li>\n<\/ul><\/div>\n<div>\n<h3 style='font-size: 18px; border-bottom: 2px solid currentColor; padding-bottom: 5px; margin-top: 0; color: inherit; opacity: 0.8;'>Precauciones<\/h3>\n<ul style='padding-left: 20px; font-size: 15px; color: inherit;'>\n<li style='margin-bottom: 5px;'><strong>H280 &#8211;<\/strong> Contiene GAS BAJO PRESION puede EXPLOTAR si se calienta<\/li>\n<li style='margin-bottom: 5px;'><strong>Advertencia:<\/strong> Puede causar da\u00f1o a los organos<\/li>\n<li style='margin-bottom: 5px;'><strong>Peligro:<\/strong> En caso de liberaci\u00f3n del gas puede reemplazar al oxigeno y causar asfixia r\u00e1pidamente<\/li>\n<\/ul><\/div>\n<\/p><\/div>\n<\/p><\/div>\n<p> <!-- Separador --> <\/p>\n<hr style='border: 0; border-top: 1px solid rgba(150&comma; 150&comma; 150&comma; 0.3); margin: 30px 0;'> <\/div>\n","protected":false},"excerpt":{"rendered":"<p>Cilindro Para Calibraci\u00f3n de Detectores de Gas Di\u00f3xido de Nitr\u00f3geno NO2 MACURCO<\/p>\n","protected":false},"featured_media":36588,"comment_status":"open","ping_status":"closed","template":"","meta":[],"product_brand":[],"product_cat":[987],"product_tag":[988,522,989],"class_list":{"0":"post-36589","1":"product","2":"type-product","3":"status-publish","4":"has-post-thumbnail","6":"product_cat-detectores-de-gases","7":"product_tag-detectores-de-gases","8":"product_tag-dispositivos-convencionales","9":"product_tag-macurco-aerionics","11":"first","12":"outofstock","13":"sale","14":"shipping-taxable","15":"purchasable","16":"product-type-simple"},"_links":{"self":[{"href":"https:\/\/soydeaqui.ddns.net\/pachuca\/index.php\/wp-json\/wp\/v2\/product\/36589","targetHints":{"allow":["GET"]}}],"collection":[{"href":"https:\/\/soydeaqui.ddns.net\/pachuca\/index.php\/wp-json\/wp\/v2\/product"}],"about":[{"href":"https:\/\/soydeaqui.ddns.net\/pachuca\/index.php\/wp-json\/wp\/v2\/types\/product"}],"replies":[{"embeddable":true,"href":"https:\/\/soydeaqui.ddns.net\/pachuca\/index.php\/wp-json\/wp\/v2\/comments?post=36589"}],"wp:featuredmedia":[{"embeddable":true,"href":"https:\/\/soydeaqui.ddns.net\/pachuca\/index.php\/wp-json\/wp\/v2\/media\/36588"}],"wp:attachment":[{"href":"https:\/\/soydeaqui.ddns.net\/pachuca\/index.php\/wp-json\/wp\/v2\/media?parent=36589"}],"wp:term":[{"taxonomy":"product_brand","embeddable":true,"href":"https:\/\/soydeaqui.ddns.net\/pachuca\/index.php\/wp-json\/wp\/v2\/product_brand?post=36589"},{"taxonomy":"product_cat","embeddable":true,"href":"https:\/\/soydeaqui.ddns.net\/pachuca\/index.php\/wp-json\/wp\/v2\/product_cat?post=36589"},{"taxonomy":"product_tag","embeddable":true,"href":"https:\/\/soydeaqui.ddns.net\/pachuca\/index.php\/wp-json\/wp\/v2\/product_tag?post=36589"}],"curies":[{"name":"wp","href":"https:\/\/api.w.org\/{rel}","templated":true}]}}