{"id":365,"date":"2026-03-18T05:39:00","date_gmt":"2026-03-18T05:39:00","guid":{"rendered":"https:\/\/soydeaqui.ddns.net\/pachuca\/index.php\/producto\/carrete-de-cable-de-305-metros-1000-pies-4-x-16-awg-cable-direct-burial-color-negro-para-uso-en-intemperie-uso-en-aplicaciones-en-sistemas-de-deteccin-de-incendio-y-sistemas-de-evacuacin\/"},"modified":"2026-03-18T05:39:00","modified_gmt":"2026-03-18T05:39:00","slug":"carrete-de-cable-de-305-metros-1000-pies-4-x-16-awg-cable-direct-burial-color-negro-para-uso-en-intemperie-uso-en-aplicaciones-en-sistemas-de-deteccin-de-incendio-y-sistemas-de-evacuacin","status":"publish","type":"product","link":"https:\/\/soydeaqui.ddns.net\/pachuca\/index.php\/producto\/carrete-de-cable-de-305-metros-1000-pies-4-x-16-awg-cable-direct-burial-color-negro-para-uso-en-intemperie-uso-en-aplicaciones-en-sistemas-de-deteccin-de-incendio-y-sistemas-de-evacuacin\/","title":{"rendered":"Carrete de Cable de 305 Metros (1000 Pies) \/ 4 x 16 AWG \/ Cable Direct Burial \/ Color Negro \/ Para Uso en Intemperie \/ Uso en Aplicaciones en Sistemas de Detecci?n de Incendio y Sistemas de Evacuaci?n"},"content":{"rendered":"<div style='width: 100%; max-width: 1200px; margin: 0 auto; font-family: sans-serif; line-height: 1.6; color: inherit; background-color: transparent;'> <!-- Imagen RoHS --> <\/p>\n<div style='margin-bottom: 20px;'> <img style='width: 100%; max-width: 59px; height: auto; border: 1px solid rgba(150&comma;150&comma;150&comma;0.3); border-radius: 8px;' src='http:\/\/ftp3.syscom.mx\/usuarios\/maguilar\/Icons\/RoHS%20Icon.png' alt=''> <\/div>\n<p> <!-- Descripci\u00f3n principal --> <\/p>\n<div style='margin-bottom: 30px;'>\n<h3 style='font-size: 20px; margin-top: 0; color: inherit;'><strong>CABLE PARA ENTERRADO DIRECTO DE 4 CONDUCTORES CALIBRE 16 CON FORRO NEGRO APLICACIONES EN ALARMAS&comma; SISTEMAS DE SEGURIDAD. AUTOMATIZACI\u00d3N&comma; MULTIPROP\u00d3SITO.<\/strong><\/h3>\n<p style='color: inherit;'>Los cables para enterrado directo de la serie Genesis est\u00e1n especialmente dise\u00f1ados para ser enterrados bajo tierra. Fabricados con una funda m\u00e1s estriada&comma; estos cables presentan un umbral m\u00e1s elevado de resistencia al estrujamiento y al impacto. Nuestros cables de exterior&comma; no solo est\u00e1n dise\u00f1ados para ser enterrados&comma; sino que tambi\u00e9n se prueban de manera independiente; adem\u00e1s&comma; est\u00e1n aprobados para cumplir con los requisitos de enterrado directo y lugares h\u00famedos.<\/p>\n<\/p><\/div>\n<p> <!-- Secci\u00f3n de caracter\u00edsticas con grid --> <\/p>\n<div style='display: grid; grid-template-columns: repeat(auto-fill&comma; minmax(280px&comma; 1fr)); gap: 30px; margin-bottom: 30px;'> <!-- Caracter\u00edsticas --> <\/p>\n<div style='border: 1px solid rgba(150&comma; 150&comma; 150&comma; 0.4); border-radius: 8px; padding: 15px;'>\n<h3 style='font-size: 18px; border-bottom: 2px solid currentColor; padding-bottom: 5px; margin-top: 0; color: inherit; opacity: 0.8;'>Caracter\u00edsticas<\/h3>\n<ul style='padding-left: 20px; font-size: 15px; color: inherit; list-style-type: disc;'>\n<li style='margin-bottom: 5px;'>Alarmas de detecci\u00f3n de robo<\/li>\n<li style='margin-bottom: 5px;'>Paneles con tecnolog\u00eda convencional<\/li>\n<li style='margin-bottom: 5px;'>Sistemas de seguridad<\/li>\n<li style='margin-bottom: 5px;'>Aplicaci\u00f3n multiprop\u00f3sito<\/li>\n<\/ul><\/div>\n<p> <!-- Caracter\u00edsticas f\u00edsicas y el\u00e9ctricas --> <\/p>\n<div style='border: 1px solid rgba(150&comma; 150&comma; 150&comma; 0.4); border-radius: 8px; padding: 15px;'>\n<h3 style='font-size: 18px; border-bottom: 2px solid currentColor; padding-bottom: 5px; margin-top: 0; color: inherit; opacity: 0.8;'>Caracter\u00edsticas f\u00edsicas y el\u00e9ctricas<\/h3>\n<ul style='padding-left: 20px; font-size: 15px; color: inherit; list-style-type: disc;'>\n<li style='margin-bottom: 5px;'><strong>Tipo:<\/strong> 4 x 16 AWG<\/li>\n<li style='margin-bottom: 5px;'><strong>Color externo:<\/strong> Negro<\/li>\n<li style='margin-bottom: 5px;'><strong>Color interno:<\/strong> Negro&comma; Rojo&comma; Verde&comma; Amarillo<\/li>\n<li style='margin-bottom: 5px;'><strong>Di\u00e1metro exterior (mm):<\/strong> 8.20<\/li>\n<li style='margin-bottom: 5px;'><strong>FPL (Fire Power Limited):<\/strong> Cable de uso general en aplicaci\u00f3n de incendio<\/li>\n<li style='margin-bottom: 5px;'><strong>Temperatura de operaci\u00f3n:<\/strong> -20\u00b0C a 75\u00b0C<\/li>\n<\/ul><\/div>\n<p> <!-- Est\u00e1ndares --> <\/p>\n<div style='border: 1px solid rgba(150&comma; 150&comma; 150&comma; 0.4); border-radius: 8px; padding: 15px;'>\n<h3 style='font-size: 18px; border-bottom: 2px solid currentColor; padding-bottom: 5px; margin-top: 0; color: inherit; opacity: 0.8;'>Est\u00e1ndares<\/h3>\n<ul style='padding-left: 20px; font-size: 15px; color: inherit; list-style-type: disc;'>\n<li style='margin-bottom: 5px;'>UL<\/li>\n<li style='margin-bottom: 5px;'>FPL&comma; CL2&comma; Enterrado Directo<\/li>\n<li style='margin-bottom: 5px;'>RoHS Compliant<\/li>\n<\/ul><\/div>\n<\/p><\/div>\n<p> <!-- Nota de precio --> <\/p>\n<div style='margin-top: 20px;'>\n<p style='color: inherit;'><strong>* Precio por bobina de 305 metros.<\/strong><\/p>\n<\/p><\/div>\n<\/p><\/div>\n","protected":false},"excerpt":{"rendered":"<p>Carrete de Cable de 305 Metros (1000 Pies) \/ 4 x 16 AWG \/ Cable Direct Burial \/ Color Negro \/ Para Uso en Intemperie \/ Uso en Aplicaciones en Sistemas de Detecci?n de Incendio y Sistemas de Evacuaci?n<\/p>\n","protected":false},"featured_media":364,"comment_status":"open","ping_status":"closed","template":"","meta":[],"product_brand":[],"product_cat":[137],"product_tag":[138,139,62],"class_list":{"0":"post-365","1":"product","2":"type-product","3":"status-publish","4":"has-post-thumbnail","6":"product_cat-todos-cables","7":"product_tag-cables","8":"product_tag-genesis","9":"product_tag-todos","11":"first","12":"outofstock","13":"sale","14":"shipping-taxable","15":"purchasable","16":"product-type-simple"},"_links":{"self":[{"href":"https:\/\/soydeaqui.ddns.net\/pachuca\/index.php\/wp-json\/wp\/v2\/product\/365","targetHints":{"allow":["GET"]}}],"collection":[{"href":"https:\/\/soydeaqui.ddns.net\/pachuca\/index.php\/wp-json\/wp\/v2\/product"}],"about":[{"href":"https:\/\/soydeaqui.ddns.net\/pachuca\/index.php\/wp-json\/wp\/v2\/types\/product"}],"replies":[{"embeddable":true,"href":"https:\/\/soydeaqui.ddns.net\/pachuca\/index.php\/wp-json\/wp\/v2\/comments?post=365"}],"wp:featuredmedia":[{"embeddable":true,"href":"https:\/\/soydeaqui.ddns.net\/pachuca\/index.php\/wp-json\/wp\/v2\/media\/364"}],"wp:attachment":[{"href":"https:\/\/soydeaqui.ddns.net\/pachuca\/index.php\/wp-json\/wp\/v2\/media?parent=365"}],"wp:term":[{"taxonomy":"product_brand","embeddable":true,"href":"https:\/\/soydeaqui.ddns.net\/pachuca\/index.php\/wp-json\/wp\/v2\/product_brand?post=365"},{"taxonomy":"product_cat","embeddable":true,"href":"https:\/\/soydeaqui.ddns.net\/pachuca\/index.php\/wp-json\/wp\/v2\/product_cat?post=365"},{"taxonomy":"product_tag","embeddable":true,"href":"https:\/\/soydeaqui.ddns.net\/pachuca\/index.php\/wp-json\/wp\/v2\/product_tag?post=365"}],"curies":[{"name":"wp","href":"https:\/\/api.w.org\/{rel}","templated":true}]}}