{"id":36446,"date":"2026-03-18T16:06:55","date_gmt":"2026-03-18T16:06:55","guid":{"rendered":"https:\/\/soydeaqui.ddns.net\/pachuca\/index.php\/producto\/certificacion-niagara-4-fundamentos-de-supervisor\/"},"modified":"2026-03-18T16:06:55","modified_gmt":"2026-03-18T16:06:55","slug":"certificacion-niagara-4-fundamentos-de-supervisor","status":"publish","type":"product","link":"https:\/\/soydeaqui.ddns.net\/pachuca\/index.php\/producto\/certificacion-niagara-4-fundamentos-de-supervisor\/","title":{"rendered":"Certificacion NIAGARA 4 , fundamentos de supervisor"},"content":{"rendered":"<div style='width: 100%; max-width: 1200px; margin: 0 auto; font-family: sans-serif; line-height: 1.6; color: inherit; background-color: transparent;'>\n<div style='display: flex; flex-wrap: wrap; gap: 30px; margin-bottom: 30px;'>\n<div style='flex: 1 1 300px; min-width: 280px;'>\n<h3 style='font-size: 22px; border-bottom: 2px solid currentColor; padding-bottom: 5px; margin-top: 0; color: inherit; opacity: 0.8;'>Descripci\u00f3n del curso<\/h3>\n<p style='font-size: 15px; color: inherit;'>Este entrenamiento enfatiza el desarrollo y la funcionalidad de un sistema Niagara 4 basado en Niagara Network. Los estudiantes aprender\u00e1n los fundamentos de Niagara Network&comma; integraci\u00f3n de dispositivos Niagara&comma; creaci\u00f3n de interfaz gr\u00e1fica y gesti\u00f3n de Alarmas e Hist\u00f3ricos.<\/p>\n<\/p><\/div>\n<\/p><\/div>\n<div style='display: flex; flex-wrap: wrap; gap: 20px; margin-bottom: 30px;'>\n<div style='flex: 1 1 250px; border: 1px solid rgba(150&comma; 150&comma; 150&comma; 0.4); border-radius: 8px; overflow: hidden; display: flex; flex-direction: column;'>\n<div style='padding: 15px; border-bottom: 1px solid rgba(150&comma; 150&comma; 150&comma; 0.2); font-weight: bold; font-size: 18px; color: inherit;'>Objetivos del curso<\/div>\n<div style='padding: 15px; color: inherit;'>\n<ul style='padding-left: 20px; margin: 0; font-size: 14px; list-style-type: disc;'>\n<li style='margin-bottom: 5px;'>Conectarse al Platform del N4 Supervisor<\/li>\n<li style='margin-bottom: 5px;'>Crear un Station<\/li>\n<li style='margin-bottom: 5px;'>Descargar la licencia<\/li>\n<li style='margin-bottom: 5px;'>Crear una interfaz de gr\u00e1fica con la librer\u00eda en Niagara 4<\/li>\n<li style='margin-bottom: 5px;'>Crear\/editar\/eliminar horarios globales<\/li>\n<li style='margin-bottom: 5px;'>Importar\/exportar alarmas<\/li>\n<li style='margin-bottom: 5px;'>Importar\/exportar hist\u00f3ricos<\/li>\n<li style='margin-bottom: 5px;'>Realizar una conexi\u00f3n Station-to-Station<\/li>\n<li style='margin-bottom: 5px;'>Administraci\u00f3n de Usuarios y sus Permisos<\/li>\n<\/ul><\/div>\n<\/p><\/div>\n<div style='flex: 1 1 250px; border: 1px solid rgba(150&comma; 150&comma; 150&comma; 0.4); border-radius: 8px; overflow: hidden; display: flex; flex-direction: column;'>\n<div style='padding: 15px; border-bottom: 1px solid rgba(150&comma; 150&comma; 150&comma; 0.2); font-weight: bold; font-size: 18px; color: inherit;'>Requisitos del participante<\/div>\n<div style='padding: 15px; color: inherit;'>\n<ul style='padding-left: 20px; margin: 0; font-size: 14px; list-style-type: disc;'>\n<li style='margin-bottom: 5px;'>Equipo de c\u00f3mputo con Windows 10 y con Webcam (o webcam externa)<\/li>\n<li style='margin-bottom: 5px;'>Instalar Microsoft Teams<\/li>\n<li style='margin-bottom: 5px;'>Instalar AnyDesk<\/li>\n<li style='margin-bottom: 5px;'>Monitor externo adicional del equipo de c\u00f3mputo<\/li>\n<li style='margin-bottom: 5px;'>Auriculares con micr\u00f3fono de buena calidad<\/li>\n<li style='margin-bottom: 5px;'>Servicio de internet de banda ancha<\/li>\n<li style='margin-bottom: 5px;'>\u00c1rea tranquila para trabajar&comma; libre de distracciones<\/li>\n<\/ul><\/div>\n<\/p><\/div>\n<\/p><\/div>\n<hr style='border: 0; border-top: 1px solid rgba(150&comma; 150&comma; 150&comma; 0.3); margin: 30px 0;'> <\/div>\n","protected":false},"excerpt":{"rendered":"<p>Certificacion NIAGARA 4 , fundamentos de supervisor<\/p>\n","protected":false},"featured_media":36445,"comment_status":"open","ping_status":"closed","template":"","meta":[],"product_brand":[],"product_cat":[1034],"product_tag":[1035,1036,1037],"class_list":{"0":"post-36446","1":"product","2":"type-product","3":"status-publish","4":"has-post-thumbnail","6":"product_cat-bms-bas","7":"product_tag-bms","8":"product_tag-bms-bas","9":"product_tag-honeywell-bms","11":"first","12":"instock","13":"sale","14":"shipping-taxable","15":"purchasable","16":"product-type-simple"},"_links":{"self":[{"href":"https:\/\/soydeaqui.ddns.net\/pachuca\/index.php\/wp-json\/wp\/v2\/product\/36446","targetHints":{"allow":["GET"]}}],"collection":[{"href":"https:\/\/soydeaqui.ddns.net\/pachuca\/index.php\/wp-json\/wp\/v2\/product"}],"about":[{"href":"https:\/\/soydeaqui.ddns.net\/pachuca\/index.php\/wp-json\/wp\/v2\/types\/product"}],"replies":[{"embeddable":true,"href":"https:\/\/soydeaqui.ddns.net\/pachuca\/index.php\/wp-json\/wp\/v2\/comments?post=36446"}],"wp:featuredmedia":[{"embeddable":true,"href":"https:\/\/soydeaqui.ddns.net\/pachuca\/index.php\/wp-json\/wp\/v2\/media\/36445"}],"wp:attachment":[{"href":"https:\/\/soydeaqui.ddns.net\/pachuca\/index.php\/wp-json\/wp\/v2\/media?parent=36446"}],"wp:term":[{"taxonomy":"product_brand","embeddable":true,"href":"https:\/\/soydeaqui.ddns.net\/pachuca\/index.php\/wp-json\/wp\/v2\/product_brand?post=36446"},{"taxonomy":"product_cat","embeddable":true,"href":"https:\/\/soydeaqui.ddns.net\/pachuca\/index.php\/wp-json\/wp\/v2\/product_cat?post=36446"},{"taxonomy":"product_tag","embeddable":true,"href":"https:\/\/soydeaqui.ddns.net\/pachuca\/index.php\/wp-json\/wp\/v2\/product_tag?post=36446"}],"curies":[{"name":"wp","href":"https:\/\/api.w.org\/{rel}","templated":true}]}}