{"id":36444,"date":"2026-03-18T16:06:53","date_gmt":"2026-03-18T16:06:53","guid":{"rendered":"https:\/\/soydeaqui.ddns.net\/pachuca\/index.php\/producto\/certificacion-de-controladores-niagara-4\/"},"modified":"2026-03-18T16:06:53","modified_gmt":"2026-03-18T16:06:53","slug":"certificacion-de-controladores-niagara-4","status":"publish","type":"product","link":"https:\/\/soydeaqui.ddns.net\/pachuca\/index.php\/producto\/certificacion-de-controladores-niagara-4\/","title":{"rendered":"Certificacion de controladores NIAGARA 4"},"content":{"rendered":"<div style='width: 100%; max-width: 1200px; margin: 0 auto; font-family: sans-serif; line-height: 1.6; color: inherit; background-color: transparent;'>\n<div style='display: flex; flex-wrap: wrap; gap: 30px; margin-bottom: 30px;'>\n<div style='flex: 1 1 300px; min-width: 280px;'>\n<h3 style='font-size: 22px; border-bottom: 2px solid currentColor; padding-bottom: 5px; margin-top: 0; color: inherit; opacity: 0.8;'>Descripci\u00f3n<\/h3>\n<p style='font-size: 15px; color: inherit; margin-bottom: 20px;'>Este entrenamiento enfatiza el desarrollo y puesta en marcha utilizando un controlador JACE-8000. Los estudiantes aprender\u00e1n los fundamentos de Niagara 4&comma; integraci\u00f3n de dispositivos BACnet y Modbus&comma; creaci\u00f3n de interfaz gr\u00e1fica&comma; gesti\u00f3n de Alarmas e Hist\u00f3ricos y funcionalidad de Niagara Network.<\/p>\n<h4 style='font-size: 18px; color: inherit; margin-top: 25px; margin-bottom: 15px; opacity: 0.85;'>Objetivos<\/h4>\n<ul style='padding-left: 20px; font-size: 15px; color: inherit;'>\n<li style='margin-bottom: 5px;'>Conectarse al Platform del JACE-8000<\/li>\n<li style='margin-bottom: 5px;'>Crear un Station<\/li>\n<li style='margin-bottom: 5px;'>Descargar la licencia<\/li>\n<li style='margin-bottom: 5px;'>Realizar el proceso de Commissioning al JACE-8000<\/li>\n<li style='margin-bottom: 5px;'>Crear una interfaz de gr\u00e1fica con la librer\u00eda en Niagara 4<\/li>\n<li style='margin-bottom: 5px;'>Crear\/editar\/eliminar alarmas<\/li>\n<li style='margin-bottom: 5px;'>Crear\/editar\/eliminar hist\u00f3ricos<\/li>\n<li style='margin-bottom: 5px;'>Integrar un dispositivo BACnet<\/li>\n<li style='margin-bottom: 5px;'>Integrar un dispositivo Modbus<\/li>\n<li style='margin-bottom: 5px;'>Administraci\u00f3n de Usuarios y sus Permisos<\/li>\n<\/ul><\/div>\n<div style='flex: 1 1 300px; min-width: 280px;'>\n<h3 style='font-size: 22px; border-bottom: 2px solid currentColor; padding-bottom: 5px; margin-top: 0; color: inherit; opacity: 0.8;'>Recomendaciones<\/h3>\n<ul style='padding-left: 20px; font-size: 15px; color: inherit;'>\n<li style='margin-bottom: 5px;'>Equipo de c\u00f3mputo con Windows 10 y con Webcam (o webcam externa)<\/li>\n<li style='margin-bottom: 5px;'>Instalar Microsoft Teams<\/li>\n<li style='margin-bottom: 5px;'>Instalar AnyDesk<\/li>\n<li style='margin-bottom: 5px;'>Monitor externo adicional del equipo de c\u00f3mputo<\/li>\n<li style='margin-bottom: 5px;'>Auriculares con micr\u00f3fono de buena calidad<\/li>\n<li style='margin-bottom: 5px;'>Servicio de internet de banda ancha<\/li>\n<li style='margin-bottom: 5px;'>\u00c1rea tranquila para trabajar&comma; libre de distracciones<\/li>\n<\/ul><\/div>\n<\/p><\/div>\n<\/p><\/div>\n","protected":false},"excerpt":{"rendered":"<p>Certificacion de controladores NIAGARA 4<\/p>\n","protected":false},"featured_media":36443,"comment_status":"open","ping_status":"closed","template":"","meta":[],"product_brand":[],"product_cat":[1034],"product_tag":[1035,1036,1037],"class_list":{"0":"post-36444","1":"product","2":"type-product","3":"status-publish","4":"has-post-thumbnail","6":"product_cat-bms-bas","7":"product_tag-bms","8":"product_tag-bms-bas","9":"product_tag-honeywell-bms","11":"first","12":"instock","13":"sale","14":"shipping-taxable","15":"purchasable","16":"product-type-simple"},"_links":{"self":[{"href":"https:\/\/soydeaqui.ddns.net\/pachuca\/index.php\/wp-json\/wp\/v2\/product\/36444","targetHints":{"allow":["GET"]}}],"collection":[{"href":"https:\/\/soydeaqui.ddns.net\/pachuca\/index.php\/wp-json\/wp\/v2\/product"}],"about":[{"href":"https:\/\/soydeaqui.ddns.net\/pachuca\/index.php\/wp-json\/wp\/v2\/types\/product"}],"replies":[{"embeddable":true,"href":"https:\/\/soydeaqui.ddns.net\/pachuca\/index.php\/wp-json\/wp\/v2\/comments?post=36444"}],"wp:featuredmedia":[{"embeddable":true,"href":"https:\/\/soydeaqui.ddns.net\/pachuca\/index.php\/wp-json\/wp\/v2\/media\/36443"}],"wp:attachment":[{"href":"https:\/\/soydeaqui.ddns.net\/pachuca\/index.php\/wp-json\/wp\/v2\/media?parent=36444"}],"wp:term":[{"taxonomy":"product_brand","embeddable":true,"href":"https:\/\/soydeaqui.ddns.net\/pachuca\/index.php\/wp-json\/wp\/v2\/product_brand?post=36444"},{"taxonomy":"product_cat","embeddable":true,"href":"https:\/\/soydeaqui.ddns.net\/pachuca\/index.php\/wp-json\/wp\/v2\/product_cat?post=36444"},{"taxonomy":"product_tag","embeddable":true,"href":"https:\/\/soydeaqui.ddns.net\/pachuca\/index.php\/wp-json\/wp\/v2\/product_tag?post=36444"}],"curies":[{"name":"wp","href":"https:\/\/api.w.org\/{rel}","templated":true}]}}