{"id":36379,"date":"2026-03-18T16:05:23","date_gmt":"2026-03-18T16:05:23","guid":{"rendered":"https:\/\/soydeaqui.ddns.net\/pachuca\/index.php\/producto\/detector-de-flama-uv-ir-opera-en-todas-las-condiciones-de-luz-y-clima-video-grabacion\/"},"modified":"2026-03-18T16:05:24","modified_gmt":"2026-03-18T16:05:24","slug":"detector-de-flama-uv-ir-opera-en-todas-las-condiciones-de-luz-y-clima-video-grabacion","status":"publish","type":"product","link":"https:\/\/soydeaqui.ddns.net\/pachuca\/index.php\/producto\/detector-de-flama-uv-ir-opera-en-todas-las-condiciones-de-luz-y-clima-video-grabacion\/","title":{"rendered":"Detector de Flama UV\/IR | Opera en Todas las Condiciones de Luz y Clima | V\u00eddeo grabaci\u00f3n"},"content":{"rendered":"<div style='width: 100%; max-width: 1200px; margin: 0 auto; font-family: sans-serif; line-height: 1.6; color: inherit; background-color: transparent;'>\n<div style='display: flex; flex-wrap: wrap; gap: 30px; margin-bottom: 30px;'>\n<div style='flex: 1 1 300px; min-width: 280px;'>\n<h3 style='font-size: 22px; border-bottom: 2px solid currentColor; padding-bottom: 5px; margin-top: 0; color: inherit; opacity: 0.8;'>Descripci\u00f3n<\/h3>\n<p style='font-size: 15px; color: inherit;'> Detector de llamas avanzado que utiliza tecnolog\u00eda de espectro ultravioleta e infrarrojo para detectar incendios y explosiones con alta velocidad y precisi\u00f3n. Fabricado por TracXP&comma; divisi\u00f3n de productos industriales de Macurco Gas Detection&comma; con m\u00e1s de 50 a\u00f1os de experiencia en soluciones de detecci\u00f3n de gases. <\/p>\n<\/p><\/div>\n<\/p><\/div>\n<div style='display: flex; flex-wrap: wrap; gap: 30px; margin-bottom: 30px;'>\n<div style='flex: 1 1 300px; min-width: 280px;'>\n<h3 style='font-size: 22px; border-bottom: 2px solid currentColor; padding-bottom: 5px; margin-top: 0; color: inherit; opacity: 0.8;'>Aplicaciones Principales<\/h3>\n<ul style='padding-left: 20px; font-size: 15px; color: inherit;'>\n<li style='margin-bottom: 5px;'>Petr\u00f3leo y Gas<\/li>\n<li style='margin-bottom: 5px;'>Almacenamiento y estaciones de bombeo de combustible<\/li>\n<li style='margin-bottom: 5px;'>Talleres de soldadura de arco<\/li>\n<li style='margin-bottom: 5px;'>Petroqu\u00edmicas<\/li>\n<li style='margin-bottom: 5px;'>Compresi\u00f3n de tuber\u00edas<\/li>\n<li style='margin-bottom: 5px;'>Hang\u00e1res de aeronaves<\/li>\n<li style='margin-bottom: 5px;'>Instalaciones de mantenimiento<\/li>\n<li style='margin-bottom: 5px;'>Pulpa y papel<\/li>\n<li style='margin-bottom: 5px;'>Generaci\u00f3n de energ\u00eda<\/li>\n<li style='margin-bottom: 5px;'>Almacenamiento<\/li>\n<li style='margin-bottom: 5px;'>Industria general<\/li>\n<\/ul><\/div>\n<div style='flex: 1 1 300px; min-width: 280px;'>\n<h3 style='font-size: 22px; border-bottom: 2px solid currentColor; padding-bottom: 5px; margin-top: 0; color: inherit; opacity: 0.8;'>Caracter\u00edsticas Clave<\/h3>\n<ul style='padding-left: 20px; font-size: 15px; color: inherit;'>\n<li style='margin-bottom: 5px;'>Detecci\u00f3n ultra-r\u00e1pida: Responde en menos de 5 ms para explosiones y en 1.5s para incendios de n-heptano a 50 pies.<\/li>\n<li style='margin-bottom: 5px;'>Alta inmunidad a falsas alarmas: Filtra fuentes comunes de falsas alarmas como la luz solar y l\u00e1mparas incandescentes.<\/li>\n<li style='margin-bottom: 5px;'>Salida de video en alta definici\u00f3n: Proporciona grabaci\u00f3n autom\u00e1tica de eventos de incendio&comma; almacenando videos y datos en memoria no vol\u00e1til.<\/li>\n<li style='margin-bottom: 5px;'>Compatibilidad: Ofrece salidas anal\u00f3gicas de 4-20 mA y digitales Modbus RS-485 RTU.<\/li>\n<li style='margin-bottom: 5px;'>Resistencia en condiciones extremas: Equipado con un calentador de ventana para evitar la formaci\u00f3n de hielo y condensaci\u00f3n.<\/li>\n<\/ul><\/div>\n<\/p><\/div>\n<div style='display: flex; flex-wrap: wrap; gap: 20px; margin-bottom: 30px;'>\n<div style='flex: 1 1 250px; border: 1px solid rgba(150&comma; 150&comma; 150&comma; 0.4); border-radius: 8px; overflow: hidden; display: flex; flex-direction: column;'>\n<div style='padding: 15px; border-bottom: 1px solid rgba(150&comma; 150&comma; 150&comma; 0.2); font-weight: bold; font-size: 18px; color: inherit;'>Especificaciones T\u00e9cnicas<\/div>\n<div style='padding: 15px; color: inherit;'>\n<ul style='padding-left: 20px; margin: 0; font-size: 14px; list-style-type: disc;'>\n<li style='margin-bottom: 5px;'><strong>Dimensiones:<\/strong> 7.87\u201d (L) x 5.12\u201d (W) x 5.12\u201d (H)<\/li>\n<li style='margin-bottom: 5px;'><strong>Peso:<\/strong> 15.2 lbs (6.9 kg)<\/li>\n<li style='margin-bottom: 5px;'><strong>Rango de temperatura operativa:<\/strong> -67\u00b0F a +185\u00b0F (-55\u00b0C a +85\u00b0C)<\/li>\n<li style='margin-bottom: 5px;'><strong>Protecci\u00f3n de ingreso:<\/strong> IP66 &#038; 68&comma; NEMA 4X &#038; 6P<\/li>\n<\/ul><\/div>\n<\/p><\/div>\n<div style='flex: 1 1 250px; border: 1px solid rgba(150&comma; 150&comma; 150&comma; 0.4); border-radius: 8px; overflow: hidden; display: flex; flex-direction: column;'>\n<div style='padding: 15px; border-bottom: 1px solid rgba(150&comma; 150&comma; 150&comma; 0.2); font-weight: bold; font-size: 18px; color: inherit;'>Certificaciones y Aprobaciones<\/div>\n<div style='padding: 15px; color: inherit;'>\n<ul style='padding-left: 20px; margin: 0; font-size: 14px; list-style-type: disc;'>\n<li style='margin-bottom: 5px;'>Cumple con est\u00e1ndares ATEX&comma; IECEx&comma; INMETRO&comma; PESO&comma; FMus &#038; FMc&comma; EAC CU TR&comma; ANSI FM 3260&comma; y EN 54-10.<\/li>\n<li style='margin-bottom: 5px;'>Apto para uso en ambientes peligrosos (Grupos B&comma; C&comma; D&comma; E&comma; F&comma; G).<\/li>\n<\/ul><\/div>\n<\/p><\/div>\n<div style='flex: 1 1 250px; border: 1px solid rgba(150&comma; 150&comma; 150&comma; 0.4); border-radius: 8px; overflow: hidden; display: flex; flex-direction: column;'>\n<div style='padding: 15px; border-bottom: 1px solid rgba(150&comma; 150&comma; 150&comma; 0.2); font-weight: bold; font-size: 18px; color: inherit;'>Opciones de Sensibilidad y Salidas<\/div>\n<div style='padding: 15px; color: inherit;'>\n<ul style='padding-left: 20px; margin: 0; font-size: 14px; list-style-type: disc;'>\n<li style='margin-bottom: 5px;'>Ofrece opciones de sensibilidad: extrema&comma; alta&comma; media y baja.<\/li>\n<li style='margin-bottom: 5px;'>Equipado con tres rel\u00e9s SPST 2A @ 30 VDC y salida de video digital compatible con ONVIF.<\/li>\n<\/ul><\/div>\n<\/p><\/div>\n<div style='flex: 1 1 250px; border: 1px solid rgba(150&comma; 150&comma; 150&comma; 0.4); border-radius: 8px; overflow: hidden; display: flex; flex-direction: column;'>\n<div style='padding: 15px; border-bottom: 1px solid rgba(150&comma; 150&comma; 150&comma; 0.2); font-weight: bold; font-size: 18px; color: inherit;'>Accesorios Disponibles<\/div>\n<div style='padding: 15px; color: inherit;'>\n<ul style='padding-left: 20px; margin: 0; font-size: 14px; list-style-type: disc;'>\n<li style='margin-bottom: 5px;'>Kits de simulador de llamas<\/li>\n<li style='margin-bottom: 5px;'>Cubiertas para clima<\/li>\n<li style='margin-bottom: 5px;'>Adaptadores de montaje en poste<\/li>\n<li style='margin-bottom: 5px;'>Kits de montaje en conductos<\/li>\n<li style='margin-bottom: 5px;'>Y m\u00e1s<\/li>\n<\/ul><\/div>\n<\/p><\/div>\n<\/p><\/div>\n<div style='display: flex; flex-wrap: wrap; gap: 30px; margin-bottom: 30px;'>\n<div style='flex: 1 1 300px; min-width: 280px;'>\n<h3 style='font-size: 22px; border-bottom: 2px solid currentColor; padding-bottom: 5px; margin-top: 0; color: inherit; opacity: 0.8;'>Resumen<\/h3>\n<p style='font-size: 15px; color: inherit;'> El TXP-FDE UV\/IR-HD es ideal para industrias que requieren detecci\u00f3n r\u00e1pida y fiable de incendios en condiciones extremas&comma; proporcionando no solo alertas inmediatas sino tambi\u00e9n grabaciones de video para an\u00e1lisis post-incidente. <\/p>\n<\/p><\/div>\n<\/p><\/div>\n<div style='display: flex; flex-wrap: wrap; gap: 30px; margin-bottom: 30px;'>\n<div style='flex: 1 1 300px; min-width: 280px;'>\n<h3 style='font-size: 22px; border-bottom: 2px solid currentColor; padding-bottom: 5px; margin-top: 0; color: inherit; opacity: 0.8;'>Video<\/h3>\n<div style='position: relative; padding-bottom: 56.25%; height: 0; overflow: hidden; margin-bottom: 30px;'>   <\/div>\n<\/p><\/div>\n<\/p><\/div>\n<hr style='border: 0; border-top: 1px solid rgba(150&comma; 150&comma; 150&comma; 0.3); margin: 30px 0;'> <\/div>\n","protected":false},"excerpt":{"rendered":"<p>Detector de Flama UV\/IR | Opera en Todas las Condiciones de Luz y Clima | V\u00eddeo grabaci\u00f3n<\/p>\n","protected":false},"featured_media":36378,"comment_status":"open","ping_status":"closed","template":"","meta":[],"product_brand":[],"product_cat":[985],"product_tag":[978,986,989],"class_list":{"0":"post-36379","1":"product","2":"type-product","3":"status-publish","4":"has-post-thumbnail","6":"product_cat-detectores-de-flama","7":"product_tag-aplicaciones-especiales","8":"product_tag-detectores-de-flama","9":"product_tag-macurco-aerionics","11":"first","12":"outofstock","13":"sale","14":"shipping-taxable","15":"purchasable","16":"product-type-simple"},"_links":{"self":[{"href":"https:\/\/soydeaqui.ddns.net\/pachuca\/index.php\/wp-json\/wp\/v2\/product\/36379","targetHints":{"allow":["GET"]}}],"collection":[{"href":"https:\/\/soydeaqui.ddns.net\/pachuca\/index.php\/wp-json\/wp\/v2\/product"}],"about":[{"href":"https:\/\/soydeaqui.ddns.net\/pachuca\/index.php\/wp-json\/wp\/v2\/types\/product"}],"replies":[{"embeddable":true,"href":"https:\/\/soydeaqui.ddns.net\/pachuca\/index.php\/wp-json\/wp\/v2\/comments?post=36379"}],"wp:featuredmedia":[{"embeddable":true,"href":"https:\/\/soydeaqui.ddns.net\/pachuca\/index.php\/wp-json\/wp\/v2\/media\/36378"}],"wp:attachment":[{"href":"https:\/\/soydeaqui.ddns.net\/pachuca\/index.php\/wp-json\/wp\/v2\/media?parent=36379"}],"wp:term":[{"taxonomy":"product_brand","embeddable":true,"href":"https:\/\/soydeaqui.ddns.net\/pachuca\/index.php\/wp-json\/wp\/v2\/product_brand?post=36379"},{"taxonomy":"product_cat","embeddable":true,"href":"https:\/\/soydeaqui.ddns.net\/pachuca\/index.php\/wp-json\/wp\/v2\/product_cat?post=36379"},{"taxonomy":"product_tag","embeddable":true,"href":"https:\/\/soydeaqui.ddns.net\/pachuca\/index.php\/wp-json\/wp\/v2\/product_tag?post=36379"}],"curies":[{"name":"wp","href":"https:\/\/api.w.org\/{rel}","templated":true}]}}