{"id":3637,"date":"2026-03-18T06:10:16","date_gmt":"2026-03-18T06:10:16","guid":{"rendered":"https:\/\/soydeaqui.ddns.net\/pachuca\/index.php\/producto\/servicio-activacion-primer-ano-servicio-m2m-para-software-m2m-de-carga-y-descarga-al-panel-de-alarma-programacion-remota\/"},"modified":"2026-03-18T06:10:16","modified_gmt":"2026-03-18T06:10:16","slug":"servicio-activacion-primer-ano-servicio-m2m-para-software-m2m-de-carga-y-descarga-al-panel-de-alarma-programacion-remota","status":"publish","type":"product","link":"https:\/\/soydeaqui.ddns.net\/pachuca\/index.php\/producto\/servicio-activacion-primer-ano-servicio-m2m-para-software-m2m-de-carga-y-descarga-al-panel-de-alarma-programacion-remota\/","title":{"rendered":"Servicio ACTIVACION + Primer A\u00f1o Servicio M2M para software M2M de carga y descarga al panel de alarma (Programacion Remota)"},"content":{"rendered":"<div style='width: 100%; max-width: 1200px; margin: 0 auto; font-family: sans-serif; line-height: 1.6; color: inherit; background-color: transparent;'> <!-- Imagen principal --> <\/p>\n<div style='text-align: center; margin: 20px 0;'> <img style='width: 250px; height: auto; border: 1px solid rgba(150&comma;150&comma;150&comma;0.3); border-radius: 8px;' src='https:\/\/ftp3.syscom.mx\/usuarios\/vvega\/M2M\/programacion\/swmodemm2m_nombre.jpg' alt=''> <\/div>\n<p> <!-- Descripci\u00f3n principal --> <\/p>\n<div style='margin: 30px 0; padding: 0 20px;'>\n<p style='text-align: center; font-size: 16px; color: inherit;'> M\u00f3dulo de Conexi\u00f3n para carga y descarga remota para comunicadores M2M con paneles HONEYWELL VISTA probados con \u00e9xito. Puede realizar programaci\u00f3n remota por medio de Software COMPASS. <\/p>\n<p style='text-align: center; font-size: 16px; color: inherit;'> Puede descargar el SOFTWARE desde esta liga &#8211; <strong><a href='http:\/\/m2mos.com\/modem\/' style='color: #0066cc; text-decoration: underline;'>Software Modem<\/a><\/strong>&comma; las instrucciones de instalaci\u00f3n de este software se pueden encontrar en la parte de descargas. <\/p>\n<p style='text-align: center; font-size: 16px; color: inherit;'> Esta Licencia cubre la Activaci\u00f3n del Software para Carga y Descarga + 1 a\u00f1o de servicio con conexiones ilimitadas&comma; posterior de este a\u00f1o se deber\u00e1 adquirir la anualidad <a href='https:\/\/www.syscom.mx\/producto\/VOUCHERSWMODEM-M2M-SERVICES-221898.html' target='_blank' rel='noopener' style='color: #0066cc; text-decoration: underline;'>VOUCHER-SW-MODEM<\/a> <\/p>\n<\/p><\/div>\n<p> <!-- Secci\u00f3n de caracter\u00edsticas en 3 columnas --> <\/p>\n<div style='display: flex; flex-wrap: wrap; gap: 20px; margin: 30px 0;'> <!-- Columna 1: Softwares Compatibles --> <\/p>\n<div style='flex: 1 1 300px; min-width: 250px;'>\n<div style='border-left: 5px solid #ff0000; border-radius: 8px; padding: 15px; box-shadow: 2px 2px 10px rgba(150&comma;150&comma;150&comma;0.2);'> <strong style='font-size: 18px; display: block; margin-bottom: 10px; color: inherit;'>Softwares Compatibles<\/strong> <\/p>\n<ul style='padding-left: 20px; margin: 0; font-size: 14px; color: inherit;'>\n<li style='margin-bottom: 5px;'>COMPASS<\/li>\n<li style='margin-bottom: 5px;'>DLS 5<\/li>\n<li style='margin-bottom: 5px;'>DLS 2002<\/li>\n<li style='margin-bottom: 5px;'>DL900<\/li>\n<li style='margin-bottom: 5px;'>DLX900<\/li>\n<\/ul><\/div>\n<\/p><\/div>\n<p> <!-- Columna 2: Caracter\u00edsticas Generales y Activaci\u00f3n --> <\/p>\n<div style='flex: 1 1 300px; min-width: 250px;'>\n<div style='border-left: 5px solid #ff0000; border-radius: 8px; padding: 15px; box-shadow: 2px 2px 10px rgba(150&comma;150&comma;150&comma;0.2);'> <strong style='font-size: 18px; display: block; margin-bottom: 10px; color: inherit;'>Caracter\u00edsticas Generales y Activaci\u00f3n:<\/strong> <\/p>\n<ul style='padding-left: 20px; margin: 0; font-size: 14px; color: inherit;'>\n<li style='margin-bottom: 10px;'>Instalar el software desde esta liga <strong><a href='http:\/\/m2mos.com\/modem\/' style='color: #0066cc; text-decoration: underline;'>Software Modem.<\/a><\/strong><\/li>\n<li style='margin-bottom: 10px;'><strong>Solicitar la activaci\u00f3n de la licencia anual comunic\u00e1ndose a ingenier\u00eda y proporcionando el nombre de usuario de la plataforma M2M + el n\u00famero de factura donde este el modelo SW-MODEM-M2M.<\/strong><\/li>\n<li style='margin-bottom: 10px;'>Configurarlo siguiendo los pasos descritos en el <a href='https:\/\/ftp3.syscom.mx\/usuarios\/vvega\/M2M\/programacion\/M2M_Software_Modem_v02_ESP.pdf' style='color: #0066cc; text-decoration: underline;'>manual de instalaci\u00f3n<\/a>.<\/li>\n<li style='margin-bottom: 10px;'>Configurar el Software de programaci\u00f3n remota seg\u00fan sea el caso (<a href='https:\/\/support.m2mservices.com\/wp-content\/uploads\/2021\/09\/COMPASS-CONFIGURATION-CELLULAR-COMMUNICATOR.pdf' style='color: #0066cc; text-decoration: underline;'>Compass<\/a>&comma; <a href='https:\/\/support.m2mservices.com\/wp-content\/uploads\/2021\/09\/DLS-CONFIGURATION.pdf' style='color: #0066cc; text-decoration: underline;'>DLS<\/a>&comma; <a href='https:\/\/support.m2mservices.com\/wp-content\/uploads\/2021\/09\/DL900-CONFIGURATION-CELLULAR-COMMUNICATOR.pdf' style='color: #0066cc; text-decoration: underline;'>DL900<\/a>)<\/li>\n<\/ul><\/div>\n<\/p><\/div>\n<p> <!-- Columna 3: Caracter\u00edsticas Destacadas --> <\/p>\n<div style='flex: 1 1 300px; min-width: 250px;'>\n<div style='border-left: 5px solid #ff0000; border-radius: 8px; padding: 15px; box-shadow: 2px 2px 10px rgba(150&comma;150&comma;150&comma;0.2);'> <strong style='font-size: 18px; display: block; margin-bottom: 10px; color: inherit;'>Caracter\u00edsticas Destacadas:<\/strong> <\/p>\n<p style='font-size: 14px; margin-bottom: 15px; color: inherit;'> El software M2M permite realizar carga y descarga remota de los paneles. Ayuda a los instaladores a realizar cambios de configuraci\u00f3n o descargar el historial de eventos del panel de forma remota. <\/p>\n<p style='font-size: 14px; color: inherit;'> Para Agregar una anualidad se debe facturar el modelo <a href='https:\/\/www.syscom.mx\/producto\/VOUCHERSWMODEM-M2M-SERVICES-221898.html' target='_blank' rel='noopener' style='color: #0066cc; text-decoration: underline;'>VOUCHER-SW-MODEM<\/a> <\/p>\n<\/p><\/div>\n<\/p><\/div>\n<\/p><\/div>\n<p> <!-- Nota importante --> <\/p>\n<div style='margin: 30px 0; padding: 15px; border-left: 5px solid #c0392b; background-color: rgba(192&comma;57&comma;43&comma;0.05);'>\n<p style='text-align: center; font-size: 16px; color: #c0392b; margin: 0;'> <strong>NOTA:<\/strong> si el comunicador es uno de la serie MN (mini012g&comma; mini014gv2&comma; mn02ltem&comma; mn01ltem)&comma; entonces se necesita un m\u00f3dulo <a href='https:\/\/www.syscom.mx\/principal\/searchcont?route=MN-01RNGR-M2M-SERVICES-143761&#038;autodetect=mn01rngr' style='color: #c0392b; text-decoration: underline;' target='_blank' rel='noopener'>MN01RNGR<\/a> adicional. <\/p>\n<\/p><\/div>\n<p> <!-- Imagen ampliada --> <\/p>\n<div style='text-align: center; margin: 30px 0;'> <img style='width: 100%; max-width: 900px; height: auto; border: 1px solid rgba(150&comma;150&comma;150&comma;0.3); border-radius: 8px;' src='https:\/\/ftp3.syscom.mx\/usuarios\/vvega\/M2M\/programacion\/swmodemm2m.jpg' alt=''> <\/div>\n<p> <!-- Secci\u00f3n de video y texto --> <\/p>\n<div style='display: flex; flex-wrap: wrap; gap: 30px; align-items: center; margin: 30px 0;'>\n<div style='flex: 1 1 300px; min-width: 300px;'>\n<h2 style='font-size: 24px; color: inherit; margin-top: 0; margin-bottom: 15px; text-align: center; font-weight: 600; color: inherit;'> Conexi\u00f3n y Programaci\u00f3n F\u00c1CIL! <\/h2>\n<p style='font-size: 15px; margin-bottom: 15px; color: inherit;'> Para realizar una programaci\u00f3n remota es de manera muy sencilla&comma; basta con conectar los equipos y realizar unos simples pasos en el panel de alarma para que acepte la programaci\u00f3n remota y \u00a1Listo! <\/p>\n<p style='font-size: 15px; margin-bottom: 0; color: inherit;'> Con esto ya podremos realizar modificaciones en nuestro panel de alarma remotamente&comma; evitando as\u00ed costos de traslado y disminuyendo tiempos para servicios. <\/p>\n<\/p><\/div>\n<p> <!-- Video de YouTube --> <\/p>\n<div style='flex: 1 1 400px; min-width: 300px;'>\n<div style='position: relative; padding-bottom: 56.25%; height: 0; overflow: hidden;'>   <\/div>\n<\/p><\/div>\n<\/p><\/div>\n<\/p><\/div>\n","protected":false},"excerpt":{"rendered":"<p>Servicio ACTIVACION + Primer A\u00f1o Servicio M2M para software M2M de carga y descarga al panel de alarma (Programacion Remota)<\/p>\n","protected":false},"featured_media":3636,"comment_status":"open","ping_status":"closed","template":"","meta":[],"product_brand":[],"product_cat":[386],"product_tag":[40,207,188],"class_list":{"0":"post-3637","1":"product","2":"type-product","3":"status-publish","4":"has-post-thumbnail","6":"product_cat-comunicadores-centrales-de-monitoreo","7":"product_tag-centrales-de-monitoreo","8":"product_tag-comunicadores","9":"product_tag-m2m-services","11":"first","12":"instock","13":"sale","14":"shipping-taxable","15":"purchasable","16":"product-type-simple"},"_links":{"self":[{"href":"https:\/\/soydeaqui.ddns.net\/pachuca\/index.php\/wp-json\/wp\/v2\/product\/3637","targetHints":{"allow":["GET"]}}],"collection":[{"href":"https:\/\/soydeaqui.ddns.net\/pachuca\/index.php\/wp-json\/wp\/v2\/product"}],"about":[{"href":"https:\/\/soydeaqui.ddns.net\/pachuca\/index.php\/wp-json\/wp\/v2\/types\/product"}],"replies":[{"embeddable":true,"href":"https:\/\/soydeaqui.ddns.net\/pachuca\/index.php\/wp-json\/wp\/v2\/comments?post=3637"}],"wp:featuredmedia":[{"embeddable":true,"href":"https:\/\/soydeaqui.ddns.net\/pachuca\/index.php\/wp-json\/wp\/v2\/media\/3636"}],"wp:attachment":[{"href":"https:\/\/soydeaqui.ddns.net\/pachuca\/index.php\/wp-json\/wp\/v2\/media?parent=3637"}],"wp:term":[{"taxonomy":"product_brand","embeddable":true,"href":"https:\/\/soydeaqui.ddns.net\/pachuca\/index.php\/wp-json\/wp\/v2\/product_brand?post=3637"},{"taxonomy":"product_cat","embeddable":true,"href":"https:\/\/soydeaqui.ddns.net\/pachuca\/index.php\/wp-json\/wp\/v2\/product_cat?post=3637"},{"taxonomy":"product_tag","embeddable":true,"href":"https:\/\/soydeaqui.ddns.net\/pachuca\/index.php\/wp-json\/wp\/v2\/product_tag?post=3637"}],"curies":[{"name":"wp","href":"https:\/\/api.w.org\/{rel}","templated":true}]}}