{"id":36354,"date":"2026-03-18T16:04:49","date_gmt":"2026-03-18T16:04:49","guid":{"rendered":"https:\/\/soydeaqui.ddns.net\/pachuca\/index.php\/producto\/monitor-personal-de-dioxido-de-carbono-co2-desechable-portatil-hasta-7-anos-de-vida-util\/"},"modified":"2026-03-18T16:04:51","modified_gmt":"2026-03-18T16:04:51","slug":"monitor-personal-de-dioxido-de-carbono-co2-desechable-portatil-hasta-7-anos-de-vida-util","status":"publish","type":"product","link":"https:\/\/soydeaqui.ddns.net\/pachuca\/index.php\/producto\/monitor-personal-de-dioxido-de-carbono-co2-desechable-portatil-hasta-7-anos-de-vida-util\/","title":{"rendered":"Monitor Personal de Di\u00f3xido de Carbono (CO2) \/ Desechable \/ Port\u00e1til \/ Hasta 7 A\u00f1os de Vida \u00datil"},"content":{"rendered":"<div style='width: 100%; max-width: 1200px; margin: 0 auto; font-family: sans-serif; line-height: 1.6; color: inherit; background-color: transparent;'> <!-- Imagen principal --> <\/p>\n<div style='width: 100%; margin-bottom: 30px;'> <img style='width: 100%; height: auto; border: 1px solid rgba(150&comma;150&comma;150&comma;0.3); border-radius: 8px;' src='https:\/\/ftp3.syscom.mx\/usuarios\/fotos\/PM150CO2\/200526-macurco-escuela.jpg' alt=''> <\/div>\n<p> <!-- Descripci\u00f3n principal --> <\/p>\n<div style='margin-bottom: 30px;'>\n<p style='font-size: 16px; color: inherit; text-align: justify;'> El PM150-CO2 es un monitor monogas recargable de bajo mantenimiento que protege trabajadores&comma; estudiantes&comma; al proporcionar detecci\u00f3n de exposici\u00f3n al Di\u00f3xido de Carbono en muchos aplicaciones como en aulas escolares&comma; salas de juntas y lugares cerrados. El PM150-CO2 monitorea continuamente las condiciones del aire ambiental y proporciona concentraciones de gas en tiempo real en una pantalla LCD de f\u00e1cil lectura. Una alarma de tres niveles el sistema advierte al usuario de la presencia de niveles peligrosos de di\u00f3xido de carbono con alarmas visuales y vibratorias. Las alarmas de las unidades baja&comma; alta&comma; Los umbrales de alarma 1 y 2 se pueden ajustar mediante el software y el cargador mini USB. <\/p>\n<\/p><\/div>\n<p> <!-- Contexto de aplicaci\u00f3n --> <\/p>\n<div style='margin-bottom: 30px;'>\n<p style='font-size: 16px; color: inherit; text-align: justify;'> Por disposici\u00f3n de las autoridades de algunos gobiernos&comma; en lugares cerrados que requieren ventilaci\u00f3n se esta requiriendo la instalaci\u00f3n de detectores o medidores de Di\u00f3xido de Carbono&comma; ya que estos lugares&comma; como aulas&comma; oficinas&comma; al no tener la ventilaci\u00f3n suficiente y con la concentraci\u00f3n de la gente puede aumentar la concentraci\u00f3n de este gas&comma; bajar la calidad del aire y por consiguiente crece el riesgo de contraer el virus SARSCOV2 (Covid19). <\/p>\n<\/p><\/div>\n<p> <!-- Aplicaciones --> <\/p>\n<div style='margin-bottom: 30px;'>\n<h3 style='font-size: 22px; border-bottom: 2px solid currentColor; padding-bottom: 5px; margin-top: 0; color: inherit; opacity: 0.8;'>Aplicaciones<\/h3>\n<ul style='padding-left: 20px; font-size: 15px; color: inherit;'>\n<li style='margin-bottom: 5px;'>Oficinas<\/li>\n<li style='margin-bottom: 5px;'>Laboratorios<\/li>\n<li style='margin-bottom: 5px;'>Aulas Escolares<\/li>\n<li style='margin-bottom: 5px;'>Procesos de alimentos<\/li>\n<li style='margin-bottom: 5px;'>Refrigeraci\u00f3n<\/li>\n<li style='margin-bottom: 5px;'>Industria<\/li>\n<\/ul><\/div>\n<p> <!-- Separador --> <\/p>\n<hr style='border: 0; border-top: 1px solid rgba(150&comma; 150&comma; 150&comma; 0.3); margin: 30px 0;'> <\/div>\n","protected":false},"excerpt":{"rendered":"<p>Monitor Personal de Di\u00f3xido de Carbono (CO2) \/ Desechable \/ Port\u00e1til \/ Hasta 7 A\u00f1os de Vida \u00datil<\/p>\n","protected":false},"featured_media":36353,"comment_status":"open","ping_status":"closed","template":"","meta":[],"product_brand":[],"product_cat":[987],"product_tag":[988,522,989],"class_list":{"0":"post-36354","1":"product","2":"type-product","3":"status-publish","4":"has-post-thumbnail","6":"product_cat-detectores-de-gases","7":"product_tag-detectores-de-gases","8":"product_tag-dispositivos-convencionales","9":"product_tag-macurco-aerionics","11":"first","12":"instock","13":"sale","14":"shipping-taxable","15":"purchasable","16":"product-type-simple"},"_links":{"self":[{"href":"https:\/\/soydeaqui.ddns.net\/pachuca\/index.php\/wp-json\/wp\/v2\/product\/36354","targetHints":{"allow":["GET"]}}],"collection":[{"href":"https:\/\/soydeaqui.ddns.net\/pachuca\/index.php\/wp-json\/wp\/v2\/product"}],"about":[{"href":"https:\/\/soydeaqui.ddns.net\/pachuca\/index.php\/wp-json\/wp\/v2\/types\/product"}],"replies":[{"embeddable":true,"href":"https:\/\/soydeaqui.ddns.net\/pachuca\/index.php\/wp-json\/wp\/v2\/comments?post=36354"}],"wp:featuredmedia":[{"embeddable":true,"href":"https:\/\/soydeaqui.ddns.net\/pachuca\/index.php\/wp-json\/wp\/v2\/media\/36353"}],"wp:attachment":[{"href":"https:\/\/soydeaqui.ddns.net\/pachuca\/index.php\/wp-json\/wp\/v2\/media?parent=36354"}],"wp:term":[{"taxonomy":"product_brand","embeddable":true,"href":"https:\/\/soydeaqui.ddns.net\/pachuca\/index.php\/wp-json\/wp\/v2\/product_brand?post=36354"},{"taxonomy":"product_cat","embeddable":true,"href":"https:\/\/soydeaqui.ddns.net\/pachuca\/index.php\/wp-json\/wp\/v2\/product_cat?post=36354"},{"taxonomy":"product_tag","embeddable":true,"href":"https:\/\/soydeaqui.ddns.net\/pachuca\/index.php\/wp-json\/wp\/v2\/product_tag?post=36354"}],"curies":[{"name":"wp","href":"https:\/\/api.w.org\/{rel}","templated":true}]}}