{"id":36343,"date":"2026-03-18T16:04:37","date_gmt":"2026-03-18T16:04:37","guid":{"rendered":"https:\/\/soydeaqui.ddns.net\/pachuca\/index.php\/producto\/sensor-mpd-multi-purpose-detector-mv-para-serie-xnx-ul-csa-ent-3-4-perla-catalitica-inflamables-calibrado-para-metano-ch4-0-100-lel\/"},"modified":"2026-03-18T16:04:38","modified_gmt":"2026-03-18T16:04:38","slug":"sensor-mpd-multi-purpose-detector-mv-para-serie-xnx-ul-csa-ent-3-4-perla-catalitica-inflamables-calibrado-para-metano-ch4-0-100-lel","status":"publish","type":"product","link":"https:\/\/soydeaqui.ddns.net\/pachuca\/index.php\/producto\/sensor-mpd-multi-purpose-detector-mv-para-serie-xnx-ul-csa-ent-3-4-perla-catalitica-inflamables-calibrado-para-metano-ch4-0-100-lel\/","title":{"rendered":"Sensor MPD (Multi-Purpose Detector) (MV) Para Serie XNX, UL\/CSA, ENT 3\/4&#8243;, Perla Catal\u00edtica, Inflamables (calibrado para metano CH4), 0-100 % LEL"},"content":{"rendered":"<div style='width: 100%; max-width: 1200px; margin: 0 auto; font-family: sans-serif; line-height: 1.6; color: inherit; background-color: transparent;'> <!-- Secci\u00f3n de caracter\u00edsticas principales --> <\/p>\n<div style='display: flex; flex-wrap: wrap; gap: 30px; margin-bottom: 30px;'>\n<div style='flex: 1 1 300px; min-width: 280px;'>\n<h3 style='font-size: 22px; border-bottom: 2px solid currentColor; padding-bottom: 5px; margin-top: 0; color: inherit; opacity: 0.8;'>Caracter\u00edsticas Principales<\/h3>\n<ul style='padding-left: 20px; font-size: 15px; color: inherit;'>\n<li style='margin-bottom: 5px;'>Sensor MPD (MV) con tecnolog\u00eda Perla Catal\u00edtica<\/li>\n<li style='margin-bottom: 5px;'>Calibrado espec\u00edficamente para metano (CH4)<\/li>\n<li style='margin-bottom: 5px;'>Rango de detecci\u00f3n: 0-100 % LEL<\/li>\n<li style='margin-bottom: 5px;'>Compatible con est\u00e1ndares UL\/CSA<\/li>\n<li style='margin-bottom: 5px;'>Conexi\u00f3n tipo ENT 3\/4&#8242;<\/li>\n<\/ul><\/div>\n<\/p><\/div>\n<p> <!-- Secci\u00f3n de especificaciones t\u00e9cnicas --> <\/p>\n<div style='display: flex; flex-wrap: wrap; gap: 20px; margin-bottom: 30px;'>\n<div style='flex: 1 1 250px; border: 1px solid rgba(150&comma; 150&comma; 150&comma; 0.4); border-radius: 8px; overflow: hidden; display: flex; flex-direction: column;'>\n<div style='padding: 15px; border-bottom: 1px solid rgba(150&comma; 150&comma; 150&comma; 0.2); font-weight: bold; font-size: 18px; color: inherit;'>Especificaciones T\u00e9cnicas<\/div>\n<div style='padding: 15px; color: inherit;'>\n<ul style='padding-left: 20px; margin: 0; font-size: 14px; list-style-type: disc;'>\n<li style='margin-bottom: 5px;'><strong>Tipo de sensor:<\/strong> MPD (Multi-Purpose Detector) MV<\/li>\n<li style='margin-bottom: 5px;'><strong>Tecnolog\u00eda:<\/strong> Perla Catal\u00edtica<\/li>\n<li style='margin-bottom: 5px;'><strong>Gases detectados:<\/strong> Inflamables<\/li>\n<li style='margin-bottom: 5px;'><strong>Gas espec\u00edfico:<\/strong> Metano (CH4)<\/li>\n<li style='margin-bottom: 5px;'><strong>Rango de detecci\u00f3n:<\/strong> 0-100 % LEL<\/li>\n<li style='margin-bottom: 5px;'><strong>Est\u00e1ndares:<\/strong> UL\/CSA<\/li>\n<li style='margin-bottom: 5px;'><strong>Conexi\u00f3n:<\/strong> ENT 3\/4&#8242;<\/li>\n<\/ul><\/div>\n<\/p><\/div>\n<p> <!-- Secci\u00f3n de funcionamiento y dise\u00f1o --> <\/p>\n<div style='flex: 1 1 250px; border: 1px solid rgba(150&comma; 150&comma; 150&comma; 0.4); border-radius: 8px; overflow: hidden; display: flex; flex-direction: column;'>\n<div style='padding: 15px; border-bottom: 1px solid rgba(150&comma; 150&comma; 150&comma; 0.2); font-weight: bold; font-size: 18px; color: inherit;'>Funcionamiento y Dise\u00f1o<\/div>\n<div style='padding: 15px; color: inherit;'>\n<ul style='padding-left: 20px; margin: 0; font-size: 14px; list-style-type: disc;'>\n<li style='margin-bottom: 5px;'>Dise\u00f1o resistente para funcionamiento confiable en \u00e1reas explosivas<\/li>\n<li style='margin-bottom: 5px;'>Funcionamiento flexible con 3 o 4 cables<\/li>\n<li style='margin-bottom: 5px;'>F\u00e1cil reemplazo de sensores sin necesidad de herramientas<\/li>\n<li style='margin-bottom: 5px;'>Protecci\u00f3n NEMA 4X IP66 para uso en interiores y exteriores<\/li>\n<li style='margin-bottom: 5px;'>Inmune a venenos catal\u00edticos<\/li>\n<li style='margin-bottom: 5px;'>Funciona en atm\u00f3sferas inertes<\/li>\n<\/ul><\/div>\n<\/p><\/div>\n<p> <!-- Secci\u00f3n de comunicaciones --> <\/p>\n<div style='flex: 1 1 250px; border: 1px solid rgba(150&comma; 150&comma; 150&comma; 0.4); border-radius: 8px; overflow: hidden; display: flex; flex-direction: column;'>\n<div style='padding: 15px; border-bottom: 1px solid rgba(150&comma; 150&comma; 150&comma; 0.2); font-weight: bold; font-size: 18px; color: inherit;'>Comunicaciones<\/div>\n<div style='padding: 15px; color: inherit;'>\n<ul style='padding-left: 20px; margin: 0; font-size: 14px; list-style-type: disc;'>\n<li style='margin-bottom: 5px;'>Salida de 4-20 mA con interfaz HART\u00ae<\/li>\n<li style='margin-bottom: 5px;'>Opci\u00f3n de puerto IS local para configurador HART port\u00e1til<\/li>\n<li style='margin-bottom: 5px;'>M\u00faltiples opciones de comunicaci\u00f3n: hasta 3 rel\u00e9s&comma; MODBUS\u00ae y Fieldbus H1 de FOUNDATION\u00ae (pendiente)<\/li>\n<\/ul><\/div>\n<\/p><\/div>\n<p> <!-- Secci\u00f3n de facilidad de uso --> <\/p>\n<div style='flex: 1 1 250px; border: 1px solid rgba(150&comma; 150&comma; 150&comma; 0.4); border-radius: 8px; overflow: hidden; display: flex; flex-direction: column;'>\n<div style='padding: 15px; border-bottom: 1px solid rgba(150&comma; 150&comma; 150&comma; 0.2); font-weight: bold; font-size: 18px; color: inherit;'>Facilidad de Uso<\/div>\n<div style='padding: 15px; color: inherit;'>\n<ul style='padding-left: 20px; margin: 0; font-size: 14px; list-style-type: disc;'>\n<li style='margin-bottom: 5px;'>Pantalla LCD con luz de fondo y 8 idiomas seleccionables<\/li>\n<li style='margin-bottom: 5px;'>Indicadores multisensoriales (\u00edconos visuales&comma; botones de colores&comma; texto)<\/li>\n<li style='margin-bottom: 5px;'>Funciones de autodiagn\u00f3stico e indicaci\u00f3n de fallas<\/li>\n<li style='margin-bottom: 5px;'>Calibraci\u00f3n r\u00e1pida con autoinhibici\u00f3n<\/li>\n<li style='margin-bottom: 5px;'>Manejo sin interrupciones realizado por una sola persona<\/li>\n<\/ul><\/div>\n<\/p><\/div>\n<p> <!-- Secci\u00f3n de aplicaciones --> <\/p>\n<div style='flex: 1 1 250px; border: 1px solid rgba(150&comma; 150&comma; 150&comma; 0.4); border-radius: 8px; overflow: hidden; display: flex; flex-direction: column;'>\n<div style='padding: 15px; border-bottom: 1px solid rgba(150&comma; 150&comma; 150&comma; 0.2); font-weight: bold; font-size: 18px; color: inherit;'>Aplicaciones<\/div>\n<div style='padding: 15px; color: inherit;'>\n<ul style='padding-left: 20px; margin: 0; font-size: 14px; list-style-type: disc;'>\n<li style='margin-bottom: 5px;'>Plataformas de producci\u00f3n mar\u00edtimas de gas y petr\u00f3leo<\/li>\n<li style='margin-bottom: 5px;'>Terminales de petr\u00f3leo en tierra<\/li>\n<li style='margin-bottom: 5px;'>Refiner\u00edas<\/li>\n<li style='margin-bottom: 5px;'>Transmisi\u00f3n y distribuci\u00f3n de gases<\/li>\n<li style='margin-bottom: 5px;'>Terminales de gas natural licuado (LNG)<\/li>\n<li style='margin-bottom: 5px;'>Plantas qu\u00edmicas y petroqu\u00edmicas<\/li>\n<li style='margin-bottom: 5px;'>Operaciones de recuperaci\u00f3n de solventes<\/li>\n<li style='margin-bottom: 5px;'>Sistemas de ventilaci\u00f3n y salas de m\u00e1quinas<\/li>\n<\/ul><\/div>\n<\/p><\/div>\n<p> <!-- Secci\u00f3n de beneficios --> <\/p>\n<div style='flex: 1 1 250px; border: 1px solid rgba(150&comma; 150&comma; 150&comma; 0.4); border-radius: 8px; overflow: hidden; display: flex; flex-direction: column;'>\n<div style='padding: 15px; border-bottom: 1px solid rgba(150&comma; 150&comma; 150&comma; 0.2); font-weight: bold; font-size: 18px; color: inherit;'>Beneficios<\/div>\n<div style='padding: 15px; color: inherit;'>\n<ul style='padding-left: 20px; margin: 0; font-size: 14px; list-style-type: disc;'>\n<li style='margin-bottom: 5px;'>Detecci\u00f3n precisa de gas inflamable de 0 a 100% LFL\/LEL<\/li>\n<li style='margin-bottom: 5px;'>No requiere controladores&comma; cajas de conexi\u00f3n&comma; rel\u00e9s o monitores extras<\/li>\n<li style='margin-bottom: 5px;'>M\u00ednima capacitaci\u00f3n requerida<\/li>\n<li style='margin-bottom: 5px;'>Operaci\u00f3n eficiente con una sola persona<\/li>\n<li style='margin-bottom: 5px;'>Sensores enchufables y reemplazables<\/li>\n<li style='margin-bottom: 5px;'>Todos los accesorios necesarios incluidos<\/li>\n<\/ul><\/div>\n<\/p><\/div>\n<\/p><\/div>\n<p> <!-- Separador --> <\/p>\n<hr style='border: 0; border-top: 1px solid rgba(150&comma; 150&comma; 150&comma; 0.3); margin: 30px 0;'> <\/div>\n","protected":false},"excerpt":{"rendered":"<p>Sensor MPD (Multi-Purpose Detector) (MV) Para Serie XNX, UL\/CSA, ENT 3\/4&#8243;, Perla Catal\u00edtica, Inflamables (calibrado para metano CH4), 0-100 % LEL<\/p>\n","protected":false},"featured_media":36342,"comment_status":"open","ping_status":"closed","template":"","meta":[],"product_brand":[],"product_cat":[987],"product_tag":[988,522,1014],"class_list":{"0":"post-36343","1":"product","2":"type-product","3":"status-publish","4":"has-post-thumbnail","6":"product_cat-detectores-de-gases","7":"product_tag-detectores-de-gases","8":"product_tag-dispositivos-convencionales","9":"product_tag-honeywell-analytics","11":"first","12":"outofstock","13":"sale","14":"shipping-taxable","15":"purchasable","16":"product-type-simple"},"_links":{"self":[{"href":"https:\/\/soydeaqui.ddns.net\/pachuca\/index.php\/wp-json\/wp\/v2\/product\/36343","targetHints":{"allow":["GET"]}}],"collection":[{"href":"https:\/\/soydeaqui.ddns.net\/pachuca\/index.php\/wp-json\/wp\/v2\/product"}],"about":[{"href":"https:\/\/soydeaqui.ddns.net\/pachuca\/index.php\/wp-json\/wp\/v2\/types\/product"}],"replies":[{"embeddable":true,"href":"https:\/\/soydeaqui.ddns.net\/pachuca\/index.php\/wp-json\/wp\/v2\/comments?post=36343"}],"wp:featuredmedia":[{"embeddable":true,"href":"https:\/\/soydeaqui.ddns.net\/pachuca\/index.php\/wp-json\/wp\/v2\/media\/36342"}],"wp:attachment":[{"href":"https:\/\/soydeaqui.ddns.net\/pachuca\/index.php\/wp-json\/wp\/v2\/media?parent=36343"}],"wp:term":[{"taxonomy":"product_brand","embeddable":true,"href":"https:\/\/soydeaqui.ddns.net\/pachuca\/index.php\/wp-json\/wp\/v2\/product_brand?post=36343"},{"taxonomy":"product_cat","embeddable":true,"href":"https:\/\/soydeaqui.ddns.net\/pachuca\/index.php\/wp-json\/wp\/v2\/product_cat?post=36343"},{"taxonomy":"product_tag","embeddable":true,"href":"https:\/\/soydeaqui.ddns.net\/pachuca\/index.php\/wp-json\/wp\/v2\/product_tag?post=36343"}],"curies":[{"name":"wp","href":"https:\/\/api.w.org\/{rel}","templated":true}]}}