{"id":36318,"date":"2026-03-18T16:03:54","date_gmt":"2026-03-18T16:03:54","guid":{"rendered":"https:\/\/soydeaqui.ddns.net\/pachuca\/index.php\/producto\/puntas-de-prueba-para-alta-precision-cat-iii-cat-iv-con-capuchon-protector\/"},"modified":"2026-03-18T16:03:55","modified_gmt":"2026-03-18T16:03:55","slug":"puntas-de-prueba-para-alta-precision-cat-iii-cat-iv-con-capuchon-protector","status":"publish","type":"product","link":"https:\/\/soydeaqui.ddns.net\/pachuca\/index.php\/producto\/puntas-de-prueba-para-alta-precision-cat-iii-cat-iv-con-capuchon-protector\/","title":{"rendered":"Puntas de Prueba para Alta Precisi\u00f3n.  CAT III, CAT IV con Capuch\u00f3n Protector"},"content":{"rendered":"<div style='width: 100%; max-width: 1200px; margin: 0 auto; font-family: sans-serif; line-height: 1.6; color: inherit; background-color: transparent;'>\n<div style='display: flex; flex-wrap: wrap; gap: 30px; margin-bottom: 30px;'>\n<div style='flex: 1 1 300px; min-width: 280px;'>\n<h3 style='font-size: 22px; border-bottom: 2px solid currentColor; padding-bottom: 5px; margin-top: 0; color: inherit; opacity: 0.8;'>Caracter\u00edsticas<\/h3>\n<ul style='padding-left: 20px; font-size: 15px; color: inherit;'>\n<li style='margin-bottom: 5px;'>El juego de cables de prueba para mult\u00edmetro Fluke TL71 Premium es un par de sondas de agarre c\u00f3modo (rojas y negras) con cables de prueba flexibles en \u00e1ngulo recto con aislamiento de silicona. Estas sondas distintivas de agarre c\u00f3modo son resistentes al calor y al fr\u00edo.<\/li>\n<li style='margin-bottom: 5px;'>Al igual que con todos los productos de Fluke&comma; estos cables de prueba se someten a una serie de pruebas de seguridad.<\/li>\n<li style='margin-bottom: 5px;'>El indicador de cable de prueba WearGuard\u2122 muestra el desgaste m\u00e1s f\u00e1cilmente. Expone un color de contraste cuando los cables est\u00e1n da\u00f1ados y necesitan ser reemplazados.<\/li>\n<li style='margin-bottom: 5px;'>Los cables con aislamiento de silicona tienen una flexibilidad superior en temperaturas fr\u00edas y resistencia a altas temperaturas.<\/li>\n<li style='margin-bottom: 5px;'>Compatibilidad con todos los instrumentos que aceptan conectores tipo banana revestidos est\u00e1ndar de 4 mm (0&comma;16 pulg.).<\/li>\n<\/ul><\/div>\n<\/p><\/div>\n<div style='display: flex; flex-wrap: wrap; gap: 20px; margin-bottom: 30px;'>\n<div style='flex: 1 1 250px; border: 1px solid rgba(150&comma; 150&comma; 150&comma; 0.4); border-radius: 8px; overflow: hidden; display: flex; flex-direction: column;'>\n<div style='padding: 15px; border-bottom: 1px solid rgba(150&comma; 150&comma; 150&comma; 0.2); font-weight: bold; font-size: 18px; color: inherit;'>Clasificaciones de Seguridad<\/div>\n<div style='padding: 15px; color: inherit;'>\n<ul style='padding-left: 20px; margin: 0; font-size: 14px; list-style-type: disc;'>\n<li style='margin-bottom: 5px;'>Clasificaci\u00f3n CAT II 1000 V&comma; 10 A<\/li>\n<li style='margin-bottom: 5px;'>CAT III 1000 V&comma; CAT IV 600 V con tapa protectora<\/li>\n<\/ul><\/div>\n<\/p><\/div>\n<div style='flex: 1 1 250px; border: 1px solid rgba(150&comma; 150&comma; 150&comma; 0.4); border-radius: 8px; overflow: hidden; display: flex; flex-direction: column;'>\n<div style='padding: 15px; border-bottom: 1px solid rgba(150&comma; 150&comma; 150&comma; 0.2); font-weight: bold; font-size: 18px; color: inherit;'>Compatibilidad<\/div>\n<div style='padding: 15px; color: inherit;'>\n<ul style='padding-left: 20px; margin: 0; font-size: 14px; list-style-type: disc;'>\n<li style='margin-bottom: 5px;'>Pinza amperim\u00e9trica Fluke 902 FC de verdadero valor eficaz para HVAC<\/li>\n<li style='margin-bottom: 5px;'>Mult\u00edmetro industrial Fluke 87V<\/li>\n<li style='margin-bottom: 5px;'>Mult\u00edmetro digital para t\u00e9cnicos de campo Fluke 115<\/li>\n<li style='margin-bottom: 5px;'>Fluke 787B ProcessMeter\u2122<\/li>\n<\/ul><\/div>\n<\/p><\/div>\n<div style='flex: 1 1 250px; border: 1px solid rgba(150&comma; 150&comma; 150&comma; 0.4); border-radius: 8px; overflow: hidden; display: flex; flex-direction: column;'>\n<div style='padding: 15px; border-bottom: 1px solid rgba(150&comma; 150&comma; 150&comma; 0.2); font-weight: bold; font-size: 18px; color: inherit;'>Especificaciones<\/div>\n<div style='padding: 15px; color: inherit;'>\n<ul style='padding-left: 20px; margin: 0; font-size: 14px; list-style-type: disc;'>\n<li style='margin-bottom: 5px;'><strong>Longitud del cable:<\/strong> 1&comma;2 m (4 pies)&comma; punta de sonda de 2 mm de di\u00e1metro<\/li>\n<li style='margin-bottom: 5px;'><strong>Temperatura de funcionamiento:<\/strong> -20 \u00b0C a 55 \u00b0C (-4 \u00b0F a 131 \u00b0F)<\/li>\n<li style='margin-bottom: 5px;'><strong>Humedad relativa:<\/strong> 90 % HR<\/li>\n<li style='margin-bottom: 5px;'><strong>Altitud:<\/strong> 2000 m (6562 pies)<\/li>\n<\/ul><\/div>\n<\/p><\/div>\n<\/p><\/div>\n<div style='display: flex; flex-wrap: wrap; gap: 30px; margin-bottom: 30px;'>\n<div style='flex: 1 1 300px; min-width: 280px;'>\n<h3 style='font-size: 22px; border-bottom: 2px solid currentColor; padding-bottom: 5px; margin-top: 0; color: inherit; opacity: 0.8;'>Logo de Fluke<\/h3>\n<p> <img style='width: 100%; height: auto; border: 1px solid rgba(150&comma;150&comma;150&comma;0.3); border-radius: 8px;' src='https:\/\/www.risoul.com.mx\/hs-fs\/hubfs\/Fluke-Logo.png?width=1557&#038;name=Fluke-Logo.png' alt='Distribuidor productos Fluke'> <\/div>\n<\/p><\/div>\n<hr style='border: 0; border-top: 1px solid rgba(150&comma; 150&comma; 150&comma; 0.3); margin: 30px 0;'> <\/div>\n","protected":false},"excerpt":{"rendered":"<p>Puntas de Prueba para Alta Precisi\u00f3n.  CAT III, CAT IV con Capuch\u00f3n Protector<\/p>\n","protected":false},"featured_media":36317,"comment_status":"open","ping_status":"closed","template":"","meta":[],"product_brand":[],"product_cat":[462],"product_tag":[393,25,131],"class_list":{"0":"post-36318","1":"product","2":"type-product","3":"status-publish","4":"has-post-thumbnail","6":"product_cat-herramientas-electricas-herramientas","7":"product_tag-fluke","8":"product_tag-herramientas","9":"product_tag-herramientas-electricas","11":"first","12":"instock","13":"sale","14":"shipping-taxable","15":"purchasable","16":"product-type-simple"},"_links":{"self":[{"href":"https:\/\/soydeaqui.ddns.net\/pachuca\/index.php\/wp-json\/wp\/v2\/product\/36318","targetHints":{"allow":["GET"]}}],"collection":[{"href":"https:\/\/soydeaqui.ddns.net\/pachuca\/index.php\/wp-json\/wp\/v2\/product"}],"about":[{"href":"https:\/\/soydeaqui.ddns.net\/pachuca\/index.php\/wp-json\/wp\/v2\/types\/product"}],"replies":[{"embeddable":true,"href":"https:\/\/soydeaqui.ddns.net\/pachuca\/index.php\/wp-json\/wp\/v2\/comments?post=36318"}],"wp:featuredmedia":[{"embeddable":true,"href":"https:\/\/soydeaqui.ddns.net\/pachuca\/index.php\/wp-json\/wp\/v2\/media\/36317"}],"wp:attachment":[{"href":"https:\/\/soydeaqui.ddns.net\/pachuca\/index.php\/wp-json\/wp\/v2\/media?parent=36318"}],"wp:term":[{"taxonomy":"product_brand","embeddable":true,"href":"https:\/\/soydeaqui.ddns.net\/pachuca\/index.php\/wp-json\/wp\/v2\/product_brand?post=36318"},{"taxonomy":"product_cat","embeddable":true,"href":"https:\/\/soydeaqui.ddns.net\/pachuca\/index.php\/wp-json\/wp\/v2\/product_cat?post=36318"},{"taxonomy":"product_tag","embeddable":true,"href":"https:\/\/soydeaqui.ddns.net\/pachuca\/index.php\/wp-json\/wp\/v2\/product_tag?post=36318"}],"curies":[{"name":"wp","href":"https:\/\/api.w.org\/{rel}","templated":true}]}}