{"id":36098,"date":"2026-03-18T15:58:36","date_gmt":"2026-03-18T15:58:36","guid":{"rendered":"https:\/\/soydeaqui.ddns.net\/pachuca\/index.php\/producto\/protector-solar-para-detectores-de-flama-viking\/"},"modified":"2026-03-18T15:58:37","modified_gmt":"2026-03-18T15:58:37","slug":"protector-solar-para-detectores-de-flama-viking","status":"publish","type":"product","link":"https:\/\/soydeaqui.ddns.net\/pachuca\/index.php\/producto\/protector-solar-para-detectores-de-flama-viking\/","title":{"rendered":"Protector Solar Para Detectores de Flama Viking"},"content":{"rendered":"<div style='width: 100%; max-width: 1200px; margin: 0 auto; font-family: sans-serif; line-height: 1.6; color: inherit; background-color: transparent;'>\n<div style='display: flex; flex-wrap: wrap; gap: 30px; margin-bottom: 30px;'>\n<div style='flex: 1 1 300px; min-width: 280px;'>\n<h3 style='font-size: 22px; border-bottom: 2px solid currentColor; padding-bottom: 5px; margin-top: 0; color: inherit; opacity: 0.8;'>Aplicaciones<\/h3>\n<ul style='padding-left: 20px; font-size: 15px; color: inherit;'>\n<li style='margin-bottom: 5px;'>Instalaciones de procesamiento de petr\u00f3leo y gas en tierra y mar<\/li>\n<li style='margin-bottom: 5px;'>Refiner\u00edas<\/li>\n<li style='margin-bottom: 5px;'>Plantas petroqu\u00edmicas<\/li>\n<li style='margin-bottom: 5px;'>Instalaciones qu\u00edmicas<\/li>\n<li style='margin-bottom: 5px;'>Industria farmac\u00e9utica<\/li>\n<li style='margin-bottom: 5px;'>Naves de aeronaves<\/li>\n<li style='margin-bottom: 5px;'>T\u00faneles viales<\/li>\n<li style='margin-bottom: 5px;'>Generaci\u00f3n de energ\u00eda<\/li>\n<li style='margin-bottom: 5px;'>Campos de tanques de almacenamiento<\/li>\n<li style='margin-bottom: 5px;'>Estaciones de carga\/descarga de camiones<\/li>\n<li style='margin-bottom: 5px;'>Plantas de almacenamiento de GNL\/GPG<\/li>\n<li style='margin-bottom: 5px;'>Almacenes y \u00e1reas de almacenamiento<\/li>\n<li style='margin-bottom: 5px;'>Plantas de reciclaje y biomasa<\/li>\n<li style='margin-bottom: 5px;'>Industria gr\u00e1fica<\/li>\n<\/ul><\/div>\n<div style='flex: 1 1 300px; min-width: 280px;'>\n<h3 style='font-size: 22px; border-bottom: 2px solid currentColor; padding-bottom: 5px; margin-top: 0; color: inherit; opacity: 0.8;'>Caracter\u00edsticas T\u00e9cnicas<\/h3>\n<ul style='padding-left: 20px; font-size: 15px; color: inherit;'>\n<li style='margin-bottom: 5px;'><strong>Dise\u00f1o:<\/strong> UVIR para largas distancias de detecci\u00f3n e inmunidad a falsas alarmas<\/li>\n<li style='margin-bottom: 5px;'><strong>Prueba \u00f3ptica:<\/strong> Continua sin reflector<\/li>\n<li style='margin-bottom: 5px;'><strong>Electr\u00f3nica:<\/strong> Controlada por microprocesador con \u00f3ptica calefaccionada<\/li>\n<li style='margin-bottom: 5px;'><strong>Condiciones ambientales:<\/strong> -76\u00b0F a +185\u00b0F (-60\u00b0C a +85\u00b0C)<\/li>\n<li style='margin-bottom: 5px;'><strong>Temperatura de almacenamiento:<\/strong> -76\u00b0F a +185\u00b0F (-60\u00b0C a +85\u00b0C)<\/li>\n<li style='margin-bottom: 5px;'><strong>Humedad:<\/strong> 0-100% HR sin condensaci\u00f3n<\/li>\n<li style='margin-bottom: 5px;'><strong>Voltaje operativo:<\/strong> 24Vdc nominal (rango 18-32Vdc)<\/li>\n<li style='margin-bottom: 5px;'><strong>Consumo:<\/strong> 3W m\u00ednimo (calefacci\u00f3n apagada); 15W m\u00e1ximo a 32Vdc (calefacci\u00f3n encendida)<\/li>\n<li style='margin-bottom: 5px;'><strong>Salidas:<\/strong> Contactos de rel\u00e9 (SPST 2A a 30Vdc) &#8211; alarma y fallo. 0-20mA&comma; HART\u00ae<\/li>\n<li style='margin-bottom: 5px;'><strong>\u00c1ngulo de visi\u00f3n:<\/strong> 100\u00b0 horizontal x 80\u00b0 vertical<\/li>\n<li style='margin-bottom: 5px;'><strong>Velocidad de respuesta:<\/strong> Menos de 5 segundos (t\u00edpico)<\/li>\n<li style='margin-bottom: 5px;'><strong>Materiales:<\/strong> Aluminio sin cobre o acero inoxidable 316<\/li>\n<li style='margin-bottom: 5px;'><strong>Conexi\u00f3n:<\/strong> 3\/4 pulgadas NPT o M25<\/li>\n<li style='margin-bottom: 5px;'><strong>Peso:<\/strong> Aluminio 5.5 lbs (2.5 Kg); Acero inoxidable 13.2 lbs (6 Kg)<\/li>\n<\/ul><\/div>\n<\/p><\/div>\n<div style='display: flex; flex-wrap: wrap; gap: 20px; margin-bottom: 30px;'>\n<div style='flex: 1 1 250px; border: 1px solid rgba(150&comma; 150&comma; 150&comma; 0.4); border-radius: 8px; overflow: hidden; display: flex; flex-direction: column;'>\n<div style='padding: 15px; border-bottom: 1px solid rgba(150&comma; 150&comma; 150&comma; 0.2); font-weight: bold; font-size: 18px; color: inherit;'>Certificaciones<\/div>\n<div style='padding: 15px; color: inherit;'>\n<ul style='padding-left: 20px; margin: 0; font-size: 14px; list-style-type: disc;'>\n<li style='margin-bottom: 5px;'>FMus Aprobado Clase 1 Zona 1<\/li>\n<li style='margin-bottom: 5px;'>Clase 1 Div 1 Grupos B&comma; C&comma; D T4<\/li>\n<li style='margin-bottom: 5px;'>AEx\/Ex db IIC T4<\/li>\n<li style='margin-bottom: 5px;'>ATEX II 2 G Ex db IIC T4<\/li>\n<li style='margin-bottom: 5px;'>INMETRO Ex db IIC T4<\/li>\n<li style='margin-bottom: 5px;'>IECEx Ex db IIC T4<\/li>\n<li style='margin-bottom: 5px;'>NEMA tipo 4X\/4P<\/li>\n<li style='margin-bottom: 5px;'>IP66\/67<\/li>\n<\/ul><\/div>\n<\/p><\/div>\n<div style='flex: 1 1 250px; border: 1px solid rgba(150&comma; 150&comma; 150&comma; 0.4); border-radius: 8px; overflow: hidden; display: flex; flex-direction: column;'>\n<div style='padding: 15px; border-bottom: 1px solid rgba(150&comma; 150&comma; 150&comma; 0.2); font-weight: bold; font-size: 18px; color: inherit;'>Sensibilidad<\/div>\n<div style='padding: 15px; color: inherit;'>\n<ul style='padding-left: 20px; margin: 0; font-size: 14px; list-style-type: disc;'>\n<li style='margin-bottom: 5px;'><strong>Alta sensibilidad:<\/strong> Hasta 39m<\/li>\n<li style='margin-bottom: 5px;'><strong>Sensibilidad est\u00e1ndar:<\/strong> Hasta 25m<\/li>\n<li style='margin-bottom: 5px;'>Detecci\u00f3n de m\u00faltiples combustibles<\/li>\n<li style='margin-bottom: 5px;'>Detecci\u00f3n de llama y arco de soldadura<\/li>\n<\/ul><\/div>\n<\/p><\/div>\n<div style='flex: 1 1 250px; border: 1px solid rgba(150&comma; 150&comma; 150&comma; 0.4); border-radius: 8px; overflow: hidden; display: flex; flex-direction: column;'>\n<div style='padding: 15px; border-bottom: 1px solid rgba(150&comma; 150&comma; 150&comma; 0.2); font-weight: bold; font-size: 18px; color: inherit;'>Accesorios<\/div>\n<div style='padding: 15px; color: inherit;'>\n<ul style='padding-left: 20px; margin: 0; font-size: 14px; list-style-type: disc;'>\n<li style='margin-bottom: 5px;'>27028: 3\/4&#8242; NPT&comma; entrada dual<\/li>\n<li style='margin-bottom: 5px;'>27029: M25&comma; entrada dual<\/li>\n<li style='margin-bottom: 5px;'>27030: 3\/4&#8242; NPT&comma; entrada dual&comma; acero inoxidable<\/li>\n<li style='margin-bottom: 5px;'>27031: M25&comma; entrada dual&comma; acero inoxidable<\/li>\n<li style='margin-bottom: 5px;'>24383: Protector solar<\/li>\n<\/ul><\/div>\n<\/p><\/div>\n<\/p><\/div>\n<div style='display: flex; flex-wrap: wrap; gap: 30px; margin-bottom: 30px;'>\n<div style='flex: 1 1 300px; min-width: 280px;'>\n<h3 style='font-size: 22px; border-bottom: 2px solid currentColor; padding-bottom: 5px; margin-top: 0; color: inherit; opacity: 0.8;'>Est\u00e1ndares y Normas<\/h3>\n<ul style='padding-left: 20px; font-size: 15px; color: inherit;'>\n<li style='margin-bottom: 5px;'>FM 3260<\/li>\n<li style='margin-bottom: 5px;'>IEC 61508 SIL 2 Capable<\/li>\n<li style='margin-bottom: 5px;'>EN 54-10<\/li>\n<li style='margin-bottom: 5px;'>Evaluaci\u00f3n de producto marino ABS<\/li>\n<\/ul><\/div>\n<\/p><\/div>\n<hr style='border: 0; border-top: 1px solid rgba(150&comma; 150&comma; 150&comma; 0.3); margin: 30px 0;'> <\/div>\n","protected":false},"excerpt":{"rendered":"<p>Protector Solar Para Detectores de Flama Viking<\/p>\n","protected":false},"featured_media":32,"comment_status":"open","ping_status":"closed","template":"","meta":[],"product_brand":[],"product_cat":[985],"product_tag":[978,986,980],"class_list":{"0":"post-36098","1":"product","2":"type-product","3":"status-publish","4":"has-post-thumbnail","6":"product_cat-detectores-de-flama","7":"product_tag-aplicaciones-especiales","8":"product_tag-detectores-de-flama","9":"product_tag-safe-fire-detection-inc","11":"first","12":"outofstock","13":"sale","14":"shipping-taxable","15":"purchasable","16":"product-type-simple"},"_links":{"self":[{"href":"https:\/\/soydeaqui.ddns.net\/pachuca\/index.php\/wp-json\/wp\/v2\/product\/36098","targetHints":{"allow":["GET"]}}],"collection":[{"href":"https:\/\/soydeaqui.ddns.net\/pachuca\/index.php\/wp-json\/wp\/v2\/product"}],"about":[{"href":"https:\/\/soydeaqui.ddns.net\/pachuca\/index.php\/wp-json\/wp\/v2\/types\/product"}],"replies":[{"embeddable":true,"href":"https:\/\/soydeaqui.ddns.net\/pachuca\/index.php\/wp-json\/wp\/v2\/comments?post=36098"}],"wp:featuredmedia":[{"embeddable":true,"href":"https:\/\/soydeaqui.ddns.net\/pachuca\/index.php\/wp-json\/wp\/v2\/media\/32"}],"wp:attachment":[{"href":"https:\/\/soydeaqui.ddns.net\/pachuca\/index.php\/wp-json\/wp\/v2\/media?parent=36098"}],"wp:term":[{"taxonomy":"product_brand","embeddable":true,"href":"https:\/\/soydeaqui.ddns.net\/pachuca\/index.php\/wp-json\/wp\/v2\/product_brand?post=36098"},{"taxonomy":"product_cat","embeddable":true,"href":"https:\/\/soydeaqui.ddns.net\/pachuca\/index.php\/wp-json\/wp\/v2\/product_cat?post=36098"},{"taxonomy":"product_tag","embeddable":true,"href":"https:\/\/soydeaqui.ddns.net\/pachuca\/index.php\/wp-json\/wp\/v2\/product_tag?post=36098"}],"curies":[{"name":"wp","href":"https:\/\/api.w.org\/{rel}","templated":true}]}}