{"id":35999,"date":"2026-03-18T15:56:20","date_gmt":"2026-03-18T15:56:20","guid":{"rendered":"https:\/\/soydeaqui.ddns.net\/pachuca\/index.php\/producto\/lampara-de-prueba-uv-ir-genera-radiacion-uv-ir-similar-al-fuego-disenada-para-pruebas-sencillas-y-seguras-2\/"},"modified":"2026-03-18T15:56:22","modified_gmt":"2026-03-18T15:56:22","slug":"lampara-de-prueba-uv-ir-genera-radiacion-uv-ir-similar-al-fuego-disenada-para-pruebas-sencillas-y-seguras-2","status":"publish","type":"product","link":"https:\/\/soydeaqui.ddns.net\/pachuca\/index.php\/producto\/lampara-de-prueba-uv-ir-genera-radiacion-uv-ir-similar-al-fuego-disenada-para-pruebas-sencillas-y-seguras-2\/","title":{"rendered":"L\u00e1mpara de Prueba UV\/IR, Genera Radiaci\u00f3n UV\/IR Similar al Fuego, Dise\u00f1ada para Pruebas Sencillas y Seguras"},"content":{"rendered":"<div style='width: 100%; max-width: 1200px; margin: 0 auto; font-family: sans-serif; line-height: 1.6; color: inherit; background-color: transparent;'>\n<div style='display: flex; flex-wrap: wrap; gap: 30px; margin-bottom: 30px;'>\n<div style='flex: 1 1 300px; min-width: 280px;'>\n<h3 style='font-size: 22px; border-bottom: 2px solid currentColor; padding-bottom: 5px; margin-top: 0; color: inherit; opacity: 0.8;'>Caracter\u00edsticas Generales<\/h3>\n<ul style='padding-left: 20px; font-size: 15px; color: inherit;'>\n<li style='margin-bottom: 5px;'><span style='font-weight: bold;'>Modelo:<\/span> TXP-FDE<\/li>\n<li style='margin-bottom: 5px;'><span style='font-weight: bold;'>Uso:<\/span> Simulaci\u00f3n de llama para pruebas de detectores<\/li>\n<li style='margin-bottom: 5px;'><span style='font-weight: bold;'>Aplicaci\u00f3n:<\/span> Puesta en servicio y pruebas peri\u00f3dicas de sistemas<\/li>\n<li style='margin-bottom: 5px;'><span style='font-weight: bold;'>Distancia de uso:<\/span> Hasta 7 metros (23 pies)<\/li>\n<li style='margin-bottom: 5px;'><span style='font-weight: bold;'>Duraci\u00f3n de bater\u00eda:<\/span> M\u00e1s de 1000 activaciones entre cargas<\/li>\n<\/ul><\/div>\n<div style='flex: 1 1 300px; min-width: 280px;'>\n<h3 style='font-size: 22px; border-bottom: 2px solid currentColor; padding-bottom: 5px; margin-top: 0; color: inherit; opacity: 0.8;'>Contenido del Kit<\/h3>\n<ul style='padding-left: 20px; font-size: 15px; color: inherit;'>\n<li style='margin-bottom: 5px;'>Simulador de llama<\/li>\n<li style='margin-bottom: 5px;'>Estuche de transporte<\/li>\n<li style='margin-bottom: 5px;'>Cargador de bater\u00eda<\/li>\n<li style='margin-bottom: 5px;'>Llave inglesa<\/li>\n<li style='margin-bottom: 5px;'>Llave Allen<\/li>\n<li style='margin-bottom: 5px;'>Correa de transporte<\/li>\n<li style='margin-bottom: 5px;'>Instrucciones de funcionamiento<\/li>\n<\/ul><\/div>\n<\/p><\/div>\n<div style='display: flex; flex-wrap: wrap; gap: 30px; margin-bottom: 30px;'>\n<div style='flex: 1 1 300px; min-width: 280px;'>\n<h3 style='font-size: 22px; border-bottom: 2px solid currentColor; padding-bottom: 5px; margin-top: 0; color: inherit; opacity: 0.8;'>Caracter\u00edsticas T\u00e9cnicas<\/h3>\n<ul style='padding-left: 20px; font-size: 15px; color: inherit;'>\n<li style='margin-bottom: 5px;'><span style='font-weight: bold;'>Tipos de prueba:<\/span> UV\/IR&comma; similar al fuego real<\/li>\n<li style='margin-bottom: 5px;'><span style='font-weight: bold;'>Auto-prueba:<\/span> Componentes \u00f3pticos&comma; ventanas&comma; electr\u00f3nicos y software<\/li>\n<li style='margin-bottom: 5px;'><span style='font-weight: bold;'>Activaci\u00f3n:<\/span> Manual mediante software o cortocircuito de terminales<\/li>\n<li style='margin-bottom: 5px;'><span style='font-weight: bold;'>Aprobaci\u00f3n:<\/span> Para uso en \u00e1reas peligrosas<\/li>\n<li style='margin-bottom: 5px;'><span style='font-weight: bold;'>Dise\u00f1o:<\/span> Ergon\u00f3mico con marcadores de alineaci\u00f3n<\/li>\n<li style='margin-bottom: 5px;'><span style='font-weight: bold;'>Modelos disponibles:<\/span> IR3&comma; IR3-H2 y UV-IR<\/li>\n<\/ul><\/div>\n<div style='flex: 1 1 300px; min-width: 280px;'>\n<h3 style='font-size: 22px; border-bottom: 2px solid currentColor; padding-bottom: 5px; margin-top: 0; color: inherit; opacity: 0.8;'>Beneficios<\/h3>\n<ul style='padding-left: 20px; font-size: 15px; color: inherit;'>\n<li style='margin-bottom: 5px;'>Pruebas de bucle totalmente externas<\/li>\n<li style='margin-bottom: 5px;'>Bajo costo inicial y de mantenimiento<\/li>\n<li style='margin-bottom: 5px;'>Reduce la necesidad de andamios<\/li>\n<li style='margin-bottom: 5px;'>Ahorra tiempo en permisos de trabajo en caliente<\/li>\n<li style='margin-bottom: 5px;'>F\u00e1cil de transportar y usar<\/li>\n<li style='margin-bottom: 5px;'>Listo para usar cuando se necesita<\/li>\n<\/ul><\/div>\n<\/p><\/div>\n<div style='display: flex; flex-wrap: wrap; gap: 30px; margin-bottom: 30px;'>\n<div style='flex: 1 1 300px; min-width: 280px;'>\n<h3 style='font-size: 22px; border-bottom: 2px solid currentColor; padding-bottom: 5px; margin-top: 0; color: inherit; opacity: 0.8;'>Aplicaciones<\/h3>\n<p style='font-size: 15px; color: inherit; margin-top: 0;'>Los simuladores de llama TXP-FDE son ideales para la verificaci\u00f3n precisa&comma; r\u00e1pida y c\u00f3moda del rendimiento de detectores de llama en entornos industriales. Su dise\u00f1o ergon\u00f3mico y capacidad para uso en \u00e1reas peligrosas los convierte en herramientas esenciales para la puesta en servicio y mantenimiento de sistemas de detecci\u00f3n de fuego.<\/p>\n<\/p><\/div>\n<\/p><\/div>\n<\/p><\/div>\n","protected":false},"excerpt":{"rendered":"<p>L\u00e1mpara de Prueba UV\/IR, Genera Radiaci\u00f3n UV\/IR Similar al Fuego, Dise\u00f1ada para Pruebas Sencillas y Seguras<\/p>\n","protected":false},"featured_media":35998,"comment_status":"open","ping_status":"closed","template":"","meta":[],"product_brand":[],"product_cat":[985],"product_tag":[978,986,980],"class_list":{"0":"post-35999","1":"product","2":"type-product","3":"status-publish","4":"has-post-thumbnail","6":"product_cat-detectores-de-flama","7":"product_tag-aplicaciones-especiales","8":"product_tag-detectores-de-flama","9":"product_tag-safe-fire-detection-inc","11":"first","12":"outofstock","13":"sale","14":"shipping-taxable","15":"purchasable","16":"product-type-simple"},"_links":{"self":[{"href":"https:\/\/soydeaqui.ddns.net\/pachuca\/index.php\/wp-json\/wp\/v2\/product\/35999","targetHints":{"allow":["GET"]}}],"collection":[{"href":"https:\/\/soydeaqui.ddns.net\/pachuca\/index.php\/wp-json\/wp\/v2\/product"}],"about":[{"href":"https:\/\/soydeaqui.ddns.net\/pachuca\/index.php\/wp-json\/wp\/v2\/types\/product"}],"replies":[{"embeddable":true,"href":"https:\/\/soydeaqui.ddns.net\/pachuca\/index.php\/wp-json\/wp\/v2\/comments?post=35999"}],"wp:featuredmedia":[{"embeddable":true,"href":"https:\/\/soydeaqui.ddns.net\/pachuca\/index.php\/wp-json\/wp\/v2\/media\/35998"}],"wp:attachment":[{"href":"https:\/\/soydeaqui.ddns.net\/pachuca\/index.php\/wp-json\/wp\/v2\/media?parent=35999"}],"wp:term":[{"taxonomy":"product_brand","embeddable":true,"href":"https:\/\/soydeaqui.ddns.net\/pachuca\/index.php\/wp-json\/wp\/v2\/product_brand?post=35999"},{"taxonomy":"product_cat","embeddable":true,"href":"https:\/\/soydeaqui.ddns.net\/pachuca\/index.php\/wp-json\/wp\/v2\/product_cat?post=35999"},{"taxonomy":"product_tag","embeddable":true,"href":"https:\/\/soydeaqui.ddns.net\/pachuca\/index.php\/wp-json\/wp\/v2\/product_tag?post=35999"}],"curies":[{"name":"wp","href":"https:\/\/api.w.org\/{rel}","templated":true}]}}