{"id":35943,"date":"2026-03-18T15:54:54","date_gmt":"2026-03-18T15:54:54","guid":{"rendered":"https:\/\/soydeaqui.ddns.net\/pachuca\/index.php\/producto\/hikfire-camara-ip-4-megapixel-deteccion-de-temperatura-sin-contacto-exterior-ip66-compatible-con-hik-connect-microfono-y-bocina-para-audio-de-dos-vias\/"},"modified":"2026-03-18T15:54:58","modified_gmt":"2026-03-18T15:54:58","slug":"hikfire-camara-ip-4-megapixel-deteccion-de-temperatura-sin-contacto-exterior-ip66-compatible-con-hik-connect-microfono-y-bocina-para-audio-de-dos-vias","status":"publish","type":"product","link":"https:\/\/soydeaqui.ddns.net\/pachuca\/index.php\/producto\/hikfire-camara-ip-4-megapixel-deteccion-de-temperatura-sin-contacto-exterior-ip66-compatible-con-hik-connect-microfono-y-bocina-para-audio-de-dos-vias\/","title":{"rendered":"(HikFire) C\u00e1mara IP 4 Megap\u00edxel \/ Detecci\u00f3n de Temperatura sin Contacto \/ Exterior IP66 \/ Compatible con Hik-Connect \/ Micr\u00f3fono y Bocina para Audio de dos V\u00edas"},"content":{"rendered":"<div style='width: 100%; max-width: 1200px; margin: 0 auto; font-family: sans-serif; line-height: 1.6; color: inherit; background-color: transparent;'> <!-- Logo --> <\/p>\n<div style='text-align: center; margin: 30px 0;'> <img style='width: 45%; height: auto; border: 1px solid rgba(150&comma;150&comma;150&comma;0.3); border-radius: 8px;' src='https:\/\/ftp3.syscom.mx\/usuarios\/jsosa\/HIKVISION\/imagenes\/logo\/hikvision%20see%20far.png' alt='Logo Hikvision'> <\/div>\n<p> <!-- Consideraciones --> <\/p>\n<div style='margin-bottom: 30px;'>\n<div style='border: 1px solid rgba(150&comma;150&comma;150&comma;0.4); border-radius: 8px; overflow: hidden;'>\n<div style='padding: 15px; background-color: #df001e; border-bottom: 1px solid #a80000;'> <span style='font-size: 14pt; color: #ffffff; font-family: verdana&comma; geneva&comma; sans-serif;'>Consideraciones<\/span> <\/div>\n<div style='padding: 15px;'>\n<ul style='padding-left: 20px; margin: 0; font-size: 15px; color: inherit;'>\n<li style='margin-bottom: 5px;'>Aseg\u00farese de instalar el dispositivo en una ubicaci\u00f3n adecuada para maximizar su eficiencia.<\/li>\n<li style='margin-bottom: 5px;'>Mantenga el dispositivo limpio y libre de obstrucciones para un rendimiento \u00f3ptimo.<\/li>\n<\/ul>\n<p style='margin-top: 20px; color: #ff0000; font-weight: bold; font-family: verdana&comma; geneva&comma; sans-serif;'>NVRs Comptaibles:<\/p>\n<ul style='padding-left: 20px; margin: 0; font-size: 15px; color: inherit;'>\n<li style='margin-bottom: 5px;'><strong>Serie M-VPRO:<\/strong> DS-9600NX1-M8R\/VPro<\/li>\n<li style='margin-bottom: 5px;'><strong>Series M:<\/strong> DS-9600NI-M8\/R&comma; DS-9600NI-M16\/R&comma; DS-7604NI-M1&comma; DS-7600IN-M2&comma; DS-7700NI-M4<\/li>\n<li style='margin-bottom: 5px;'><strong>Series I:<\/strong> DS-7600NXI-I2\/S(E)&comma; DS-7700NXI-I4\/S(E)<\/li>\n<li style='margin-bottom: 5px;'><strong>Series K:<\/strong> DS-7600NXI-K1(D)&comma; DS-7600NXI-K2(D)&comma; DS7700NXI-K4(D)&comma; DS-8600NXI-K8(D)&comma; DS7600NXI-K1&comma; DS7600NXI-K2&comma; DS7700NXI-K4&comma; DS8600NXI-K8<\/li>\n<li style='margin-bottom: 5px;'><strong>Series Q:<\/strong> DS-7600NI-Q1(D)&comma; DS-7600NI-Q2(D)<\/li>\n<\/ul><\/div>\n<\/p><\/div>\n<\/p><\/div>\n<p> <!-- Caracter\u00edsticas --> <\/p>\n<div style='display: flex; flex-wrap: wrap; gap: 30px; margin-bottom: 30px;'>\n<div style='flex: 1 1 300px; min-width: 280px;'>\n<div style='border: 1px solid rgba(150&comma;150&comma;150&comma;0.4); border-radius: 8px; overflow: hidden;'>\n<div style='padding: 15px; background-color: #df001e; border-bottom: 1px solid #a80000;'> <span style='font-size: 14pt; color: #ffffff; font-family: verdana&comma; geneva&comma; sans-serif;'>Caracter\u00edsticas Principales<\/span> <\/div>\n<div style='padding: 15px;'>\n<ul style='padding-left: 20px; margin: 0; font-size: 15px; color: inherit;'>\n<li style='margin-bottom: 5px;'>Detecci\u00f3n de alta temperatura<\/li>\n<li style='margin-bottom: 5px;'>Resoluci\u00f3n \u00f3ptica: 2560 \u00d7 1440 (lente 2.8 mm)<\/li>\n<li style='margin-bottom: 5px;'>Rango de medici\u00f3n de temperatura: -20\u00b0C a 120\u00b0C<\/li>\n<li style='margin-bottom: 5px;'>Detecci\u00f3n de temperatura con precisi\u00f3n de \u00b13\u00b0C<\/li>\n<li style='margin-bottom: 5px;'>Compatible con Hik-Connect<\/li>\n<li style='margin-bottom: 5px;'>Soporta audio de dos v\u00edas<\/li>\n<\/ul><\/div>\n<\/p><\/div>\n<\/p><\/div>\n<div style='flex: 1 1 300px; min-width: 280px;'>\n<div style='border: 1px solid rgba(150&comma;150&comma;150&comma;0.4); border-radius: 8px; overflow: hidden;'>\n<div style='padding: 15px; background-color: #df001e; border-bottom: 1px solid #a80000;'> <span style='font-size: 14pt; color: #ffffff; font-family: verdana&comma; geneva&comma; sans-serif;'>Caracter\u00edsticas F\u00edsicas y El\u00e9ctricas<\/span> <\/div>\n<div style='padding: 15px;'>\n<ul style='padding-left: 20px; margin: 0; font-size: 15px; color: inherit;'>\n<li style='margin-bottom: 5px;'>Sensor \u00f3ptico: CMOS 1\/2.7&#8242;<\/li>\n<li style='margin-bottom: 5px;'>Temperatura de operaci\u00f3n: -30 \u00b0C~60 \u00b0C&comma; humedad: menos de 95% (sin condensaci\u00f3n)<\/li>\n<li style='margin-bottom: 5px;'>Alimentaci\u00f3n: 12VDC&comma; PoE (802.3af)<\/li>\n<li style='margin-bottom: 5px;'>Protecci\u00f3n exterior: IP66<\/li>\n<li style='margin-bottom: 5px;'>Dimensiones: 130mm \u00d7 101mm<\/li>\n<li style='margin-bottom: 5px;'>Peso: Aprox. 450 gramos<\/li>\n<\/ul><\/div>\n<\/p><\/div>\n<\/p><\/div>\n<\/p><\/div>\n<p> <!-- HikCentral Professional --> <\/p>\n<div style='margin-bottom: 30px;'>\n<div style='border: 1px solid rgba(150&comma;150&comma;150&comma;0.4); border-radius: 8px; overflow: hidden;'>\n<div style='padding: 15px; background-color: #df001e; border-bottom: 1px solid #a80000;'> <span style='font-size: 14pt; color: #ffffff; font-family: verdana&comma; geneva&comma; sans-serif;'>Compatible con HikCentral Professional<\/span> <\/div>\n<div style='padding: 15px;'>\n<p style='margin-top: 0; font-weight: bold; color: inherit;'>Para utilizar la c\u00e1mara con funciones de detecci\u00f3n de fuego en HikCentral Professional se requieren las siguientes licencias:<\/p>\n<ul style='padding-left: 20px; margin: 0; font-size: 15px; color: inherit;'>\n<li style='margin-bottom: 5px;'><a href='https:\/\/www.syscom.mx\/producto\/HC-P-VSS-B\/0C-HIKVISION-188079.html' target='_blank' rel='noopener' style='color: #0066cc; text-decoration: underline;'><strong>HC-P-VSS-B\/0C<\/strong><\/a>: Acceso a plataforma HikCentral (si no existe ya activa).<\/li>\n<li style='margin-bottom: 5px;'><a href='https:\/\/www.syscom.mx\/producto\/HC-P-FIREDETECTION\/1C-HIKVISION-238214.html' target='_blank' rel='noopener' style='color: #0066cc; text-decoration: underline;'><strong>HC-P-FIREDETECTION\/1C<\/strong><\/a>: Licencia por cada c\u00e1mara con detecci\u00f3n de fuego.<\/li>\n<\/ul><\/div>\n<\/p><\/div>\n<\/p><\/div>\n<p> <!-- Banner --> <\/p>\n<div style='margin: 30px 0;'> <a title='Serie AX PRO' href='https:\/\/www.syscom.mx\/producto\/HC-P-FIREDETECTION\/1C-HIKVISION-238214.html' target='_blank' rel='noopener'> <img style='width: 100%; height: auto; border: 1px solid rgba(150&comma;150&comma;150&comma;0.3); border-radius: 8px;' src='https:\/\/ftp3.syscom.mx\/usuarios\/jsosa\/HIKVISION\/HikFire\/banners\/LINKEDIN%201200%20x%20627%20-%20Solucion%20Hikfire%20s.png' alt='Banner Serie AX PRO'> <\/a> <\/div>\n<p> <!-- Separador --> <\/p>\n<hr style='border: 0; border-top: 1px solid rgba(150&comma; 150&comma; 150&comma; 0.3); margin: 30px 0;'> <\/div>\n","protected":false},"excerpt":{"rendered":"<p>(HikFire) C\u00e1mara IP 4 Megap\u00edxel \/ Detecci\u00f3n de Temperatura sin Contacto \/ Exterior IP66 \/ Compatible con Hik-Connect \/ Micr\u00f3fono y Bocina para Audio de dos V\u00edas<\/p>\n","protected":false},"featured_media":35942,"comment_status":"open","ping_status":"closed","template":"","meta":[],"product_brand":[],"product_cat":[1042],"product_tag":[1044,54,1043],"class_list":{"0":"post-35943","1":"product","2":"type-product","3":"status-publish","4":"has-post-thumbnail","6":"product_cat-camaras-ip-con-deteccion-de-fuego","7":"product_tag-camaras-ip-con-deteccion-de-fuego","8":"product_tag-hikvision","9":"product_tag-prevencion-de-incendio-by-hikvision","11":"first","12":"outofstock","13":"sale","14":"shipping-taxable","15":"purchasable","16":"product-type-simple"},"_links":{"self":[{"href":"https:\/\/soydeaqui.ddns.net\/pachuca\/index.php\/wp-json\/wp\/v2\/product\/35943","targetHints":{"allow":["GET"]}}],"collection":[{"href":"https:\/\/soydeaqui.ddns.net\/pachuca\/index.php\/wp-json\/wp\/v2\/product"}],"about":[{"href":"https:\/\/soydeaqui.ddns.net\/pachuca\/index.php\/wp-json\/wp\/v2\/types\/product"}],"replies":[{"embeddable":true,"href":"https:\/\/soydeaqui.ddns.net\/pachuca\/index.php\/wp-json\/wp\/v2\/comments?post=35943"}],"wp:featuredmedia":[{"embeddable":true,"href":"https:\/\/soydeaqui.ddns.net\/pachuca\/index.php\/wp-json\/wp\/v2\/media\/35942"}],"wp:attachment":[{"href":"https:\/\/soydeaqui.ddns.net\/pachuca\/index.php\/wp-json\/wp\/v2\/media?parent=35943"}],"wp:term":[{"taxonomy":"product_brand","embeddable":true,"href":"https:\/\/soydeaqui.ddns.net\/pachuca\/index.php\/wp-json\/wp\/v2\/product_brand?post=35943"},{"taxonomy":"product_cat","embeddable":true,"href":"https:\/\/soydeaqui.ddns.net\/pachuca\/index.php\/wp-json\/wp\/v2\/product_cat?post=35943"},{"taxonomy":"product_tag","embeddable":true,"href":"https:\/\/soydeaqui.ddns.net\/pachuca\/index.php\/wp-json\/wp\/v2\/product_tag?post=35943"}],"curies":[{"name":"wp","href":"https:\/\/api.w.org\/{rel}","templated":true}]}}