{"id":35929,"date":"2026-03-18T15:54:36","date_gmt":"2026-03-18T15:54:36","guid":{"rendered":"https:\/\/soydeaqui.ddns.net\/pachuca\/index.php\/producto\/manometro-de-contacto-argon-nitrogeno-2901-psi-200-bar-n-o-baja-presion-sistemas-de-extincion-oxeo\/"},"modified":"2026-03-18T15:54:38","modified_gmt":"2026-03-18T15:54:38","slug":"manometro-de-contacto-argon-nitrogeno-2901-psi-200-bar-n-o-baja-presion-sistemas-de-extincion-oxeo","status":"publish","type":"product","link":"https:\/\/soydeaqui.ddns.net\/pachuca\/index.php\/producto\/manometro-de-contacto-argon-nitrogeno-2901-psi-200-bar-n-o-baja-presion-sistemas-de-extincion-oxeo\/","title":{"rendered":"Man\u00f3metro de Contacto | Arg\u00f3n\/Nitr\u00f3geno | 2901 PSI (200 bar) N.O Baja presi\u00f3n | Sistemas de Extinci\u00f3n Oxeo"},"content":{"rendered":"<div style=\"width: 100%; max-width: 1200px; margin: 0 auto; font-family: sans-serif; line-height: 1.6; color: inherit; background-color: transparent;\"><!-- Descripci\u00f3n general --><\/p>\n<div style=\"margin-bottom: 30px;\">\n<h2 style=\"font-size: 20px; border-bottom: 2px solid currentColor; padding-bottom: 5px; margin-top: 0; color: inherit; opacity: 0.8;\">Descripci&oacute;n<\/h2>\n<p style=\"font-size: 15px; margin-top: 10px; color: inherit;\">El man&oacute;metro de contacto se instala en la v&aacute;lvula del tanque de agente. El modelo 927612 est&aacute; disponible con contactos normalmente abiertos (NO) que se activan cuando disminuye la presi&oacute;n del tanque durante una descarga del sistema o cuando se pierde la presi&oacute;n del tanque debido a una fuga. Dise&ntilde;ado espec&iacute;ficamente para sistemas de extinci&oacute;n Oxeo PR.<\/p>\n<\/div>\n<p><!-- Caracter\u00edsticas principales --><\/p>\n<div style=\"display: flex; flex-wrap: wrap; gap: 30px; margin-bottom: 30px;\">\n<div style=\"flex: 1 1 300px; min-width: 280px;\">\n<h3 style=\"font-size: 18px; border-bottom: 2px solid currentColor; padding-bottom: 5px; margin-top: 0; color: inherit; opacity: 0.8;\">Especificaciones t&eacute;cnicas<\/h3>\n<ul style=\"padding-left: 20px; font-size: 14px; color: inherit;\">\n<li style=\"margin-bottom: 5px;\"><strong>Rango de presi&oacute;n:<\/strong> 2901 psi (200 bar)<\/li>\n<li style=\"margin-bottom: 5px;\"><strong>Tipo de contacto:<\/strong> Normalmente abierto (NO)<\/li>\n<li style=\"margin-bottom: 5px;\"><strong>Medio de presi&oacute;n:<\/strong> Arg&oacute;n (IG-01)&comma; Nitr&oacute;geno (IG-100)<\/li>\n<li style=\"margin-bottom: 5px;\"><strong>Tama&ntilde;o nominal:<\/strong> 50 mm<\/li>\n<li style=\"margin-bottom: 5px;\"><strong>Clase de precisi&oacute;n:<\/strong> 1.6<\/li>\n<li style=\"margin-bottom: 5px;\"><strong>Rango de temperatura:<\/strong> -4 &deg;F a 131 &deg;F (-20 &deg;C a +55 &deg;C)<\/li>\n<li style=\"margin-bottom: 5px;\"><strong>C&oacute;digo IP:<\/strong> IP65 con cable montado<\/li>\n<\/ul>\n<\/div>\n<div style=\"flex: 1 1 300px; min-width: 280px;\">\n<h3 style=\"font-size: 18px; border-bottom: 2px solid currentColor; padding-bottom: 5px; margin-top: 0; color: inherit; opacity: 0.8;\">Datos el&eacute;ctricos<\/h3>\n<ul style=\"padding-left: 20px; font-size: 14px; color: inherit;\">\n<li style=\"margin-bottom: 5px;\"><strong>Tensi&oacute;n de conmutaci&oacute;n:<\/strong> 4.5 &#8211; 24 VDC\/VAC<\/li>\n<li style=\"margin-bottom: 5px;\"><strong>Corriente de conmutaci&oacute;n:<\/strong> 5 &#8211; 100 mA<\/li>\n<li style=\"margin-bottom: 5px;\"><strong>Carga de contacto:<\/strong> M&aacute;ximo 2.4 W&comma; contacto seco<\/li>\n<li style=\"margin-bottom: 5px;\"><strong>Conductor:<\/strong> Dos hilos&comma; 39.37&#39; (100 cm)<\/li>\n<li style=\"margin-bottom: 5px;\"><strong>Secci&oacute;n del conductor:<\/strong> 0.000217 in&sup2; (0.14 mm&sup2;)<\/li>\n<\/ul>\n<\/div>\n<\/div>\n<p><!-- Materiales y construcci\u00f3n --><\/p>\n<div style=\"display: flex; flex-wrap: wrap; gap: 30px; margin-bottom: 30px;\">\n<div style=\"flex: 1 1 300px; min-width: 280px;\">\n<h3 style=\"font-size: 18px; border-bottom: 2px solid currentColor; padding-bottom: 5px; margin-top: 0; color: inherit; opacity: 0.8;\">Materiales y construcci&oacute;n<\/h3>\n<ul style=\"padding-left: 20px; font-size: 14px; color: inherit;\">\n<li style=\"margin-bottom: 5px;\"><strong>Carcasa:<\/strong> Acero inoxidable<\/li>\n<li style=\"margin-bottom: 5px;\"><strong>Puntero:<\/strong> Pl&aacute;stico&comma; color amarillo<\/li>\n<li style=\"margin-bottom: 5px;\"><strong>Red de medici&oacute;n y mecanismo:<\/strong> Aleaci&oacute;n de cobre<\/li>\n<li style=\"margin-bottom: 5px;\"><strong>Visor:<\/strong> Policarbonato<\/li>\n<li style=\"margin-bottom: 5px;\"><strong>Conexi&oacute;n de presi&oacute;n:<\/strong> M12x1&comma; SW14<\/li>\n<\/ul>\n<\/div>\n<div style=\"flex: 1 1 300px; min-width: 280px;\">\n<h3 style=\"font-size: 18px; border-bottom: 2px solid currentColor; padding-bottom: 5px; margin-top: 0; color: inherit; opacity: 0.8;\">Caracter&iacute;sticas del dial<\/h3>\n<ul style=\"padding-left: 20px; font-size: 14px; color: inherit;\">\n<li style=\"margin-bottom: 5px;\"><strong>Dise&ntilde;o:<\/strong> Seg&uacute;n UL2127<\/li>\n<li style=\"margin-bottom: 5px;\"><strong>Material:<\/strong> Aluminio&comma; color blanco<\/li>\n<li style=\"margin-bottom: 5px;\"><strong>Escala:<\/strong> Doble escala (psi\/bar)<\/li>\n<li style=\"margin-bottom: 5px;\"><strong>Rango de indicaci&oacute;n:<\/strong> 0 &#8211; Presi&oacute;n nominal<\/li>\n<\/ul>\n<\/div>\n<\/div>\n<p><!-- Informaci\u00f3n de operaci\u00f3n --><\/p>\n<div style=\"margin-bottom: 30px;\">\n<h3 style=\"font-size: 18px; border-bottom: 2px solid currentColor; padding-bottom: 5px; margin-top: 0; color: inherit; opacity: 0.8;\">Operaci&oacute;n y rendimiento<\/h3>\n<ul style=\"padding-left: 20px; font-size: 14px; color: inherit;\">\n<li style=\"margin-bottom: 5px;\"><strong>Punto de conmutaci&oacute;n (a 59&deg;F \/ 15&deg;C):<\/strong> 4351 \/ 2611 (300 \/ 180) psi (bar)<\/li>\n<li style=\"margin-bottom: 5px;\"><strong>Tolerancia:<\/strong> &plusmn;108.8 (&plusmn;7.5) psi (bar)<\/li>\n<li style=\"margin-bottom: 5px;\"><strong>Indicaci&oacute;n visual:<\/strong> &Aacute;reas de marcaci&oacute;n roja y verde para presi&oacute;n nominal a 59&deg;F (15&deg;C)<\/li>\n<li style=\"margin-bottom: 5px;\"><strong>Presi&oacute;n de marcaci&oacute;n:<\/strong> 2321 (160) psi (bar) a -4&deg;F (-20&deg;C)<\/li>\n<li style=\"margin-bottom: 5px;\"><strong>Presi&oacute;n de marcaci&oacute;n:<\/strong> 3626 (250) psi (bar) a 131&deg;F (55&deg;C)<\/li>\n<\/ul>\n<\/div>\n<p><!-- Listados y aprobaciones --><\/p>\n<div style=\"margin-bottom: 30px;\">\n<h3 style=\"font-size: 18px; border-bottom: 2px solid currentColor; padding-bottom: 5px; margin-top: 0; color: inherit; opacity: 0.8;\">Listados y aprobaciones<\/h3>\n<ul style=\"padding-left: 20px; font-size: 14px; color: inherit;\">\n<li style=\"margin-bottom: 5px;\">cULus Listed &#8211; EX5248 (Oxeo PR CF)<\/li>\n<li style=\"margin-bottom: 5px;\">FM Approved: Oxeo PR CF<\/li>\n<\/ul>\n<\/div>\n<p><!-- Peso --><\/p>\n<div style=\"margin-bottom: 30px;\">\n<h3 style=\"font-size: 18px; border-bottom: 2px solid currentColor; padding-bottom: 5px; margin-top: 0; color: inherit; opacity: 0.8;\">Peso<\/h3>\n<p style=\"font-size: 14px; margin-top: 10px; color: inherit;\">0.33 lb (0.15 kg)<\/p>\n<\/div>\n<p><!-- Video --><\/p>\n<div style=\"position: relative; padding-bottom: 56.25%; height: 0; overflow: hidden; margin-bottom: 30px;\"> <\/div>\n<\/div>\n","protected":false},"excerpt":{"rendered":"<p>Man\u00f3metro de Contacto | Arg\u00f3n\/Nitr\u00f3geno | 2901 PSI (200 bar) N.O Baja presi\u00f3n | Sistemas de Extinci\u00f3n Oxeo<\/p>\n","protected":false},"featured_media":35928,"comment_status":"open","ping_status":"closed","template":"","meta":[],"product_brand":[],"product_cat":[1038],"product_tag":[1003,1039],"class_list":{"0":"post-35929","1":"product","2":"type-product","3":"status-publish","4":"has-post-thumbnail","6":"product_cat-viking","7":"product_tag-extincion-de-incendio","8":"product_tag-viking","10":"first","11":"outofstock","12":"sale","13":"shipping-taxable","14":"purchasable","15":"product-type-simple"},"_links":{"self":[{"href":"https:\/\/soydeaqui.ddns.net\/pachuca\/index.php\/wp-json\/wp\/v2\/product\/35929","targetHints":{"allow":["GET"]}}],"collection":[{"href":"https:\/\/soydeaqui.ddns.net\/pachuca\/index.php\/wp-json\/wp\/v2\/product"}],"about":[{"href":"https:\/\/soydeaqui.ddns.net\/pachuca\/index.php\/wp-json\/wp\/v2\/types\/product"}],"replies":[{"embeddable":true,"href":"https:\/\/soydeaqui.ddns.net\/pachuca\/index.php\/wp-json\/wp\/v2\/comments?post=35929"}],"wp:featuredmedia":[{"embeddable":true,"href":"https:\/\/soydeaqui.ddns.net\/pachuca\/index.php\/wp-json\/wp\/v2\/media\/35928"}],"wp:attachment":[{"href":"https:\/\/soydeaqui.ddns.net\/pachuca\/index.php\/wp-json\/wp\/v2\/media?parent=35929"}],"wp:term":[{"taxonomy":"product_brand","embeddable":true,"href":"https:\/\/soydeaqui.ddns.net\/pachuca\/index.php\/wp-json\/wp\/v2\/product_brand?post=35929"},{"taxonomy":"product_cat","embeddable":true,"href":"https:\/\/soydeaqui.ddns.net\/pachuca\/index.php\/wp-json\/wp\/v2\/product_cat?post=35929"},{"taxonomy":"product_tag","embeddable":true,"href":"https:\/\/soydeaqui.ddns.net\/pachuca\/index.php\/wp-json\/wp\/v2\/product_tag?post=35929"}],"curies":[{"name":"wp","href":"https:\/\/api.w.org\/{rel}","templated":true}]}}