{"id":35871,"date":"2026-03-18T15:53:22","date_gmt":"2026-03-18T15:53:22","guid":{"rendered":"https:\/\/soydeaqui.ddns.net\/pachuca\/index.php\/producto\/multi-sensor-para-ducto-para-pm2-5-pm10-co2-tvoc-temperatura-y-humedad-relativa\/"},"modified":"2026-03-18T15:53:23","modified_gmt":"2026-03-18T15:53:23","slug":"multi-sensor-para-ducto-para-pm2-5-pm10-co2-tvoc-temperatura-y-humedad-relativa","status":"publish","type":"product","link":"https:\/\/soydeaqui.ddns.net\/pachuca\/index.php\/producto\/multi-sensor-para-ducto-para-pm2-5-pm10-co2-tvoc-temperatura-y-humedad-relativa\/","title":{"rendered":"Multi sensor para ducto , para PM2.5\/PM10, CO2, TVOC, temperatura y humedad relativa."},"content":{"rendered":"<div style='width: 100%; max-width: 1200px; margin: 0 auto; font-family: sans-serif; line-height: 1.6; color: inherit; background-color: transparent;'>\n<div style='display: flex; flex-wrap: wrap; gap: 30px; margin-bottom: 30px;'>\n<div style='flex: 1 1 300px; min-width: 280px;'>\n<h3 style='font-size: 22px; border-bottom: 2px solid currentColor; padding-bottom: 5px; margin-top: 0; color: inherit; opacity: 0.8;'>Descripci\u00f3n<\/h3>\n<p style='font-size: 15px; color: inherit; margin-bottom: 15px;'>Este monitor es un dispositivo avanzado y configurable para edificios comerciales. Monitorea PM2.5\/PM10&comma; CO2&comma; TVOC&comma; temperatura y humedad relativa. Este dispositivo se comunica mediante el protocolo Modbus sobre RS-485 y se integra f\u00e1cilmente con el funcionamiento de gesti\u00f3n del edificio. El m\u00f3dulo de sensor incorporado de grado comercial&comma; de alta precisi\u00f3n&comma; soporta una aplicaci\u00f3n estable y confiable a largo plazo.<\/p>\n<\/p><\/div>\n<\/p><\/div>\n<div style='display: flex; flex-wrap: wrap; gap: 30px; margin-bottom: 30px;'>\n<div style='flex: 1 1 300px; min-width: 280px;'>\n<h3 style='font-size: 22px; border-bottom: 2px solid currentColor; padding-bottom: 5px; margin-top: 0; color: inherit; opacity: 0.8;'>Caracter\u00edsticas<\/h3>\n<ul style='padding-left: 20px; font-size: 15px; color: inherit;'>\n<li style='margin-bottom: 5px;'>Este monitor de calidad del aire en ducto est\u00e1 especialmente dise\u00f1ado para monitorear m\u00faltiples par\u00e1metros de calidad del aire en los conductos de aire externos o de retorno.<\/li>\n<li style='margin-bottom: 5px;'>El m\u00f3dulo de sensor incorporado est\u00e1 dise\u00f1ado con una estructura de aluminio fundido cerrado. Esto garantiza estabilidad y protecci\u00f3n contra interferencias.<\/li>\n<li style='margin-bottom: 5px;'>Ventilador regulado integrado asegura un volumen constante de aire y mejora la estabilidad y vida \u00fatil del sensor.<\/li>\n<li style='margin-bottom: 5px;'>El dise\u00f1o especial del tubo de pitot se adapta a una amplia gama de velocidades de aire&comma; lo que permite una mayor vida \u00fatil y reduce la necesidad de cambiar la bomba de aire.<\/li>\n<li style='margin-bottom: 5px;'>La malla del filtro es f\u00e1cil de limpiar y se puede limpiar y utilizar muchas veces.<\/li>\n<li style='margin-bottom: 5px;'>La compensaci\u00f3n de temperatura y humedad reduce el impacto de los cambios en el ambiente circundante.<\/li>\n<li style='margin-bottom: 5px;'>Par\u00e1metros de monitoreo en tiempo real: part\u00edculas (PM2.5 y PM10)&comma; di\u00f3xido de carbono (CO2)&comma; TVOC&comma; temperatura y humedad del aire.<\/li>\n<li style='margin-bottom: 5px;'>Mediciones aisladas de temperatura y humedad relativa en el conducto de aire aseguran la precisi\u00f3n de los datos.<\/li>\n<li style='margin-bottom: 5px;'>Interfaz de comunicaci\u00f3n RS-485 Modbus.<\/li>\n<\/ul><\/div>\n<\/p><\/div>\n<div style='display: flex; flex-wrap: wrap; gap: 20px; margin-bottom: 30px;'>\n<div style='flex: 1 1 250px; border: 1px solid rgba(150&comma; 150&comma; 150&comma; 0.4); border-radius: 8px; overflow: hidden; display: flex; flex-direction: column;'>\n<div style='padding: 15px; border-bottom: 1px solid rgba(150&comma; 150&comma; 150&comma; 0.2); font-weight: bold; font-size: 18px; color: inherit;'>Especificaciones<\/div>\n<div style='padding: 15px; color: inherit;'>\n<ul style='padding-left: 20px; margin: 0; font-size: 14px; list-style-type: disc;'>\n<li style='margin-bottom: 5px;'><strong>Par\u00e1metros de detecci\u00f3n:<\/strong> PM2.5\/PM10&comma; CO2&comma; TVOC&comma; temperatura y humedad relativa.<\/li>\n<li style='margin-bottom: 5px;'><strong>Suministro de energ\u00eda:<\/strong> 12-28 Vdc\/18-27 Vac.<\/li>\n<li style='margin-bottom: 5px;'><strong>Consumo de energ\u00eda:<\/strong> Promedio 1.65W&comma; M\u00e1ximo 3W. Salida: RS-485 \/ RTU (Modbus).<\/li>\n<li style='margin-bottom: 5px;'><strong>Velocidad de aire aplicable en el conducto:<\/strong> 6.56-49.21 pies \/ s (2.0-15 m\/s).<\/li>\n<li style='margin-bottom: 5px;'><strong>Entorno de funcionamiento:<\/strong> 4-140 \u00b0F (-20 \u00b0C-60 \u00b0C) 0-99% de humedad relativa (sin condensaci\u00f3n).<\/li>\n<li style='margin-bottom: 5px;'><strong>Condici\u00f3n de almacenamiento:<\/strong> 32-122 \u00b0F (0 \u00b0C-50 \u00b0C) 10-60% de humedad relativa.<\/li>\n<li style='margin-bottom: 5px;'><strong>Dimensiones generales:<\/strong> 7.09 pulgadas x 4.92 pulgadas x 2.58 pulgadas (180 mm x 125 mm x 65.5 mm).<\/li>\n<li style='margin-bottom: 5px;'><strong>Longitud del tubo de sensado:<\/strong> 9.45 pulgadas (240 mm).<\/li>\n<\/ul><\/div>\n<\/p><\/div>\n<\/p><\/div>\n<hr style='border: 0; border-top: 1px solid rgba(150&comma; 150&comma; 150&comma; 0.3); margin: 30px 0;'> <\/div>\n","protected":false},"excerpt":{"rendered":"<p>Multi sensor para ducto , para PM2.5\/PM10, CO2, TVOC, temperatura y humedad relativa.<\/p>\n","protected":false},"featured_media":32,"comment_status":"open","ping_status":"closed","template":"","meta":[],"product_brand":[],"product_cat":[1034],"product_tag":[1035,1036,1037],"class_list":{"0":"post-35871","1":"product","2":"type-product","3":"status-publish","4":"has-post-thumbnail","6":"product_cat-bms-bas","7":"product_tag-bms","8":"product_tag-bms-bas","9":"product_tag-honeywell-bms","11":"first","12":"outofstock","13":"sale","14":"shipping-taxable","15":"purchasable","16":"product-type-simple"},"_links":{"self":[{"href":"https:\/\/soydeaqui.ddns.net\/pachuca\/index.php\/wp-json\/wp\/v2\/product\/35871","targetHints":{"allow":["GET"]}}],"collection":[{"href":"https:\/\/soydeaqui.ddns.net\/pachuca\/index.php\/wp-json\/wp\/v2\/product"}],"about":[{"href":"https:\/\/soydeaqui.ddns.net\/pachuca\/index.php\/wp-json\/wp\/v2\/types\/product"}],"replies":[{"embeddable":true,"href":"https:\/\/soydeaqui.ddns.net\/pachuca\/index.php\/wp-json\/wp\/v2\/comments?post=35871"}],"wp:featuredmedia":[{"embeddable":true,"href":"https:\/\/soydeaqui.ddns.net\/pachuca\/index.php\/wp-json\/wp\/v2\/media\/32"}],"wp:attachment":[{"href":"https:\/\/soydeaqui.ddns.net\/pachuca\/index.php\/wp-json\/wp\/v2\/media?parent=35871"}],"wp:term":[{"taxonomy":"product_brand","embeddable":true,"href":"https:\/\/soydeaqui.ddns.net\/pachuca\/index.php\/wp-json\/wp\/v2\/product_brand?post=35871"},{"taxonomy":"product_cat","embeddable":true,"href":"https:\/\/soydeaqui.ddns.net\/pachuca\/index.php\/wp-json\/wp\/v2\/product_cat?post=35871"},{"taxonomy":"product_tag","embeddable":true,"href":"https:\/\/soydeaqui.ddns.net\/pachuca\/index.php\/wp-json\/wp\/v2\/product_tag?post=35871"}],"curies":[{"name":"wp","href":"https:\/\/api.w.org\/{rel}","templated":true}]}}