{"id":35842,"date":"2026-03-18T15:52:46","date_gmt":"2026-03-18T15:52:46","guid":{"rendered":"https:\/\/soydeaqui.ddns.net\/pachuca\/index.php\/producto\/controlador-combinado-para-sistema-li-on-tamer\/"},"modified":"2026-03-18T15:52:46","modified_gmt":"2026-03-18T15:52:46","slug":"controlador-combinado-para-sistema-li-on-tamer","status":"publish","type":"product","link":"https:\/\/soydeaqui.ddns.net\/pachuca\/index.php\/producto\/controlador-combinado-para-sistema-li-on-tamer\/","title":{"rendered":"Controlador combinado para sistema Li-on Tamer"},"content":{"rendered":"<div style='width: 100%; max-width: 1200px; margin: 0 auto; font-family: sans-serif; line-height: 1.6; color: inherit; background-color: transparent;'>\n<div style='display: flex; flex-wrap: wrap; gap: 30px; margin-bottom: 30px;'>\n<div style='flex: 1 1 300px; min-width: 280px;'>\n<h3 style='font-size: 22px; border-bottom: 2px solid currentColor; padding-bottom: 5px; margin-top: 0; color: inherit; opacity: 0.8;'>Descripci\u00f3n<\/h3>\n<p style='font-size: 15px; color: inherit; margin-bottom: 15px;'>El sistema de supervisi\u00f3n Li-ion Tamer es un dispositivo que detecta la liberaci\u00f3n de gases de las bater\u00edas de iones de litio que se produce en los primeros momentos del fallo de las bater\u00edas y su detecci\u00f3n temprana permite adoptar medidas de mitigaci\u00f3n adecuadas para evitar un fallo catastr\u00f3fico que podr\u00eda desembocar en un incendio. El sistema de monitorizaci\u00f3n Li-ion Tamer est\u00e1 dise\u00f1ado para ser plug-and-play y f\u00e1cil de instalar&comma; y consta de dos componentes principales: sensores de liberaci\u00f3n de gases y controlador.<\/p>\n<\/p><\/div>\n<\/p><\/div>\n<div style='display: flex; flex-wrap: wrap; gap: 20px; margin-bottom: 30px;'>\n<div style='flex: 1 1 250px; border: 1px solid rgba(150&comma; 150&comma; 150&comma; 0.4); border-radius: 8px; overflow: hidden; display: flex; flex-direction: column;'>\n<div style='padding: 15px; border-bottom: 1px solid rgba(150&comma; 150&comma; 150&comma; 0.2); font-weight: bold; font-size: 18px; color: inherit;'>Caracter\u00edsticas principales<\/div>\n<div style='padding: 15px; color: inherit;'>\n<ul style='padding-left: 20px; margin: 0; font-size: 14px; list-style-type: disc;'>\n<li style='margin-bottom: 5px;'>Alerta temprana de fallos en bater\u00edas de iones de litio<\/li>\n<li style='margin-bottom: 5px;'>Permite evitar fugas t\u00e9rmicas con las medidas de mitigaci\u00f3n adecuadas<\/li>\n<li style='margin-bottom: 5px;'>Detecci\u00f3n de fallos de una sola celda sin contacto el\u00e9ctrico o mec\u00e1nico de las celdas<\/li>\n<li style='margin-bottom: 5px;'>Mayor vida \u00fatil del producto<\/li>\n<li style='margin-bottom: 5px;'>Producto sin necesidad de calibraci\u00f3n<\/li>\n<li style='margin-bottom: 5px;'>Se\u00f1al de salida de gran fiabilidad<\/li>\n<li style='margin-bottom: 5px;'>Bajo consumo energ\u00e9tico<\/li>\n<li style='margin-bottom: 5px;'>Compatible con los factores de forma y elementos qu\u00edmicos de todas las bater\u00edas de iones de litio<\/li>\n<li style='margin-bottom: 5px;'>F\u00e1cil de instalar<\/li>\n<li style='margin-bottom: 5px;'>Informaci\u00f3n independiente y regular sobre el estado de las bater\u00edas<\/li>\n<li style='margin-bottom: 5px;'>Autodiagn\u00f3stico<\/li>\n<li style='margin-bottom: 5px;'>Reducci\u00f3n\/eliminaci\u00f3n de falsas se\u00f1ales positivas<\/li>\n<li style='margin-bottom: 5px;'>Protocolos de comunicaci\u00f3n configurables&comma; incluidas las salidas digitales y la comunicaci\u00f3n en serie Modbus<\/li>\n<\/ul><\/div>\n<\/p><\/div>\n<\/p><\/div>\n<hr style='border: 0; border-top: 1px solid rgba(150&comma; 150&comma; 150&comma; 0.3); margin: 30px 0;'> <\/div>\n","protected":false},"excerpt":{"rendered":"<p>Controlador combinado para sistema Li-on Tamer<\/p>\n","protected":false},"featured_media":32,"comment_status":"open","ping_status":"closed","template":"","meta":[],"product_brand":[],"product_cat":[987],"product_tag":[988,522,1012],"class_list":{"0":"post-35842","1":"product","2":"type-product","3":"status-publish","4":"has-post-thumbnail","6":"product_cat-detectores-de-gases","7":"product_tag-detectores-de-gases","8":"product_tag-dispositivos-convencionales","9":"product_tag-xtralis","11":"first","12":"outofstock","13":"sale","14":"shipping-taxable","15":"purchasable","16":"product-type-simple"},"_links":{"self":[{"href":"https:\/\/soydeaqui.ddns.net\/pachuca\/index.php\/wp-json\/wp\/v2\/product\/35842","targetHints":{"allow":["GET"]}}],"collection":[{"href":"https:\/\/soydeaqui.ddns.net\/pachuca\/index.php\/wp-json\/wp\/v2\/product"}],"about":[{"href":"https:\/\/soydeaqui.ddns.net\/pachuca\/index.php\/wp-json\/wp\/v2\/types\/product"}],"replies":[{"embeddable":true,"href":"https:\/\/soydeaqui.ddns.net\/pachuca\/index.php\/wp-json\/wp\/v2\/comments?post=35842"}],"wp:featuredmedia":[{"embeddable":true,"href":"https:\/\/soydeaqui.ddns.net\/pachuca\/index.php\/wp-json\/wp\/v2\/media\/32"}],"wp:attachment":[{"href":"https:\/\/soydeaqui.ddns.net\/pachuca\/index.php\/wp-json\/wp\/v2\/media?parent=35842"}],"wp:term":[{"taxonomy":"product_brand","embeddable":true,"href":"https:\/\/soydeaqui.ddns.net\/pachuca\/index.php\/wp-json\/wp\/v2\/product_brand?post=35842"},{"taxonomy":"product_cat","embeddable":true,"href":"https:\/\/soydeaqui.ddns.net\/pachuca\/index.php\/wp-json\/wp\/v2\/product_cat?post=35842"},{"taxonomy":"product_tag","embeddable":true,"href":"https:\/\/soydeaqui.ddns.net\/pachuca\/index.php\/wp-json\/wp\/v2\/product_tag?post=35842"}],"curies":[{"name":"wp","href":"https:\/\/api.w.org\/{rel}","templated":true}]}}