{"id":35720,"date":"2026-03-18T15:50:08","date_gmt":"2026-03-18T15:50:08","guid":{"rendered":"https:\/\/soydeaqui.ddns.net\/pachuca\/index.php\/producto\/cilindro-para-calibracion-de-detectores-de-gas-oxigeno-o2-34l-17-v-v-lel-macurco\/"},"modified":"2026-03-18T15:50:09","modified_gmt":"2026-03-18T15:50:09","slug":"cilindro-para-calibracion-de-detectores-de-gas-oxigeno-o2-34l-17-v-v-lel-macurco","status":"publish","type":"product","link":"https:\/\/soydeaqui.ddns.net\/pachuca\/index.php\/producto\/cilindro-para-calibracion-de-detectores-de-gas-oxigeno-o2-34l-17-v-v-lel-macurco\/","title":{"rendered":"Cilindro Para Calibraci\u00f3n de Detectores de Gas Ox\u00edgeno O2 34L 17% V\/V LEL MACURCO"},"content":{"rendered":"<div style='width: 100%; max-width: 1200px; margin: 0 auto; font-family: sans-serif; line-height: 1.6; color: inherit; background-color: transparent;'> <!-- Contenido principal --> <\/p>\n<div style='display: flex; flex-direction: column; gap: 20px;'>\n<h1 style='font-size: 24px; margin-top: 0; margin-bottom: 15px; color: inherit;'> Cilindro para calibraci\u00f3n de detectores de gas Ox\u00edgeno O2 34L 17% V\/V LEL MACURCO <\/h1>\n<p style='font-size: 15px; margin-bottom: 15px; color: inherit;'> La familia de detectores de las series Macurco 6 y 12 requiere pruebas y calibraci\u00f3n de rutina. Cada detector tiene un kit de prueba\/calibraci\u00f3n correspondiente para probar y calibrar los detectores en campo. Los sensores pueden ser menos precisos con el tiempo&comma; por lo que se recomienda tener un plan de mantenimiento para garantizar que los detectores respondan a la presencia del gas apropiadamente. Una calibraci\u00f3n de gas es el proceso de exponer un sensor a un gas objetivo a una concentraci\u00f3n espec\u00edfica y luego ajustar el detector de gas para leer esa gas concentraci\u00f3n correctamente. Macurco recomienda probar y calibrar al menos una vez al a\u00f1o en un m\u00ednimo&comma; pero dependiendo del sitio y el potencial de riesgo de la aplicaci\u00f3n&comma; puede ser necesario con mayor frecuencia. Consulte con las autoridades locales para conocer las reglamentaciones locales espec\u00edficas. <\/p>\n<p style='font-size: 15px; margin-bottom: 15px; color: inherit;'> <strong style='color: inherit;'>PARA USO EXCLUSIVO CON DETECTOR MACURCO OX-6&comma; OX-12 y Cal-Kit 1<\/strong> <\/p>\n<div style='border: 1px solid rgba(150&comma; 150&comma; 150&comma; 0.4); border-radius: 8px; padding: 15px; background-color: rgba(0&comma;0&comma;0&comma;0.02);'>\n<p style='margin: 0; font-size: 14px; color: inherit;'> <strong style='color: inherit;'>H280 &#8211; Contiene GAS BAJO PRESION puede EXPLOTAR si se calienta<br \/> Puede causar da\u00f1o a los organos<\/strong><br \/> <strong style='color: inherit;'>Descripci\u00f3n del producto:<\/strong> Mezcla de gases de calibraci\u00f3n compuesta por metano y nitr\u00f3geno.<br \/> En caso de liberaci\u00f3n del gas puede reemplazar al oxigeno y causar asfixia r\u00e1pidamente.<br \/> <strong style='color: inherit;'>P410+P403<\/strong> Proteger de la luz solar. Almacenar en un lugar bien ventilado. <\/p>\n<\/p><\/div>\n<\/p><\/div>\n<\/p><\/div>\n","protected":false},"excerpt":{"rendered":"<p>Cilindro Para Calibraci\u00f3n de Detectores de Gas Ox\u00edgeno O2 34L 17% V\/V LEL MACURCO<\/p>\n","protected":false},"featured_media":35719,"comment_status":"open","ping_status":"closed","template":"","meta":[],"product_brand":[],"product_cat":[987],"product_tag":[988,522,989],"class_list":{"0":"post-35720","1":"product","2":"type-product","3":"status-publish","4":"has-post-thumbnail","6":"product_cat-detectores-de-gases","7":"product_tag-detectores-de-gases","8":"product_tag-dispositivos-convencionales","9":"product_tag-macurco-aerionics","11":"first","12":"outofstock","13":"sale","14":"shipping-taxable","15":"purchasable","16":"product-type-simple"},"_links":{"self":[{"href":"https:\/\/soydeaqui.ddns.net\/pachuca\/index.php\/wp-json\/wp\/v2\/product\/35720","targetHints":{"allow":["GET"]}}],"collection":[{"href":"https:\/\/soydeaqui.ddns.net\/pachuca\/index.php\/wp-json\/wp\/v2\/product"}],"about":[{"href":"https:\/\/soydeaqui.ddns.net\/pachuca\/index.php\/wp-json\/wp\/v2\/types\/product"}],"replies":[{"embeddable":true,"href":"https:\/\/soydeaqui.ddns.net\/pachuca\/index.php\/wp-json\/wp\/v2\/comments?post=35720"}],"wp:featuredmedia":[{"embeddable":true,"href":"https:\/\/soydeaqui.ddns.net\/pachuca\/index.php\/wp-json\/wp\/v2\/media\/35719"}],"wp:attachment":[{"href":"https:\/\/soydeaqui.ddns.net\/pachuca\/index.php\/wp-json\/wp\/v2\/media?parent=35720"}],"wp:term":[{"taxonomy":"product_brand","embeddable":true,"href":"https:\/\/soydeaqui.ddns.net\/pachuca\/index.php\/wp-json\/wp\/v2\/product_brand?post=35720"},{"taxonomy":"product_cat","embeddable":true,"href":"https:\/\/soydeaqui.ddns.net\/pachuca\/index.php\/wp-json\/wp\/v2\/product_cat?post=35720"},{"taxonomy":"product_tag","embeddable":true,"href":"https:\/\/soydeaqui.ddns.net\/pachuca\/index.php\/wp-json\/wp\/v2\/product_tag?post=35720"}],"curies":[{"name":"wp","href":"https:\/\/api.w.org\/{rel}","templated":true}]}}