{"id":35425,"date":"2026-03-18T15:44:06","date_gmt":"2026-03-18T15:44:06","guid":{"rendered":"https:\/\/soydeaqui.ddns.net\/pachuca\/index.php\/producto\/detector-de-humo-compacto-fotoelectrico-autonomo-bateria-10-anos-modelo-21031466-paquete-de-6\/"},"modified":"2026-03-18T15:44:11","modified_gmt":"2026-03-18T15:44:11","slug":"detector-de-humo-compacto-fotoelectrico-autonomo-bateria-10-anos-modelo-21031466-paquete-de-6","status":"publish","type":"product","link":"https:\/\/soydeaqui.ddns.net\/pachuca\/index.php\/producto\/detector-de-humo-compacto-fotoelectrico-autonomo-bateria-10-anos-modelo-21031466-paquete-de-6\/","title":{"rendered":"Detector de Humo Compacto Fotoel\u00e9ctrico Aut\u00f3nomo | Bater\u00eda 10 A\u00f1os | Modelo 21031466 | Paquete de 6"},"content":{"rendered":"<div style='width: 100%; max-width: 1200px; margin: 0 auto; font-family: sans-serif; line-height: 1.6; color: inherit; background-color: transparent;'>\n<div style='display: flex; flex-wrap: wrap; gap: 30px; margin-bottom: 30px;'>\n<div style='flex: 1 1 300px; min-width: 280px;'>\n<h3 style='font-size: 22px; border-bottom: 2px solid currentColor; padding-bottom: 5px; margin-top: 0; color: inherit; opacity: 0.8;'>Descripci\u00f3n<\/h3>\n<p style='font-size: 15px; color: inherit; margin-top: 0;'>Esta alarma ofrece un dise\u00f1o moderno ideal para todos los espacios habitables. La tecnolog\u00eda de vanguardia env\u00eda alertas r\u00e1pidas que le dan a su familia m\u00e1s tiempo para salir de manera segura y la tecnolog\u00eda de detecci\u00f3n mejorada reduce las falsas alarmas que a menudo causan la cocina. Completamente probada y dise\u00f1ada seg\u00fan los est\u00e1ndares UL\/ULC de seguridad y confiabilidad&comma; esta alarma Kidde DETECT funciona con una bater\u00eda de 10 a\u00f1os para que nunca tenga que cambiarla. Adem\u00e1s&comma; se prueba autom\u00e1ticamente y es f\u00e1cil de instalar con el soporte de montaje giratorio incluido. Equipada con notificaciones de fin de vida \u00fatil&comma; la alarma emitir\u00e1 un pitido para recordarle que es hora de reemplazarla 10 a\u00f1os despu\u00e9s de que se encienda.<\/p>\n<\/p><\/div>\n<\/p><\/div>\n<div style='display: flex; flex-wrap: wrap; gap: 30px; margin-bottom: 30px;'>\n<div style='flex: 1 1 300px; min-width: 280px;'>\n<h3 style='font-size: 22px; border-bottom: 2px solid currentColor; padding-bottom: 5px; margin-top: 0; color: inherit; opacity: 0.8;'>Advertencias de alarma<\/h3>\n<ul style='padding-left: 20px; font-size: 15px; color: inherit; margin-top: 0;'>\n<li style='margin-bottom: 5px;'>Incendio: el LED rojo parpadear\u00e1 en sincron\u00eda con el patr\u00f3n de alarma (3 pitidos largos). La alarma repetir\u00e1 este patr\u00f3n hasta que se reinicie la unidad o se elimine el humo.<\/li>\n<li style='margin-bottom: 5px;'>Fin de la vida \u00fatil de la unidad: dos chirridos y el LED \u00e1mbar parpadea por minuto.<\/li>\n<li style='margin-bottom: 5px;'>Memoria de alarma: alerta al usuario si se ha detectado humo en las \u00faltimas 24 horas. Si se detecta humo&comma; el LED rojo parpadea cada 15 segundos.<\/li>\n<\/ul><\/div>\n<\/p><\/div>\n<div style='display: flex; flex-wrap: wrap; gap: 20px; margin-bottom: 30px;'>\n<div style='flex: 1 1 250px; border: 1px solid rgba(150&comma; 150&comma; 150&comma; 0.4); border-radius: 8px; overflow: hidden; display: flex; flex-direction: column;'>\n<div style='padding: 15px; border-bottom: 1px solid rgba(150&comma; 150&comma; 150&comma; 0.2); font-weight: bold; font-size: 18px; color: inherit;'>Caracter\u00edsticas y beneficios<\/div>\n<div style='padding: 15px; color: inherit;'>\n<ul style='padding-left: 20px; margin: 0; font-size: 14px; list-style-type: disc;'>\n<li style='margin-bottom: 5px;'>Bater\u00eda de 10 a\u00f1os sin preocupaciones: sin cambios de bater\u00eda durante 10 a\u00f1os.<\/li>\n<li style='margin-bottom: 5px;'>Evita reemplazos inconvenientes de la bater\u00eda durante la vida \u00fatil del dispositivo.<\/li>\n<li style='margin-bottom: 5px;'>Alarmas de autoprueba: para mayor seguridad&comma; los componentes internos garantizan que la alarma funcione siempre como se espera.<\/li>\n<li style='margin-bottom: 5px;'>Instalaci\u00f3n sencilla: f\u00e1cil instalaci\u00f3n con el soporte de montaje giratorio y clic incluido.<\/li>\n<li style='margin-bottom: 5px;'>Notificaciones de fin de vida \u00fatil: esta alarma suena para recordarle que es hora de reemplazarla 10 a\u00f1os despu\u00e9s de encenderla.<\/li>\n<\/ul><\/div>\n<\/p><\/div>\n<div style='flex: 1 1 250px; border: 1px solid rgba(150&comma; 150&comma; 150&comma; 0.4); border-radius: 8px; overflow: hidden; display: flex; flex-direction: column;'>\n<div style='padding: 15px; border-bottom: 1px solid rgba(150&comma; 150&comma; 150&comma; 0.2); font-weight: bold; font-size: 18px; color: inherit;'>Especificaciones t\u00e9cnicas<\/div>\n<div style='padding: 15px; color: inherit;'>\n<ul style='padding-left: 20px; margin: 0; font-size: 14px; list-style-type: disc;'>\n<li style='margin-bottom: 5px;'><strong>Modelo:<\/strong> 21031466<\/li>\n<li style='margin-bottom: 5px;'><strong>Fuente de energ\u00eda:<\/strong> Funciona con bater\u00eda sellada por 10 a\u00f1os<\/li>\n<li style='margin-bottom: 5px;'><strong>Sensor de humo:<\/strong> Fotoel\u00e9ctrico<\/li>\n<li style='margin-bottom: 5px;'><strong>Alarma de audio:<\/strong> 85 dB a 3 m (10 pies)<\/li>\n<li style='margin-bottom: 5px;'><strong>Rango de temperatura:<\/strong> 4&comma;4 \u00b0C (40 \u00b0F) a 37&comma;8 \u00b0C (100 \u00b0F)<\/li>\n<li style='margin-bottom: 5px;'><strong>Rango de humedad:<\/strong> Hasta 95 % de humedad relativa (RH)&comma; sin condensaci\u00f3n<\/li>\n<li style='margin-bottom: 5px;'><strong>Tama\u00f1o:<\/strong> 12&comma;7 cm x 5&comma;1 cm x 12&comma;7 cm<\/li>\n<li style='margin-bottom: 5px;'><strong>Peso:<\/strong> 0&comma;36 kg<\/li>\n<li style='margin-bottom: 5px;'><strong>Garant\u00eda:<\/strong> Garant\u00eda limitada de 10 a\u00f1os (bater\u00eda incluida)<\/li>\n<li style='margin-bottom: 5px;'><strong>Bater\u00edas de repuesto:<\/strong> N\/A<\/li>\n<\/ul><\/div>\n<\/p><\/div>\n<div style='flex: 1 1 250px; border: 1px solid rgba(150&comma; 150&comma; 150&comma; 0.4); border-radius: 8px; overflow: hidden; display: flex; flex-direction: column;'>\n<div style='padding: 15px; border-bottom: 1px solid rgba(150&comma; 150&comma; 150&comma; 0.2); font-weight: bold; font-size: 18px; color: inherit;'>Informaci\u00f3n del paquete<\/div>\n<div style='padding: 15px; color: inherit;'>\n<ul style='padding-left: 20px; margin: 0; font-size: 14px; list-style-type: disc;'>\n<li style='margin-bottom: 5px;'>Paquete de 6 unidades<\/li>\n<\/ul><\/div>\n<\/p><\/div>\n<\/p><\/div>\n<hr style='border: 0; border-top: 1px solid rgba(150&comma; 150&comma; 150&comma; 0.3); margin: 30px 0;'> <\/div>\n","protected":false},"excerpt":{"rendered":"<p>Detector de Humo Compacto Fotoel\u00e9ctrico Aut\u00f3nomo | Bater\u00eda 10 A\u00f1os | Modelo 21031466 | Paquete de 6<\/p>\n","protected":false},"featured_media":35424,"comment_status":"open","ping_status":"closed","template":"","meta":[],"product_brand":[],"product_cat":[1047],"product_tag":[224,1048],"class_list":{"0":"post-35425","1":"product","2":"type-product","3":"status-publish","4":"has-post-thumbnail","6":"product_cat-kidde","7":"product_tag-detectores-autonomos","8":"product_tag-kidde","10":"first","11":"instock","12":"sale","13":"shipping-taxable","14":"purchasable","15":"product-type-simple"},"_links":{"self":[{"href":"https:\/\/soydeaqui.ddns.net\/pachuca\/index.php\/wp-json\/wp\/v2\/product\/35425","targetHints":{"allow":["GET"]}}],"collection":[{"href":"https:\/\/soydeaqui.ddns.net\/pachuca\/index.php\/wp-json\/wp\/v2\/product"}],"about":[{"href":"https:\/\/soydeaqui.ddns.net\/pachuca\/index.php\/wp-json\/wp\/v2\/types\/product"}],"replies":[{"embeddable":true,"href":"https:\/\/soydeaqui.ddns.net\/pachuca\/index.php\/wp-json\/wp\/v2\/comments?post=35425"}],"wp:featuredmedia":[{"embeddable":true,"href":"https:\/\/soydeaqui.ddns.net\/pachuca\/index.php\/wp-json\/wp\/v2\/media\/35424"}],"wp:attachment":[{"href":"https:\/\/soydeaqui.ddns.net\/pachuca\/index.php\/wp-json\/wp\/v2\/media?parent=35425"}],"wp:term":[{"taxonomy":"product_brand","embeddable":true,"href":"https:\/\/soydeaqui.ddns.net\/pachuca\/index.php\/wp-json\/wp\/v2\/product_brand?post=35425"},{"taxonomy":"product_cat","embeddable":true,"href":"https:\/\/soydeaqui.ddns.net\/pachuca\/index.php\/wp-json\/wp\/v2\/product_cat?post=35425"},{"taxonomy":"product_tag","embeddable":true,"href":"https:\/\/soydeaqui.ddns.net\/pachuca\/index.php\/wp-json\/wp\/v2\/product_tag?post=35425"}],"curies":[{"name":"wp","href":"https:\/\/api.w.org\/{rel}","templated":true}]}}