{"id":35334,"date":"2026-03-18T15:42:04","date_gmt":"2026-03-18T15:42:04","guid":{"rendered":"https:\/\/soydeaqui.ddns.net\/pachuca\/index.php\/producto\/boc-c-lamp-estroboscopica-tipo-led-mont-en-techo-clr-rojo\/"},"modified":"2026-03-18T15:42:07","modified_gmt":"2026-03-18T15:42:07","slug":"boc-c-lamp-estroboscopica-tipo-led-mont-en-techo-clr-rojo","status":"publish","type":"product","link":"https:\/\/soydeaqui.ddns.net\/pachuca\/index.php\/producto\/boc-c-lamp-estroboscopica-tipo-led-mont-en-techo-clr-rojo\/","title":{"rendered":"BOC C\/LAMP ESTROBOSCOPICA tipo LED MONT EN TECHO CLR ROJO"},"content":{"rendered":"<div style='width: 100%; max-width: 1200px; margin: 0 auto; font-family: sans-serif; line-height: 1.6; color: inherit; background-color: transparent;'>\n<div style='display: flex; flex-wrap: wrap; gap: 30px; margin-bottom: 30px;'>\n<div style='flex: 1 1 300px; min-width: 280px;'>\n<h3 style='font-size: 22px; border-bottom: 2px solid currentColor; padding-bottom: 5px; margin-top: 0; color: inherit; opacity: 0.8;'>Caracter\u00edsticas principales<\/h3>\n<ul style='padding-left: 20px; font-size: 15px; color: inherit;'>\n<li style='margin-bottom: 5px;'>El sistema <strong>System Sensor L-Series<\/strong> y <strong>L-Series con plataforma LED<\/strong> ofrece la l\u00ednea m\u00e1s vers\u00e1til y f\u00e1cil de usar de altavoces y altavoces con luces estrobosc\u00f3picas en la industria<\/li>\n<li style='margin-bottom: 5px;'>Opciones de dise\u00f1o flexibles: montaje en pared o techo&comma; opciones de color en rojo o blanco&comma; kits de bisel para marcas y lenguajes alternativos<\/li>\n<li style='margin-bottom: 5px;'>Lentes de color LED para se\u00f1alizaci\u00f3n visual distintiva<\/li>\n<li style='margin-bottom: 5px;'>Configuraci\u00f3n de candelas seleccionable en campo para unidades de techo: 15&comma; 30&comma; 75&comma; 95&comma; 115&comma; 150 y 177<\/li>\n<li style='margin-bottom: 5px;'>Interruptores rotatorios para candela&comma; voltaje del altavoz (25 y 70.7 VRMS) y configuraciones de potencia (1\/4&comma; \u00bd&comma; 1&comma; 2 vatios)<\/li>\n<\/ul><\/div>\n<div style='flex: 1 1 300px; min-width: 280px;'>\n<h3 style='font-size: 22px; border-bottom: 2px solid currentColor; padding-bottom: 5px; margin-top: 0; color: inherit; opacity: 0.8;'>Beneficios t\u00e9cnicos<\/h3>\n<ul style='padding-left: 20px; font-size: 15px; color: inherit;'>\n<li style='margin-bottom: 5px;'>Placa de montaje universal con resorte de cortocircuito incorporado para verificar la continuidad del cableado<\/li>\n<li style='margin-bottom: 5px;'>Dise\u00f1os enchufables que minimizan la intrusi\u00f3n en la caja de conexiones<\/li>\n<li style='margin-bottom: 5px;'>Baja distorsi\u00f3n arm\u00f3nica del altavoz para salida de sonido de alta fidelidad<\/li>\n<li style='margin-bottom: 5px;'>Puntos de prueba de diagn\u00f3stico con volt\u00edmetro digital (DVM) en la parte frontal del dispositivo<\/li>\n<li style='margin-bottom: 5px;'>Compatibilidad el\u00e9ctrica con dispositivos antiguos de <strong>SpectrAlert<\/strong>&comma; <strong>SpectrAlert Advance<\/strong> y <strong>L-Series<\/strong><\/li>\n<\/ul><\/div>\n<div style='flex: 1 1 300px; min-width: 280px;'>\n<h3 style='font-size: 22px; border-bottom: 2px solid currentColor; padding-bottom: 5px; margin-top: 0; color: inherit; opacity: 0.8;'>Aplicaciones y normativas<\/h3>\n<ul style='padding-left: 20px; font-size: 15px; color: inherit;'>\n<li style='margin-bottom: 5px;'>Estrobosc\u00f3picos listados para uso en pared o techo<\/li>\n<li style='margin-bottom: 5px;'>Altavoces y altavoces con luces estrobosc\u00f3picas listados para uso en pared o techo<\/li>\n<li style='margin-bottom: 5px;'>Sincronizaci\u00f3n mediante fuentes de alimentaci\u00f3n aprobadas por UL que soportan el protocolo <strong>System Sensor Sync<\/strong> o el m\u00f3dulo de sincronizaci\u00f3n <strong>System Sensor MDL3<\/strong><\/li>\n<li style='margin-bottom: 5px;'>No se requiere anillo de extensi\u00f3n<\/li>\n<li style='margin-bottom: 5px;'>Capaz de emitir un tono de onda cuadrada de 520 Hz +\/- 10% con panel de control de alarma contra incendios (FACP) compatible<\/li>\n<li style='margin-bottom: 5px;'>Construcci\u00f3n a prueba de manipulaciones<\/li>\n<\/ul><\/div>\n<\/p><\/div>\n<div style='margin-bottom: 30px;'>\n<h3 style='font-size: 22px; border-bottom: 2px solid currentColor; padding-bottom: 5px; margin-top: 0; color: inherit; opacity: 0.8;'>Caracter\u00edsticas t\u00e9cnicas<\/h3>\n<div style='display: flex; flex-wrap: wrap; gap: 20px;'>\n<div style='flex: 1 1 250px; border: 1px solid rgba(150&comma; 150&comma; 150&comma; 0.4); border-radius: 8px; overflow: hidden; display: flex; flex-direction: column;'>\n<div style='padding: 15px; border-bottom: 1px solid rgba(150&comma; 150&comma; 150&comma; 0.2); font-weight: bold; font-size: 18px; color: inherit;'>Consumo Energ\u00e9tico<\/div>\n<div style='padding: 15px; color: inherit;'>\n<ul style='padding-left: 20px; margin: 0; font-size: 14px; list-style-type: disc;'>\n<li style='margin-bottom: 5px;'><strong>Tecnolog\u00eda LED:<\/strong> Menor consumo de corriente<\/li>\n<\/ul><\/div>\n<\/p><\/div>\n<div style='flex: 1 1 250px; border: 1px solid rgba(150&comma; 150&comma; 150&comma; 0.4); border-radius: 8px; overflow: hidden; display: flex; flex-direction: column;'>\n<div style='padding: 15px; border-bottom: 1px solid rgba(150&comma; 150&comma; 150&comma; 0.2); font-weight: bold; font-size: 18px; color: inherit;'>Instalaci\u00f3n<\/div>\n<div style='padding: 15px; color: inherit;'>\n<ul style='padding-left: 20px; margin: 0; font-size: 14px; list-style-type: disc;'>\n<li style='margin-bottom: 5px;'><strong>Placa de montaje:<\/strong> Dise\u00f1o enchufable para instalaci\u00f3n r\u00e1pida<\/li>\n<li style='margin-bottom: 5px;'><strong>Resorte de cortocircuito:<\/strong> Verificaci\u00f3n de continuidad del cableado<\/li>\n<\/ul><\/div>\n<\/p><\/div>\n<div style='flex: 1 1 250px; border: 1px solid rgba(150&comma; 150&comma; 150&comma; 0.4); border-radius: 8px; overflow: hidden; display: flex; flex-direction: column;'>\n<div style='padding: 15px; border-bottom: 1px solid rgba(150&comma; 150&comma; 150&comma; 0.2); font-weight: bold; font-size: 18px; color: inherit;'>Certificaciones<\/div>\n<div style='padding: 15px; color: inherit;'>\n<ul style='padding-left: 20px; margin: 0; font-size: 14px; list-style-type: disc;'>\n<li style='margin-bottom: 5px;'><strong>Certificaciones:<\/strong> UL\/ULC; FM; CSFM<\/li>\n<\/ul><\/div>\n<\/p><\/div>\n<\/p><\/div>\n<\/p><\/div>\n<div style='margin-bottom: 30px;'>\n<h3 style='font-size: 22px; border-bottom: 2px solid currentColor; padding-bottom: 5px; margin-top: 0; color: inherit; opacity: 0.8;'>Funcionalidades<\/h3>\n<ul style='padding-left: 20px; font-size: 15px; color: inherit;'>\n<li style='margin-bottom: 5px;'>Altavoces ofrecen salida de sonido de alta fidelidad y alto volumen<\/li>\n<li style='margin-bottom: 5px;'>Puntos de prueba de diagn\u00f3stico con volt\u00edmetro digital (DVM) para medir voltaje sin retirar el dispositivo<\/li>\n<li style='margin-bottom: 5px;'>Est\u00e9tica com\u00fan en toda la plataforma <strong>L-Series<\/strong><\/li>\n<li style='margin-bottom: 5px;'>Compatibilidad el\u00e9ctrica con dispositivos antiguos<\/li>\n<li style='margin-bottom: 5px;'>Sincronizaci\u00f3n mediante fuentes de alimentaci\u00f3n aprobadas por UL<\/li>\n<li style='margin-bottom: 5px;'>No se requiere anillo de extensi\u00f3n<\/li>\n<\/ul><\/div>\n<hr style='border: 0; border-top: 1px solid rgba(150&comma; 150&comma; 150&comma; 0.3); margin: 30px 0;'> <\/div>\n","protected":false},"excerpt":{"rendered":"<p>BOC C\/LAMP ESTROBOSCOPICA tipo LED MONT EN TECHO CLR ROJO<\/p>\n","protected":false},"featured_media":35333,"comment_status":"open","ping_status":"closed","template":"","meta":[],"product_brand":[],"product_cat":[995],"product_tag":[997,996,468],"class_list":{"0":"post-35334","1":"product","2":"type-product","3":"status-publish","4":"has-post-thumbnail","6":"product_cat-estrobos-sirenas-bocinas-campanas","7":"product_tag-estrobos-sirenas-bocinas-campanas","8":"product_tag-notificacion-y-voceo","9":"product_tag-system-sensor","11":"first","12":"instock","13":"sale","14":"shipping-taxable","15":"purchasable","16":"product-type-simple"},"_links":{"self":[{"href":"https:\/\/soydeaqui.ddns.net\/pachuca\/index.php\/wp-json\/wp\/v2\/product\/35334","targetHints":{"allow":["GET"]}}],"collection":[{"href":"https:\/\/soydeaqui.ddns.net\/pachuca\/index.php\/wp-json\/wp\/v2\/product"}],"about":[{"href":"https:\/\/soydeaqui.ddns.net\/pachuca\/index.php\/wp-json\/wp\/v2\/types\/product"}],"replies":[{"embeddable":true,"href":"https:\/\/soydeaqui.ddns.net\/pachuca\/index.php\/wp-json\/wp\/v2\/comments?post=35334"}],"wp:featuredmedia":[{"embeddable":true,"href":"https:\/\/soydeaqui.ddns.net\/pachuca\/index.php\/wp-json\/wp\/v2\/media\/35333"}],"wp:attachment":[{"href":"https:\/\/soydeaqui.ddns.net\/pachuca\/index.php\/wp-json\/wp\/v2\/media?parent=35334"}],"wp:term":[{"taxonomy":"product_brand","embeddable":true,"href":"https:\/\/soydeaqui.ddns.net\/pachuca\/index.php\/wp-json\/wp\/v2\/product_brand?post=35334"},{"taxonomy":"product_cat","embeddable":true,"href":"https:\/\/soydeaqui.ddns.net\/pachuca\/index.php\/wp-json\/wp\/v2\/product_cat?post=35334"},{"taxonomy":"product_tag","embeddable":true,"href":"https:\/\/soydeaqui.ddns.net\/pachuca\/index.php\/wp-json\/wp\/v2\/product_tag?post=35334"}],"curies":[{"name":"wp","href":"https:\/\/api.w.org\/{rel}","templated":true}]}}