{"id":35217,"date":"2026-03-18T15:39:49","date_gmt":"2026-03-18T15:39:49","guid":{"rendered":"https:\/\/soydeaqui.ddns.net\/pachuca\/index.php\/producto\/kit-de-servicio-para-detector-cirrus-hybrid\/"},"modified":"2026-03-18T15:39:49","modified_gmt":"2026-03-18T15:39:49","slug":"kit-de-servicio-para-detector-cirrus-hybrid","status":"publish","type":"product","link":"https:\/\/soydeaqui.ddns.net\/pachuca\/index.php\/producto\/kit-de-servicio-para-detector-cirrus-hybrid\/","title":{"rendered":"Kit de Servicio para Detector Cirrus Hybrid"},"content":{"rendered":"<div style='width: 100%; max-width: 1200px; margin: 0 auto; font-family: sans-serif; line-height: 1.6; color: inherit; background-color: transparent;'>\n<div style='display: flex; flex-direction: column; gap: 15px; margin-bottom: 30px;'>\n<h1 style='margin: 0 0 10px 0; font-size: 28px; color: inherit; opacity: 0.95;'><span style='font-family: 'Arial Black'&comma; sans-serif; color: inherit;'>Cirrus Hybrid<\/span><\/h1>\n<h2 style='margin: 0; font-size: 20px; color: #2880b9; background-color: #ffffff; opacity: 0.95;'><span style='font-family: 'Arial Black'&comma; sans-serif; color: inherit;'>Detecci\u00f3n avanzada en aspiraci\u00f3n. La tecnolog\u00eda m\u00e1s sensible en el mercado<\/span><\/h2>\n<\/p><\/div>\n<div style='margin-bottom: 30px;'>\n<p style='color: #231f20; font-size: 15px; margin: 0 0 15px 0; color: inherit;'> La historia nos dice que&comma; en realidad&comma; solo hay dos tipos de tecnolog\u00eda de detecci\u00f3n por aspiraci\u00f3n. Estas tecnolog\u00edas son la detecci\u00f3n por aspiraci\u00f3n de &#8216;c\u00e1mara de nube&#8217; que identifica part\u00edculas de fuego \u00f3pticamente invisibles y la detecci\u00f3n por aspiraci\u00f3n &#8216;\u00f3ptica&#8217; con l\u00e1ser o LED que identifica peque\u00f1as cantidades de humo visible. Cirrus HYBRID es el \u00fanico detector de aspiraci\u00f3n disponible para identificar las part\u00edculas de fuego \u00f3pticamente invisibles mediante el uso de la tecnolog\u00eda \u00fanica de &#8216;Detecci\u00f3n de c\u00e1mara de nube&#8217; (CCD). Dependiendo de los materiales que se queman&comma; particularmente en las muchas aplicaciones modernas para sistemas de detecci\u00f3n por aspiraci\u00f3n&comma; algunos incendios arden con solo una peque\u00f1a cantidad de humo visible&comma; mientras que otros arden con mayores vol\u00famenes de humo visible. Cirrus HYBRID tambi\u00e9n detecta estos tipos de incendios &#8216;m\u00e1s humeantes&#8217; de amplio espectro. La detecci\u00f3n de humo de advertencia temprana (EWSD) se proporciona utilizando &#8216;detectores de c\u00e1mara de dispersi\u00f3n&#8217; (SCD) \u00f3pticos de alto rendimiento que identifican part\u00edculas de humo peque\u00f1as y grandes que ingresan al detector. Al utilizar los dos m\u00e9todos m\u00e1s efectivos de tecnolog\u00edas de sistemas de aspiraci\u00f3n (CCD y EWSD) en un solo detector&comma; el detector Cirrus HYBRID proporciona un dispositivo capaz de detectar fuego y humo en la gama m\u00e1s amplia de tipos de fuego. Sin embargo&comma; lo que hace que este concepto totalmente nuevo y genuinamente \u00fanico en la tecnolog\u00eda de detecci\u00f3n de incendios y humo por aspiraci\u00f3n sea tan diferente es que estas dos tecnolog\u00edas funcionan de forma independiente entre s\u00ed y&comma; mediante el uso de algoritmos complejos&comma; tambi\u00e9n interact\u00faan juntas para proporcionar una toma de decisiones de alarma realmente inteligente. El resultado de esta sinergia de tecnolog\u00edas es un dispositivo que puede verificar las verdaderas condiciones de alarma en la mayor variedad de tipos de fuego. Un resultado adicional e igualmente importante de esta sinergia de tecnolog\u00edas es la discriminaci\u00f3n de alarmas no deseadas o falsas que hist\u00f3ricamente han plagado a tantos detectores \u00f3pticos \u00fanicamente por aspiraci\u00f3n. <\/p>\n<\/p><\/div>\n<div style='margin-bottom: 30px;'>\n<h3 style='font-size: 18px; border-bottom: 2px solid currentColor; padding-bottom: 5px; margin-top: 0; margin-bottom: 15px; color: inherit; opacity: 0.8;'>Caracter\u00edsticas de cobertura<\/h3>\n<ul style='padding-left: 20px; font-size: 14px; color: inherit; list-style-type: disc;'>\n<li style='margin-bottom: 10px; color: #44546a;'><strong>El detector tiene una cobertura aproximada de 5&comma;000 metros cuadrados (54&comma;000sq ft).<\/strong><\/li>\n<li style='margin-bottom: 10px; color: #44546a;'><strong>Aproximadamente 90m de largo por tuber\u00eda<\/strong> (depende del c\u00e1lculo por el software)<\/li>\n<li style='margin-bottom: 10px; color: #44546a;'><strong>Para proteger espacios abiertos&comma;<\/strong> los puntos de aspiraci\u00f3n se colocan cada 9 metros (30ft)&comma; cuando se tiene una altura no mayor a 9 metros. Cuando la altura es mayor a 9 metros&comma; los puntos de aspiraci\u00f3n son cada 4.5 metros.<\/li>\n<li style='margin-bottom: 10px; color: #44546a;'><strong>Para proteger ventilas&comma; aires acondicionados&comma; HVAC o el interior de ductos&comma;<\/strong> los puntos de muestreo son cada 15cm \u2013 30cm<\/li>\n<li style='margin-bottom: 10px; color: #44546a;'><strong>Para plafones<\/strong> se coloca un capilar que vaya desde la tuber\u00eda hasta el techo falso. Habr\u00eda que saber que distancia hay desde el techo real hasta el techo falso para realizar los c\u00e1lculos.<\/li>\n<\/ul><\/div>\n<hr style='border: 0; border-top: 1px solid rgba(150&comma; 150&comma; 150&comma; 0.3); margin: 30px 0;'> <\/div>\n","protected":false},"excerpt":{"rendered":"<p>Kit de Servicio para Detector Cirrus Hybrid<\/p>\n","protected":false},"featured_media":35216,"comment_status":"open","ping_status":"closed","template":"","meta":[],"product_brand":[],"product_cat":[977],"product_tag":[978,979,980],"class_list":{"0":"post-35217","1":"product","2":"type-product","3":"status-publish","4":"has-post-thumbnail","6":"product_cat-detectores-por-aspiracion","7":"product_tag-aplicaciones-especiales","8":"product_tag-detectores-por-aspiracion","9":"product_tag-safe-fire-detection-inc","11":"first","12":"outofstock","13":"sale","14":"shipping-taxable","15":"purchasable","16":"product-type-simple"},"_links":{"self":[{"href":"https:\/\/soydeaqui.ddns.net\/pachuca\/index.php\/wp-json\/wp\/v2\/product\/35217","targetHints":{"allow":["GET"]}}],"collection":[{"href":"https:\/\/soydeaqui.ddns.net\/pachuca\/index.php\/wp-json\/wp\/v2\/product"}],"about":[{"href":"https:\/\/soydeaqui.ddns.net\/pachuca\/index.php\/wp-json\/wp\/v2\/types\/product"}],"replies":[{"embeddable":true,"href":"https:\/\/soydeaqui.ddns.net\/pachuca\/index.php\/wp-json\/wp\/v2\/comments?post=35217"}],"wp:featuredmedia":[{"embeddable":true,"href":"https:\/\/soydeaqui.ddns.net\/pachuca\/index.php\/wp-json\/wp\/v2\/media\/35216"}],"wp:attachment":[{"href":"https:\/\/soydeaqui.ddns.net\/pachuca\/index.php\/wp-json\/wp\/v2\/media?parent=35217"}],"wp:term":[{"taxonomy":"product_brand","embeddable":true,"href":"https:\/\/soydeaqui.ddns.net\/pachuca\/index.php\/wp-json\/wp\/v2\/product_brand?post=35217"},{"taxonomy":"product_cat","embeddable":true,"href":"https:\/\/soydeaqui.ddns.net\/pachuca\/index.php\/wp-json\/wp\/v2\/product_cat?post=35217"},{"taxonomy":"product_tag","embeddable":true,"href":"https:\/\/soydeaqui.ddns.net\/pachuca\/index.php\/wp-json\/wp\/v2\/product_tag?post=35217"}],"curies":[{"name":"wp","href":"https:\/\/api.w.org\/{rel}","templated":true}]}}