{"id":3504,"date":"2026-03-18T06:08:45","date_gmt":"2026-03-18T06:08:45","guid":{"rendered":"https:\/\/soydeaqui.ddns.net\/pachuca\/index.php\/producto\/interfase-usb-wifi-inteligente-uso-industrial-residencial-2-4-ghz-activacion-remota\/"},"modified":"2026-03-18T06:08:47","modified_gmt":"2026-03-18T06:08:47","slug":"interfase-usb-wifi-inteligente-uso-industrial-residencial-2-4-ghz-activacion-remota","status":"publish","type":"product","link":"https:\/\/soydeaqui.ddns.net\/pachuca\/index.php\/producto\/interfase-usb-wifi-inteligente-uso-industrial-residencial-2-4-ghz-activacion-remota\/","title":{"rendered":"Interfase USB \/ WIFI Inteligente \/ Uso Industrial \/ Residencial \/ 2.4 GHz \/ Activacion Remota."},"content":{"rendered":"<div style='width: 100%; max-width: 1200px; margin: 0 auto; font-family: sans-serif; line-height: 1.6; color: inherit; background-color: transparent;'> <!-- Secci\u00f3n de caracter\u00edsticas principales --> <\/p>\n<div style='display: flex; flex-wrap: wrap; gap: 30px; margin-bottom: 30px;'>\n<div style='flex: 1 1 300px; min-width: 280px;'>\n<h3 style='font-size: 22px; border-bottom: 2px solid currentColor; padding-bottom: 5px; margin-top: 0; color: inherit; opacity: 0.8;'>Caracter\u00edsticas principales<\/h3>\n<ul style='padding-left: 20px; font-size: 15px; color: inherit;'>\n<li style='margin-bottom: 5px;'>Activaci\u00f3n a trav\u00e9s de la red WiFi 2.4GHz<\/li>\n<li style='margin-bottom: 5px;'><strong>Aplicaci\u00f3n gratuita<\/strong><\/li>\n<li style='margin-bottom: 5px;'>Uso Industrial y residencial<\/li>\n<li style='margin-bottom: 5px;'><strong>Interruptor WiFi inteligente<\/strong><\/li>\n<li style='margin-bottom: 5px;'>Compatible con motor FS1000APP&comma; FS1000APPRT&comma; ACCESS50 y ACCESSFORCE (Nueva versi\u00f3n)<\/li>\n<\/ul><\/div>\n<div style='flex: 1 1 300px; min-width: 280px;'>\n<h3 style='font-size: 22px; border-bottom: 2px solid currentColor; padding-bottom: 5px; margin-top: 0; color: inherit; opacity: 0.8;'>Caracter\u00edsticas F\u00edsicas y El\u00e9ctricas<\/h3>\n<ul style='padding-left: 20px; font-size: 15px; color: inherit;'>\n<li style='margin-bottom: 5px;'>Alimentaci\u00f3n 5Vcc<\/li>\n<li style='margin-bottom: 5px;'>Corriente 20 &#8211; 50mA<\/li>\n<li style='margin-bottom: 5px;'>Temperatura de trabajo -20\u00b0C &#8211; 50\u00b0C<\/li>\n<\/ul><\/div>\n<div style='flex: 1 1 300px; min-width: 280px;'>\n<h3 style='font-size: 22px; border-bottom: 2px solid currentColor; padding-bottom: 5px; margin-top: 0; color: inherit; opacity: 0.8;'>Caracter\u00edsticas Destacadas<\/h3>\n<ul style='padding-left: 20px; font-size: 15px; color: inherit;'>\n<li style='margin-bottom: 5px;'>Activaci\u00f3n a trav\u00e9s de la App F-LinX<\/li>\n<li style='margin-bottom: 5px;'>Conectividad WI-FI con APP m\u00f3vil sin costo<\/li>\n<\/ul><\/div>\n<\/p><\/div>\n<p> <!-- Separador --> <\/p>\n<hr style='border: 0; border-top: 1px solid rgba(150&comma; 150&comma; 150&comma; 0.3); margin: 30px 0;'> <!-- Mensaje de seguridad inteligente --> <\/p>\n<div style='text-align: center; margin: 30px 0;'>\n<p style='font-size: 14pt; font-weight: bold; margin: 0; color: inherit; opacity: 0.9;'>La Seguridad Inteligente empieza desde la cochera. Cierre o Abra desde cualquier lugar.<\/p>\n<\/p><\/div>\n<p> <!-- QR Codes --> <\/p>\n<div style='display: flex; flex-wrap: wrap; justify-content: center; gap: 20px; margin: 30px 0;'> <img style='width: 200px; height: auto; border: 1px solid rgba(150&comma;150&comma;150&comma;0.3); border-radius: 8px;' src='https:\/\/ftp3.syscom.mx\/usuarios\/mario.rodriguez\/MOTORPUERTASDEGARAJE\/ACCESSWIFI\/QR2.jpeg' alt='C\u00f3digo QR 1'> <img style='width: 200px; height: auto; border: 1px solid rgba(150&comma;150&comma;150&comma;0.3); border-radius: 8px;' src='https:\/\/ftp3.syscom.mx\/usuarios\/mario.rodriguez\/MOTORPUERTASDEGARAJE\/ACCESSWIFI\/QR1.jpeg' alt='C\u00f3digo QR 2'> <\/div>\n<p> <!-- Im\u00e1genes de aplicaci\u00f3n m\u00f3vil --> <\/p>\n<div style='display: flex; flex-wrap: wrap; justify-content: center; gap: 20px; margin: 30px 0;'> <img style='width: 350px; height: auto; border: 1px solid rgba(150&comma;150&comma;150&comma;0.3); border-radius: 8px;' src='https:\/\/ftp3.syscom.mx\/usuarios\/mario.rodriguez\/MOTORPUERTASDEGARAJE\/ACCESSWIFI\/app1..jpg' alt='Captura de pantalla App 1'> <img style='width: 350px; height: auto; border: 1px solid rgba(150&comma;150&comma;150&comma;0.3); border-radius: 8px;' src='https:\/\/ftp3.syscom.mx\/usuarios\/mario.rodriguez\/MOTORPUERTASDEGARAJE\/ACCESSWIFI\/app5.jpeg' alt='Captura de pantalla App 2'> <img style='width: 350px; height: auto; border: 1px solid rgba(150&comma;150&comma;150&comma;0.3); border-radius: 8px;' src='https:\/\/ftp3.syscom.mx\/usuarios\/mario.rodriguez\/MOTORPUERTASDEGARAJE\/ACCESSWIFI\/app2..jpg' alt='Captura de pantalla App 3'> <\/div>\n<p> <!-- Video de configuraci\u00f3n --> <\/p>\n<div style='margin: 30px 0;'>\n<div style='position: relative; padding-bottom: 56.25%; height: 0; overflow: hidden; margin-bottom: 30px;'>   <\/div>\n<\/p><\/div>\n<p> <!-- Separador --> <\/p>\n<hr style='border: 0; border-top: 1px solid rgba(150&comma; 150&comma; 150&comma; 0.3); margin: 30px 0;'> <!-- Secci\u00f3n de funci\u00f3n de cartero --> <\/p>\n<div style='display: flex; flex-wrap: wrap; gap: 30px; margin-bottom: 30px;'>\n<div style='flex: 1 1 300px; min-width: 280px;'> <img style='width: 100%; height: auto; border: 1px solid rgba(150&comma;150&comma;150&comma;0.3); border-radius: 8px;' src='https:\/\/ftp3.syscom.mx\/usuarios\/mario.rodriguez\/MOTORPUERTASDEGARAJE\/FS1000APP\/imagen2.PNG' alt='Funci\u00f3n de cartero'> <\/div>\n<div style='flex: 1 1 300px; min-width: 280px;'>\n<h3 style='font-size: 22px; border-bottom: 2px solid currentColor; padding-bottom: 5px; margin-top: 0; color: inherit; opacity: 0.8;'>Funci\u00f3n de cartero <span style='font-size: 14px; color: inherit; opacity: 0.7;'>(pr\u00f3ximamente)<\/span><\/h3>\n<p style='font-size: 15px; color: inherit; margin-bottom: 15px;'>Con la tecnolog\u00eda al alcance de un click siempre sabr\u00e1 que est\u00e1 pasando en su hogar&comma; incluso cuando no est\u00e9 all\u00ed. Deje entrar al cartero&comma; tranquilidad en la palma de su mano. Permita la entrada a familiares y amigos. Si\u00e9ntase seguro que los ni\u00f1os llegaron a casa sanos y salvos. Puede disfrutar de sus vacaciones con gran tranquilidad.<\/p>\n<p style='font-size: 15px; color: inherit;'>Nunca vuelva a preguntarse si cerr\u00f3 la puerta del garaje. La tranquilidad al alcance de su mano.<\/p>\n<\/p><\/div>\n<\/p><\/div>\n<p> <!-- Separador --> <\/p>\n<hr style='border: 0; border-top: 1px solid rgba(150&comma; 150&comma; 150&comma; 0.3); margin: 30px 0;'> <!-- Secci\u00f3n de configuraci\u00f3n y control --> <\/p>\n<div style='display: flex; flex-wrap: wrap; gap: 30px; margin-bottom: 30px;'>\n<div style='flex: 1 1 300px; min-width: 280px;'>\n<h3 style='font-size: 22px; border-bottom: 2px solid currentColor; padding-bottom: 5px; margin-top: 0; color: inherit; opacity: 0.8;'>Configuraci\u00f3n y Control<\/h3>\n<p style='font-size: 15px; color: inherit;'>Una poderosa plataforma para motores de puertas de garage&comma; portones residenciales&comma; puertas comerciales e industriales. Contiene la mayor parte de las funciones como Abrir \/ Detener \/ Cerrar la puerta&comma; Tiempo del Cierre Autom\u00e1tico&comma; Control de Luces LED&comma; Apertura Parcial&comma; Reporte de Eventos.<\/p>\n<\/p><\/div>\n<div style='flex: 1 1 300px; min-width: 280px;'> <img style='width: 100%; height: auto; border: 1px solid rgba(150&comma;150&comma;150&comma;0.3); border-radius: 8px;' src='https:\/\/ftp3.syscom.mx\/usuarios\/mario.rodriguez\/MOTORPUERTASDEGARAJE\/FS1000APP\/imagen4.PNG' alt='Configuraci\u00f3n y Control'> <\/div>\n<\/p><\/div>\n<p> <!-- Separador final --> <\/p>\n<hr style='border: 0; border-top: 1px solid rgba(150&comma; 150&comma; 150&comma; 0.3); margin: 30px 0;'> <\/div>\n","protected":false},"excerpt":{"rendered":"<p>Interfase USB \/ WIFI Inteligente \/ Uso Industrial \/ Residencial \/ 2.4 GHz \/ Activacion Remota.<\/p>\n","protected":false},"featured_media":3503,"comment_status":"open","ping_status":"closed","template":"","meta":[],"product_brand":[],"product_cat":[400],"product_tag":[401,234,402],"class_list":{"0":"post-3504","1":"product","2":"type-product","3":"status-publish","4":"has-post-thumbnail","6":"product_cat-puertas-de-garage","7":"product_tag-acceso-vehicular","8":"product_tag-accesspro","9":"product_tag-puertas-de-garage","11":"first","12":"instock","13":"sale","14":"shipping-taxable","15":"purchasable","16":"product-type-simple"},"_links":{"self":[{"href":"https:\/\/soydeaqui.ddns.net\/pachuca\/index.php\/wp-json\/wp\/v2\/product\/3504","targetHints":{"allow":["GET"]}}],"collection":[{"href":"https:\/\/soydeaqui.ddns.net\/pachuca\/index.php\/wp-json\/wp\/v2\/product"}],"about":[{"href":"https:\/\/soydeaqui.ddns.net\/pachuca\/index.php\/wp-json\/wp\/v2\/types\/product"}],"replies":[{"embeddable":true,"href":"https:\/\/soydeaqui.ddns.net\/pachuca\/index.php\/wp-json\/wp\/v2\/comments?post=3504"}],"wp:featuredmedia":[{"embeddable":true,"href":"https:\/\/soydeaqui.ddns.net\/pachuca\/index.php\/wp-json\/wp\/v2\/media\/3503"}],"wp:attachment":[{"href":"https:\/\/soydeaqui.ddns.net\/pachuca\/index.php\/wp-json\/wp\/v2\/media?parent=3504"}],"wp:term":[{"taxonomy":"product_brand","embeddable":true,"href":"https:\/\/soydeaqui.ddns.net\/pachuca\/index.php\/wp-json\/wp\/v2\/product_brand?post=3504"},{"taxonomy":"product_cat","embeddable":true,"href":"https:\/\/soydeaqui.ddns.net\/pachuca\/index.php\/wp-json\/wp\/v2\/product_cat?post=3504"},{"taxonomy":"product_tag","embeddable":true,"href":"https:\/\/soydeaqui.ddns.net\/pachuca\/index.php\/wp-json\/wp\/v2\/product_tag?post=3504"}],"curies":[{"name":"wp","href":"https:\/\/api.w.org\/{rel}","templated":true}]}}