{"id":35020,"date":"2026-03-18T15:35:05","date_gmt":"2026-03-18T15:35:05","guid":{"rendered":"https:\/\/soydeaqui.ddns.net\/pachuca\/index.php\/producto\/interruptor-de-corriente-de-nucleo-dividido-maximo-200-a\/"},"modified":"2026-03-18T15:35:21","modified_gmt":"2026-03-18T15:35:21","slug":"interruptor-de-corriente-de-nucleo-dividido-maximo-200-a","status":"publish","type":"product","link":"https:\/\/soydeaqui.ddns.net\/pachuca\/index.php\/producto\/interruptor-de-corriente-de-nucleo-dividido-maximo-200-a\/","title":{"rendered":"Interruptor de corriente de nucleo dividido , maximo 200 A"},"content":{"rendered":"<div style='width: 100%; max-width: 1200px; margin: 0 auto; font-family: sans-serif; line-height: 1.6; color: inherit; background-color: transparent;'> <!-- Secci\u00f3n de descripci\u00f3n --> <\/p>\n<div style='margin-bottom: 30px;'>\n<p style='color: inherit; font-size: 14px; margin: 10px 0;'>Traiga confiabilidad&comma; precisi\u00f3n y ahorros a su negocio y edificios con las soluciones de conmutaci\u00f3n de corriente de Honeywell.<\/p>\n<p style='color: inherit; font-size: 14px; margin: 10px 0;'>Con una instalaci\u00f3n simplificada&comma; encontrar\u00e1 tanto ahorros de costos como de tiempo empaquetados en estos interruptores compactos. Una vez instalados&comma; puede estar tranquilo. Le informar\u00e1n cuando haya alg\u00fan problema que requiera su atenci\u00f3n.<\/p>\n<p style='color: inherit; font-size: 14px; margin: 10px 0;'>Antes de la instalaci\u00f3n&comma; el umbral de corriente est\u00e1 preestablecido&comma; lo que permite al instalador evitar riesgos el\u00e9ctricos al ajustar en presencia de voltaje de l\u00ednea.<\/p>\n<\/p><\/div>\n<p> <!-- Secci\u00f3n de caracter\u00edsticas --> <\/p>\n<div style='margin-bottom: 30px;'>\n<h3 style='font-size: 20px; border-bottom: 2px solid currentColor; padding-bottom: 5px; margin-top: 0; margin-bottom: 15px; color: inherit; opacity: 0.8;'>Caracter\u00edsticas<\/h3>\n<ul style='padding-left: 20px; font-size: 14px; color: inherit; list-style-type: disc;'>\n<li style='margin-bottom: 8px;'>Costo de instalaci\u00f3n m\u00e1s bajo<\/li>\n<li style='margin-bottom: 8px;'>No es necesario volver al sitio de trabajo para calibrar<\/li>\n<li style='margin-bottom: 8px;'>Ahorre aproximadamente 30 minutos de tiempo por cada instalaci\u00f3n de sensor<\/li>\n<li style='margin-bottom: 8px;'>N\u00facleo dividido; puntos de disparo fijos y ajustables<\/li>\n<li style='margin-bottom: 8px;'>Rel\u00e9 de comando opcional<\/li>\n<\/ul><\/div>\n<p> <!-- Secci\u00f3n de aplicaciones --> <\/p>\n<div style='margin-bottom: 30px;'>\n<h3 style='font-size: 20px; border-bottom: 2px solid currentColor; padding-bottom: 5px; margin-top: 0; margin-bottom: 15px; color: inherit; opacity: 0.8;'>Aplicaciones<\/h3>\n<ul style='padding-left: 20px; font-size: 14px; color: inherit; list-style-type: disc;'>\n<li style='margin-bottom: 8px;'>Detecci\u00f3n de fallos mec\u00e1nicos en ventiladores y bombas<\/li>\n<li style='margin-bottom: 8px;'>Monitoreo del estado de procesos industriales y motores cr\u00edticos<\/li>\n<li style='margin-bottom: 8px;'>M\u00e1xima corriente soportada 200 A<\/li>\n<\/ul><\/div>\n<p> <!-- Separador final --> <\/p>\n<div style='margin-bottom: 50px;'><\/div>\n<\/p><\/div>\n","protected":false},"excerpt":{"rendered":"<p>Interruptor de corriente de nucleo dividido , maximo 200 A<\/p>\n","protected":false},"featured_media":35019,"comment_status":"open","ping_status":"closed","template":"","meta":[],"product_brand":[],"product_cat":[1034],"product_tag":[1035,1036,1037],"class_list":{"0":"post-35020","1":"product","2":"type-product","3":"status-publish","4":"has-post-thumbnail","6":"product_cat-bms-bas","7":"product_tag-bms","8":"product_tag-bms-bas","9":"product_tag-honeywell-bms","11":"first","12":"instock","13":"sale","14":"shipping-taxable","15":"purchasable","16":"product-type-simple"},"_links":{"self":[{"href":"https:\/\/soydeaqui.ddns.net\/pachuca\/index.php\/wp-json\/wp\/v2\/product\/35020","targetHints":{"allow":["GET"]}}],"collection":[{"href":"https:\/\/soydeaqui.ddns.net\/pachuca\/index.php\/wp-json\/wp\/v2\/product"}],"about":[{"href":"https:\/\/soydeaqui.ddns.net\/pachuca\/index.php\/wp-json\/wp\/v2\/types\/product"}],"replies":[{"embeddable":true,"href":"https:\/\/soydeaqui.ddns.net\/pachuca\/index.php\/wp-json\/wp\/v2\/comments?post=35020"}],"wp:featuredmedia":[{"embeddable":true,"href":"https:\/\/soydeaqui.ddns.net\/pachuca\/index.php\/wp-json\/wp\/v2\/media\/35019"}],"wp:attachment":[{"href":"https:\/\/soydeaqui.ddns.net\/pachuca\/index.php\/wp-json\/wp\/v2\/media?parent=35020"}],"wp:term":[{"taxonomy":"product_brand","embeddable":true,"href":"https:\/\/soydeaqui.ddns.net\/pachuca\/index.php\/wp-json\/wp\/v2\/product_brand?post=35020"},{"taxonomy":"product_cat","embeddable":true,"href":"https:\/\/soydeaqui.ddns.net\/pachuca\/index.php\/wp-json\/wp\/v2\/product_cat?post=35020"},{"taxonomy":"product_tag","embeddable":true,"href":"https:\/\/soydeaqui.ddns.net\/pachuca\/index.php\/wp-json\/wp\/v2\/product_tag?post=35020"}],"curies":[{"name":"wp","href":"https:\/\/api.w.org\/{rel}","templated":true}]}}