{"id":34860,"date":"2026-03-18T15:31:09","date_gmt":"2026-03-18T15:31:09","guid":{"rendered":"https:\/\/soydeaqui.ddns.net\/pachuca\/index.php\/producto\/carrete-de-cable-de-305-metros-1000-pies-4-x-14-awg-cable-direct-burial-color-negro-para-uso-en-intemperie-uso-en-aplicaciones-en-sistemas-de-deteccin-de-incendio-y-sistemas-de-evacuacin\/"},"modified":"2026-03-18T15:31:10","modified_gmt":"2026-03-18T15:31:10","slug":"carrete-de-cable-de-305-metros-1000-pies-4-x-14-awg-cable-direct-burial-color-negro-para-uso-en-intemperie-uso-en-aplicaciones-en-sistemas-de-deteccin-de-incendio-y-sistemas-de-evacuacin","status":"publish","type":"product","link":"https:\/\/soydeaqui.ddns.net\/pachuca\/index.php\/producto\/carrete-de-cable-de-305-metros-1000-pies-4-x-14-awg-cable-direct-burial-color-negro-para-uso-en-intemperie-uso-en-aplicaciones-en-sistemas-de-deteccin-de-incendio-y-sistemas-de-evacuacin\/","title":{"rendered":"Carrete de Cable de 305 Metros (1000 Pies) \/ 4 x 14 AWG \/ Cable Direct Burial \/ Color Negro \/ Para Uso en Intemperie \/ Uso en Aplicaciones en Sistemas de Detecci?n de Incendio y Sistemas de Evacuaci?n"},"content":{"rendered":"<div style='width: 100%; max-width: 1200px; margin: 0 auto; font-family: sans-serif; line-height: 1.6; color: inherit; background-color: transparent;'>\n<div style='display: flex; flex-wrap: wrap; gap: 30px; margin-bottom: 30px;'>\n<div style='flex: 1 1 300px; min-width: 280px;'> <img style='width: 100%; height: auto; border: 1px solid rgba(150&comma;150&comma;150&comma;0.3); border-radius: 8px;' src='http:\/\/ftp3.syscom.mx\/usuarios\/maguilar\/Icons\/RoHS%20Icon.png' alt=''> <\/div>\n<div style='flex: 1 1 300px; min-width: 280px;'>\n<h3 style='font-size: 22px; border-bottom: 2px solid currentColor; padding-bottom: 5px; margin-top: 0; color: inherit; opacity: 0.8;'>Descripci\u00f3n<\/h3>\n<p style='margin: 15px 0; color: inherit; font-size: 15px;'>CABLE PARA ENTERRADO DIRECTO DE 4 CONDUCTORES CALIBRE 14 CON FORRO NEGRO APLICACIONES EN ALARMAS&comma; SISTEMAS DE SEGURIDAD. AUTOMATIZACI\u00d3N&comma; MULTIPROP\u00d3SITO.<\/p>\n<p style='margin: 15px 0; color: inherit; font-size: 15px;'>Los cables para enterrado directo de la serie Genesis est\u00e1n especialmente dise\u00f1ados para ser enterrados bajo tierra. Fabricados con una funda m\u00e1s estriada&comma; estos cables presentan un umbral m\u00e1s elevado de resistencia al estrujamiento y al impacto. Nuestros cables de exterior&comma; no solo est\u00e1n dise\u00f1ados para ser enterrados&comma; sino que tambi\u00e9n se prueban de manera independiente; adem\u00e1s&comma; est\u00e1n aprobados para cumplir con los requisitos de enterrado directo y lugares h\u00famedos.<\/p>\n<p style='margin: 15px 0; color: inherit; font-size: 15px;'><strong>* Precio por bobina de 305 metros.<\/strong><\/p>\n<\/p><\/div>\n<\/p><\/div>\n<div style='display: flex; flex-wrap: wrap; gap: 20px; margin-bottom: 30px;'>\n<div style='flex: 1 1 250px; border: 1px solid rgba(150&comma; 150&comma; 150&comma; 0.4); border-radius: 8px; overflow: hidden; display: flex; flex-direction: column;'>\n<div style='padding: 15px; border-bottom: 1px solid rgba(150&comma; 150&comma; 150&comma; 0.2); font-weight: bold; font-size: 18px; color: inherit;'>Caracter\u00edsticas<\/div>\n<div style='padding: 15px; color: inherit;'>\n<ul style='padding-left: 20px; margin: 0; font-size: 14px; list-style-type: disc;'>\n<li style='margin-bottom: 5px;'>Alarmas de detecci\u00f3n de robo<\/li>\n<li style='margin-bottom: 5px;'>Paneles con tecnolog\u00eda convencional<\/li>\n<li style='margin-bottom: 5px;'>Sistemas de seguridad<\/li>\n<li style='margin-bottom: 5px;'>Aplicaci\u00f3n multiprop\u00f3sito<\/li>\n<\/ul><\/div>\n<\/p><\/div>\n<div style='flex: 1 1 250px; border: 1px solid rgba(150&comma; 150&comma; 150&comma; 0.4); border-radius: 8px; overflow: hidden; display: flex; flex-direction: column;'>\n<div style='padding: 15px; border-bottom: 1px solid rgba(150&comma; 150&comma; 150&comma; 0.2); font-weight: bold; font-size: 18px; color: inherit;'>Caracter\u00edsticas f\u00edsicas y el\u00e9ctricas<\/div>\n<div style='padding: 15px; color: inherit;'>\n<ul style='padding-left: 20px; margin: 0; font-size: 14px; list-style-type: disc;'>\n<li style='margin-bottom: 5px;'><strong>Tipo:<\/strong> 4 x 14 AWG<\/li>\n<li style='margin-bottom: 5px;'><strong>Color externo:<\/strong> Negro<\/li>\n<li style='margin-bottom: 5px;'><strong>Color interno:<\/strong> Negro&comma; Rojo&comma; Verde&comma; Amarillo<\/li>\n<li style='margin-bottom: 5px;'><strong>Di\u00e1metro exterior (mm):<\/strong> 9.07<\/li>\n<li style='margin-bottom: 5px;'><strong>FPL<\/strong> = (Fire Power Limited): Cable de uso general en aplicaci\u00f3n de incendio<\/li>\n<li style='margin-bottom: 5px;'><strong>Temperatura de operaci\u00f3n:<\/strong> -20\u00b0C a 75\u00b0C<\/li>\n<\/ul><\/div>\n<\/p><\/div>\n<div style='flex: 1 1 250px; border: 1px solid rgba(150&comma; 150&comma; 150&comma; 0.4); border-radius: 8px; overflow: hidden; display: flex; flex-direction: column;'>\n<div style='padding: 15px; border-bottom: 1px solid rgba(150&comma; 150&comma; 150&comma; 0.2); font-weight: bold; font-size: 18px; color: inherit;'>Est\u00e1ndares<\/div>\n<div style='padding: 15px; color: inherit;'>\n<ul style='padding-left: 20px; margin: 0; font-size: 14px; list-style-type: disc;'>\n<li style='margin-bottom: 5px;'>UL<\/li>\n<li style='margin-bottom: 5px;'>FPL&comma; CL2&comma; Enterrado Directo<\/li>\n<li style='margin-bottom: 5px;'>RoHS Compliant<\/li>\n<\/ul><\/div>\n<\/p><\/div>\n<\/p><\/div>\n<\/p><\/div>\n","protected":false},"excerpt":{"rendered":"<p>Carrete de Cable de 305 Metros (1000 Pies) \/ 4 x 14 AWG \/ Cable Direct Burial \/ Color Negro \/ Para Uso en Intemperie \/ Uso en Aplicaciones en Sistemas de Detecci?n de Incendio y Sistemas de Evacuaci?n<\/p>\n","protected":false},"featured_media":34859,"comment_status":"open","ping_status":"closed","template":"","meta":[],"product_brand":[],"product_cat":[982],"product_tag":[138,139,225],"class_list":{"0":"post-34860","1":"product","2":"type-product","3":"status-publish","4":"has-post-thumbnail","6":"product_cat-todo-cables-deteccion-de-fuego","7":"product_tag-cables","8":"product_tag-genesis","9":"product_tag-todo","11":"first","12":"instock","13":"sale","14":"shipping-taxable","15":"purchasable","16":"product-type-simple"},"_links":{"self":[{"href":"https:\/\/soydeaqui.ddns.net\/pachuca\/index.php\/wp-json\/wp\/v2\/product\/34860","targetHints":{"allow":["GET"]}}],"collection":[{"href":"https:\/\/soydeaqui.ddns.net\/pachuca\/index.php\/wp-json\/wp\/v2\/product"}],"about":[{"href":"https:\/\/soydeaqui.ddns.net\/pachuca\/index.php\/wp-json\/wp\/v2\/types\/product"}],"replies":[{"embeddable":true,"href":"https:\/\/soydeaqui.ddns.net\/pachuca\/index.php\/wp-json\/wp\/v2\/comments?post=34860"}],"wp:featuredmedia":[{"embeddable":true,"href":"https:\/\/soydeaqui.ddns.net\/pachuca\/index.php\/wp-json\/wp\/v2\/media\/34859"}],"wp:attachment":[{"href":"https:\/\/soydeaqui.ddns.net\/pachuca\/index.php\/wp-json\/wp\/v2\/media?parent=34860"}],"wp:term":[{"taxonomy":"product_brand","embeddable":true,"href":"https:\/\/soydeaqui.ddns.net\/pachuca\/index.php\/wp-json\/wp\/v2\/product_brand?post=34860"},{"taxonomy":"product_cat","embeddable":true,"href":"https:\/\/soydeaqui.ddns.net\/pachuca\/index.php\/wp-json\/wp\/v2\/product_cat?post=34860"},{"taxonomy":"product_tag","embeddable":true,"href":"https:\/\/soydeaqui.ddns.net\/pachuca\/index.php\/wp-json\/wp\/v2\/product_tag?post=34860"}],"curies":[{"name":"wp","href":"https:\/\/api.w.org\/{rel}","templated":true}]}}