{"id":34831,"date":"2026-03-18T15:30:29","date_gmt":"2026-03-18T15:30:29","guid":{"rendered":"https:\/\/soydeaqui.ddns.net\/pachuca\/index.php\/producto\/protector-contra-sobretensiones-del-circuito-de-datos-y-senalizacion-lazos-nac-slc-idc-piv-paneles-de-incendio-alarma-altavoces-y-telefonos\/"},"modified":"2026-03-18T15:30:30","modified_gmt":"2026-03-18T15:30:30","slug":"protector-contra-sobretensiones-del-circuito-de-datos-y-senalizacion-lazos-nac-slc-idc-piv-paneles-de-incendio-alarma-altavoces-y-telefonos","status":"publish","type":"product","link":"https:\/\/soydeaqui.ddns.net\/pachuca\/index.php\/producto\/protector-contra-sobretensiones-del-circuito-de-datos-y-senalizacion-lazos-nac-slc-idc-piv-paneles-de-incendio-alarma-altavoces-y-telefonos\/","title":{"rendered":"Protector contra Sobretensiones del Circuito de Datos y Se\u00f1alizaci\u00f3n \/ Lazos NAC, SLC, IDC, PIV, Paneles de Incendio, Alarma, Altavoces y Tel\u00e9fonos"},"content":{"rendered":"<div style='width: 100%; max-width: 1200px; margin: 0 auto; font-family: sans-serif; line-height: 1.6; color: inherit; background-color: transparent;'>\n<div style='display: flex; flex-wrap: wrap; gap: 30px; margin-bottom: 30px;'>\n<div style='flex: 1 1 300px; min-width: 280px;'>\n<h3 style='font-size: 22px; border-bottom: 2px solid currentColor; padding-bottom: 5px; margin-top: 0; color: inherit; opacity: 0.8;'>Caracter\u00edsticas principales<\/h3>\n<ul style='padding-left: 20px; font-size: 15px; color: inherit;'>\n<li style='margin-bottom: 5px;'>Proteja hasta (4) pares por m\u00f3dulo para satisfacer sus necesidades de configuraci\u00f3n espec\u00edficas<\/li>\n<li style='margin-bottom: 5px;'>Conexi\u00f3n en serie&comma; la funci\u00f3n paralela no agrega resistencia a los circuitos de bucle<\/li>\n<li style='margin-bottom: 5px;'>Cinco niveles de voltaje disponibles para proteger varias aplicaciones de bajo voltaje<\/li>\n<li style='margin-bottom: 5px;'>Los modelos SCP proporcionan un fusible de restablecimiento autom\u00e1tico y protecci\u00f3n contra corrientes de fuga<\/li>\n<li style='margin-bottom: 5px;'><strong>Aplicaciones:<\/strong> Lazos de corriente de 4-20 mA&comma; Circuitos NAC&comma; SLC&comma; PIV e IDC de Paneles de Alarma Contra Incendio&comma; Panales de alarma de Intrusi\u00f3n&comma; Altavoces y Tel\u00e9fonos.<\/li>\n<\/ul><\/div>\n<div style='flex: 1 1 300px; min-width: 280px;'>\n<h3 style='font-size: 22px; border-bottom: 2px solid currentColor; padding-bottom: 5px; margin-top: 0; color: inherit; opacity: 0.8;'>Caracter\u00edsticas el\u00e9ctricas y f\u00edsicas<\/h3>\n<ul style='padding-left: 20px; font-size: 15px; color: inherit;'>\n<li style='margin-bottom: 5px;'><strong>M\u00e9todo de conexi\u00f3n:<\/strong> Terminal de tornillos&comma; 22-16 AWG<\/li>\n<li style='margin-bottom: 5px;'><strong>Material:<\/strong> Pl\u00e1stico ABS<\/li>\n<li style='margin-bottom: 5px;'><strong>Temperatura de operaci\u00f3n:<\/strong> -40\u00b0C a 70\u00b0C (-40\u00b0F a 158\u00b0F)<\/li>\n<li style='margin-bottom: 5px;'><strong>Dimensiones:<\/strong> 76 x 41 x 41 mm<\/li>\n<li style='margin-bottom: 5px;'><strong>Peso:<\/strong> 68 g<\/li>\n<li style='margin-bottom: 5px;'><strong>M\u00e1x. corriente continua:<\/strong> 5A (150 mA para modelos SCP)<\/li>\n<li style='margin-bottom: 5px;'><strong>Compatible con montaje en Riel DIN<\/strong> <a href='https:\/\/www.syscom.mx\/producto\/DTK-DRK-DITEK-165179.html' target='_blank' rel='noopener' style='color: inherit; text-decoration: underline; opacity: 0.8;'>DTK-DRK<\/a><\/li>\n<li style='margin-bottom: 5px;'><a title='Ficha t\u00e9cnica' href='https:\/\/ftp3.syscom.mx\/usuarios\/scorrea\/A\/DITEK\/DTK2LVLPLV\/Especificaciones.pdf' target='_blank' rel='noopener' style='color: inherit; text-decoration: underline; opacity: 0.8;'>Revise la ficha completa<\/a><\/li>\n<\/ul><\/div>\n<div style='flex: 1 1 300px; min-width: 280px;'>\n<h3 style='font-size: 22px; border-bottom: 2px solid currentColor; padding-bottom: 5px; margin-top: 0; color: inherit; opacity: 0.8;'>Caracter\u00edsticas Destacadas<\/h3>\n<p style='color: inherit; font-size: 15px;'>La serie DTK-LVLP de DITEK de protectores contra sobretensiones de bajo voltaje proporciona una protecci\u00f3n robusta en un paquete compacto y cableado.<\/p>\n<p style='color: inherit; font-size: 15px;'>Los protectores contra sobretensiones LVLP de DITEK protegen m\u00faltiples aplicaciones de bajo voltaje en las industrias de seguridad y contra incendios. El DTK-2LVLPLV es ideal para dos circuitos de bucle cableados de 24 V.<\/p>\n<p style='color: inherit; font-size: 15px;'>Este dispositivo de protecci\u00f3n contra sobretensiones (SPD) es un dispositivo de alto rendimiento&comma; dise\u00f1ado para brindar protecci\u00f3n a cargas electr\u00f3nicas sensibles conectadas a circuitos de bucle de comunicaci\u00f3n que han sido aislados de la red telef\u00f3nica p\u00fablica conmutada o donde el SPD est\u00e1 directamente conectado al dispositivo electr\u00f3nico. La m\u00e1xima protecci\u00f3n solo se lograr\u00e1 si el SPD est\u00e1 correctamente instalado.<\/p>\n<\/p><\/div>\n<\/p><\/div>\n<hr style='border: 0; border-top: 1px solid rgba(150&comma; 150&comma; 150&comma; 0.3); margin: 30px 0;'> <\/div>\n","protected":false},"excerpt":{"rendered":"<p>Protector contra Sobretensiones del Circuito de Datos y Se\u00f1alizaci\u00f3n \/ Lazos NAC, SLC, IDC, PIV, Paneles de Incendio, Alarma, Altavoces y Tel\u00e9fonos<\/p>\n","protected":false},"featured_media":34830,"comment_status":"open","ping_status":"closed","template":"","meta":[],"product_brand":[],"product_cat":[532],"product_tag":[534,533,62],"class_list":{"0":"post-34831","1":"product","2":"type-product","3":"status-publish","4":"has-post-thumbnail","6":"product_cat-todos-proteccion-contra-sobretensiones","7":"product_tag-ditek","8":"product_tag-proteccion-contra-sobretensiones","9":"product_tag-todos","11":"first","12":"outofstock","13":"sale","14":"shipping-taxable","15":"purchasable","16":"product-type-simple"},"_links":{"self":[{"href":"https:\/\/soydeaqui.ddns.net\/pachuca\/index.php\/wp-json\/wp\/v2\/product\/34831","targetHints":{"allow":["GET"]}}],"collection":[{"href":"https:\/\/soydeaqui.ddns.net\/pachuca\/index.php\/wp-json\/wp\/v2\/product"}],"about":[{"href":"https:\/\/soydeaqui.ddns.net\/pachuca\/index.php\/wp-json\/wp\/v2\/types\/product"}],"replies":[{"embeddable":true,"href":"https:\/\/soydeaqui.ddns.net\/pachuca\/index.php\/wp-json\/wp\/v2\/comments?post=34831"}],"wp:featuredmedia":[{"embeddable":true,"href":"https:\/\/soydeaqui.ddns.net\/pachuca\/index.php\/wp-json\/wp\/v2\/media\/34830"}],"wp:attachment":[{"href":"https:\/\/soydeaqui.ddns.net\/pachuca\/index.php\/wp-json\/wp\/v2\/media?parent=34831"}],"wp:term":[{"taxonomy":"product_brand","embeddable":true,"href":"https:\/\/soydeaqui.ddns.net\/pachuca\/index.php\/wp-json\/wp\/v2\/product_brand?post=34831"},{"taxonomy":"product_cat","embeddable":true,"href":"https:\/\/soydeaqui.ddns.net\/pachuca\/index.php\/wp-json\/wp\/v2\/product_cat?post=34831"},{"taxonomy":"product_tag","embeddable":true,"href":"https:\/\/soydeaqui.ddns.net\/pachuca\/index.php\/wp-json\/wp\/v2\/product_tag?post=34831"}],"curies":[{"name":"wp","href":"https:\/\/api.w.org\/{rel}","templated":true}]}}