{"id":34799,"date":"2026-03-18T15:29:45","date_gmt":"2026-03-18T15:29:45","guid":{"rendered":"https:\/\/soydeaqui.ddns.net\/pachuca\/index.php\/producto\/pertiga-telescopica-para-prueba-de-detectores-hasta-2-4m-8-ft-soporta-extensiones-solo-101-para-mayor-altura\/"},"modified":"2026-03-18T15:29:47","modified_gmt":"2026-03-18T15:29:47","slug":"pertiga-telescopica-para-prueba-de-detectores-hasta-2-4m-8-ft-soporta-extensiones-solo-101-para-mayor-altura","status":"publish","type":"product","link":"https:\/\/soydeaqui.ddns.net\/pachuca\/index.php\/producto\/pertiga-telescopica-para-prueba-de-detectores-hasta-2-4m-8-ft-soporta-extensiones-solo-101-para-mayor-altura\/","title":{"rendered":"P\u00e9rtiga telesc\u00f3pica para prueba de detectores hasta 2.4m (8 ft), soporta extensiones SOLO-101 para mayor altura"},"content":{"rendered":"<div style='width: 100%; max-width: 1200px; margin: 0 auto; font-family: sans-serif; line-height: 1.6; color: inherit; background-color: transparent;'> <!-- Secci\u00f3n de contenido con flex\/grid --> <\/p>\n<div style='display: flex; flex-wrap: wrap; gap: 30px; margin-bottom: 30px;'>\n<div style='flex: 1 1 300px; min-width: 280px;'>\n<h3 style='font-size: 22px; border-bottom: 2px solid currentColor; padding-bottom: 5px; margin-top: 0; color: inherit; opacity: 0.8;'>P\u00e9rtigas telesc\u00f3picas para prueba de detectores<\/h3>\n<p style='font-size: 15px; color: inherit;'> En la mayor\u00eda de los casos&comma; los techos son demasiado altos (m\u00e1s de 9m) para alcanzar y poder hacer la prueba que exige la norma <strong>NFPA72<\/strong> al 100% en detectores de humo&comma; temperatura&comma; mon\u00f3xido de carbono&comma; etc.&comma; lo cual implica usar andamios&comma; escaleras o plataformas el\u00e9ctricas. Esto aumenta el riesgo de accidentes al trabajar en grandes alturas&comma; se pierde mucho tiempo en los mantenimientos y se elevan los costos del servicio. <\/p>\n<p style='font-size: 15px; color: inherit;'> <em style='color: #e74c3c;'>Las p\u00e9rtigas telesc\u00f3picas seccionales de fibra de vidrio son totalmente portables para el veh\u00edculo&comma; sumamente ligeras donde una sola persona puede realizar el mantenimiento de los detectores y altamente duraderas<\/em>. Son la soluci\u00f3n ideal para los integradores dedicados al servicio de sistemas de detecci\u00f3n de incendios. <\/p>\n<p style='font-size: 15px; color: inherit;'> Tambi\u00e9n se ofrecen en conjunto con las p\u00e9rtigas una amplia gama de dispensadores manuales y electr\u00f3nicos para probar los detectores de humo\/temperatura y mon\u00f3xido de carbono de una manera muy sencilla&comma; r\u00e1pida y totalmente segura sin despegar los pies del suelo. <em style='color: #e74c3c;'>Evita as\u00ed el riesgo de accidentes por ca\u00eddas del t\u00e9cnico&comma; reduciendo costos y tiempo del mantenimiento.<\/em> <\/p>\n<\/p><\/div>\n<\/p><\/div>\n<p> <!-- Secci\u00f3n de cards con especificaciones --> <\/p>\n<div style='display: flex; flex-wrap: wrap; gap: 20px; margin-bottom: 30px;'>\n<div style='flex: 1 1 250px; border: 1px solid rgba(150&comma; 150&comma; 150&comma; 0.4); border-radius: 8px; overflow: hidden; display: flex; flex-direction: column;'>\n<div style='padding: 15px; border-bottom: 1px solid rgba(150&comma; 150&comma; 150&comma; 0.2); font-weight: bold; font-size: 18px; color: inherit;'>Caracter\u00edsticas principales<\/div>\n<div style='padding: 15px; color: inherit;'>\n<ul style='padding-left: 20px; margin: 0; font-size: 14px; list-style-type: disc; color: inherit;'>\n<li style='margin-bottom: 5px;'><strong>Certificados:<\/strong> No Conductivos<\/li>\n<li style='margin-bottom: 5px;'><strong>Peso:<\/strong> Super ligeros<\/li>\n<li style='margin-bottom: 5px;'><strong>Uso:<\/strong> F\u00e1ciles de usar y manipular<\/li>\n<li style='margin-bottom: 5px;'><strong>Protecci\u00f3n:<\/strong> Protege al t\u00e9cnico y a los detectores de cortocircuitos<\/li>\n<li style='margin-bottom: 5px;'><strong>Compatibilidad:<\/strong> Con todos los cabezales de la serie SOLO&comma; Testifire&comma; Trusted&comma; etc.<\/li>\n<li style='margin-bottom: 5px;'><strong>Garant\u00eda:<\/strong> Limitada de por vida<\/li>\n<li style='margin-bottom: 5px;'><strong>Extensiones:<\/strong> Agrega hasta tres extensiones SOLO-101 de 1.2m (4 ft) para prueba de detectores hasta casi 6m (19.6 ft)<\/li>\n<li style='margin-bottom: 5px;'><strong>Dise\u00f1o:<\/strong> Se dobla muy poco y tiene efecto l\u00e1tigo m\u00ednimo en altura<\/li>\n<li style='margin-bottom: 5px;'><strong>Estructura:<\/strong> 2 secciones extensibles<\/li>\n<\/ul><\/div>\n<\/p><\/div>\n<\/p><\/div>\n<p> <!-- Separador --> <\/p>\n<hr style='border: 0; border-top: 1px solid rgba(150&comma; 150&comma; 150&comma; 0.3); margin: 30px 0;'> <!-- Secci\u00f3n de video --> <\/p>\n<div style='margin: 30px 0;'>\n<div style='position: relative; padding-bottom: 56.25%; height: 0; overflow: hidden;'>   <\/div>\n<\/p><\/div>\n<\/p><\/div>\n","protected":false},"excerpt":{"rendered":"<p>P\u00e9rtiga telesc\u00f3pica para prueba de detectores hasta 2.4m (8 ft), soporta extensiones SOLO-101 para mayor altura<\/p>\n","protected":false},"featured_media":34798,"comment_status":"open","ping_status":"closed","template":"","meta":[],"product_brand":[],"product_cat":[731],"product_tag":[26,25,403],"class_list":{"0":"post-34799","1":"product","2":"type-product","3":"status-publish","4":"has-post-thumbnail","6":"product_cat-accesorios-de-instalacion-herramientas-deteccion-de-fuego","7":"product_tag-accesorios-de-instalacion","8":"product_tag-herramientas","9":"product_tag-sdi","11":"first","12":"instock","13":"sale","14":"shipping-taxable","15":"purchasable","16":"product-type-simple"},"_links":{"self":[{"href":"https:\/\/soydeaqui.ddns.net\/pachuca\/index.php\/wp-json\/wp\/v2\/product\/34799","targetHints":{"allow":["GET"]}}],"collection":[{"href":"https:\/\/soydeaqui.ddns.net\/pachuca\/index.php\/wp-json\/wp\/v2\/product"}],"about":[{"href":"https:\/\/soydeaqui.ddns.net\/pachuca\/index.php\/wp-json\/wp\/v2\/types\/product"}],"replies":[{"embeddable":true,"href":"https:\/\/soydeaqui.ddns.net\/pachuca\/index.php\/wp-json\/wp\/v2\/comments?post=34799"}],"wp:featuredmedia":[{"embeddable":true,"href":"https:\/\/soydeaqui.ddns.net\/pachuca\/index.php\/wp-json\/wp\/v2\/media\/34798"}],"wp:attachment":[{"href":"https:\/\/soydeaqui.ddns.net\/pachuca\/index.php\/wp-json\/wp\/v2\/media?parent=34799"}],"wp:term":[{"taxonomy":"product_brand","embeddable":true,"href":"https:\/\/soydeaqui.ddns.net\/pachuca\/index.php\/wp-json\/wp\/v2\/product_brand?post=34799"},{"taxonomy":"product_cat","embeddable":true,"href":"https:\/\/soydeaqui.ddns.net\/pachuca\/index.php\/wp-json\/wp\/v2\/product_cat?post=34799"},{"taxonomy":"product_tag","embeddable":true,"href":"https:\/\/soydeaqui.ddns.net\/pachuca\/index.php\/wp-json\/wp\/v2\/product_tag?post=34799"}],"curies":[{"name":"wp","href":"https:\/\/api.w.org\/{rel}","templated":true}]}}