{"id":34797,"date":"2026-03-18T15:29:44","date_gmt":"2026-03-18T15:29:44","guid":{"rendered":"https:\/\/soydeaqui.ddns.net\/pachuca\/index.php\/producto\/kit-de-tuberia-red-pipe\/"},"modified":"2026-03-18T15:29:44","modified_gmt":"2026-03-18T15:29:44","slug":"kit-de-tuberia-red-pipe","status":"publish","type":"product","link":"https:\/\/soydeaqui.ddns.net\/pachuca\/index.php\/producto\/kit-de-tuberia-red-pipe\/","title":{"rendered":"KIT DE TUBERIA RED PIPE"},"content":{"rendered":"<div style='width: 100%; max-width: 1200px; margin: 0 auto; font-family: sans-serif; line-height: 1.6; color: inherit; background-color: transparent;'> <!-- T\u00edtulo (oculto seg\u00fan instrucciones) --> <\/p>\n<h1 style='display: none;'><span style='color: #c0392b;'>RED PIPE KIT<\/span><\/h1>\n<p> <!-- Secci\u00f3n de caracter\u00edsticas --> <\/p>\n<div style='display: flex; flex-wrap: wrap; gap: 30px; margin-bottom: 30px;'>\n<div style='flex: 1 1 300px; min-width: 280px;'>\n<h3 style='font-size: 22px; border-bottom: 2px solid currentColor; padding-bottom: 5px; margin-top: 0; color: inherit; opacity: 0.8;'>Caracter\u00edsticas<\/h3>\n<ul style='padding-left: 20px; font-size: 15px; color: inherit;'>\n<li style='margin-bottom: 5px;'>Organiza f\u00e1cilmente tu proyecto con toda la tuber\u00eda y accesorios para 2&comma;500 sq.ft.<\/li>\n<li style='margin-bottom: 5px;'>Los \u00daNICOS tubos y accesorios listados por UL para usar con TODOS los sistemas de detectores de humo por muestreo de aire.<\/li>\n<li style='margin-bottom: 5px;'>Tuber\u00eda y accesorios autoextinguibles con clasificaci\u00f3n plenum.<\/li>\n<li style='margin-bottom: 5px;'>Las longitudes de las tuber\u00edas son de 8 pies para facilitar el env\u00edo.<\/li>\n<li style='margin-bottom: 5px;'>No se requieren etiquetas. identificaci\u00f3n NFPA impresa directamente en la tuber\u00eda.<\/li>\n<li style='margin-bottom: 5px;'>Listado por UL para muestreo de aire de CUALQUIER marca de detector de humo.<\/li>\n<\/ul><\/div>\n<\/p><\/div>\n<p> <!-- Secci\u00f3n de imagen y descripci\u00f3n --> <\/p>\n<div style='display: grid; grid-template-columns: 1fr; gap: 30px; margin-bottom: 30px;'>\n<div> <img style='width: 100%; height: auto; border: 1px solid rgba(150&comma;150&comma;150&comma;0.3); border-radius: 8px;' src='https:\/\/ftp3.syscom.mx\/usuarios\/fotos\/SF4240MP\/171780-airsampling.png' alt=''> <\/div>\n<div>\n<h2 style='font-size: 20px; color: inherit; opacity: 0.8;'>EJEMPLO DE UN SISTEMA POR ASPIRACION<\/h2>\n<p style='font-size: 15px; color: inherit;'> Los dispositivos de aspiraci\u00f3n son ideales para lugares donde se concentren residuos en el aire&comma; ya que los detectores convencionales tipo spot se pueden contaminar y almacenar estos residuos en el cabezal del detector si son expuestos a estos ambientes&comma; retardando as\u00ed la detecci\u00f3n&comma; ocasionando falsas alarmas&comma; adem\u00e1s de visitas recurrentes para dar mantenimiento&comma; lo cual es un problema de perdida de tiempo (horas hombre) en la operaci\u00f3n del sitio y perdidas econ\u00f3micas por reemplazos de equipo. Los detectores por muestreo de aire utilizan filtros los cuales pueden reemplazarse cuando el detector lo indique&comma; no son susceptibles a falsas alarmas&comma; pero si son muy sensibles a la hora de detectar cualquier fuente de humo. Se pueden instalar en alturas superiores a cualquier otro detector ya que la aspiraci\u00f3n es detecci\u00f3n activa. Es la soluci\u00f3n inmejorable para lugares como Madereras&comma; Cementeras&comma; Hospitales&comma; Textiles y cualquier otro lugar donde se requiera una detecci\u00f3n sensible y confiable. <\/p>\n<\/p><\/div>\n<\/p><\/div>\n<p> <!-- Secci\u00f3n de contenido incluido --> <\/p>\n<div style='display: flex; flex-wrap: wrap; gap: 20px; margin-bottom: 30px;'>\n<div style='flex: 1 1 250px; border: 1px solid rgba(150&comma; 150&comma; 150&comma; 0.4); border-radius: 8px; overflow: hidden; display: flex; flex-direction: column;'>\n<div style='padding: 15px; border-bottom: 1px solid rgba(150&comma; 150&comma; 150&comma; 0.2); font-weight: bold; font-size: 18px; color: inherit;'>Incluye<\/div>\n<div style='padding: 15px; color: inherit;'>\n<ul style='padding-left: 20px; margin: 0; font-size: 14px; list-style-type: disc;'>\n<li style='margin-bottom: 5px;'>96 Pies de tuber\u00eda <strong>RP-5209S<\/strong><\/li>\n<li style='margin-bottom: 5px;'>5 etiquetas (no paquete) de etiqueta de muestreo<\/li>\n<li style='margin-bottom: 5px;'>3 codos de 90\u00b0 <strong>RP-5202<\/strong><\/li>\n<li style='margin-bottom: 5px;'>12 Coples <strong>RP-5206<\/strong><\/li>\n<li style='margin-bottom: 5px;'>1 &#8216;T&#8217; RP-<strong>5204<\/strong><\/li>\n<li style='margin-bottom: 5px;'>2 Tapas <strong>RP-5205<\/strong><\/li>\n<li style='margin-bottom: 5px;'>32 Clips <strong>RP-5212<\/strong><\/li>\n<\/ul><\/div>\n<\/p><\/div>\n<\/p><\/div>\n<p> <!-- Separador --> <\/p>\n<hr style='border: 0; border-top: 1px solid rgba(150&comma; 150&comma; 150&comma; 0.3); margin: 30px 0;'> <\/div>\n","protected":false},"excerpt":{"rendered":"<p>KIT DE TUBERIA RED PIPE<\/p>\n","protected":false},"featured_media":34796,"comment_status":"open","ping_status":"closed","template":"","meta":[],"product_brand":[],"product_cat":[977],"product_tag":[978,979,980],"class_list":{"0":"post-34797","1":"product","2":"type-product","3":"status-publish","4":"has-post-thumbnail","6":"product_cat-detectores-por-aspiracion","7":"product_tag-aplicaciones-especiales","8":"product_tag-detectores-por-aspiracion","9":"product_tag-safe-fire-detection-inc","11":"first","12":"instock","13":"sale","14":"shipping-taxable","15":"purchasable","16":"product-type-simple"},"_links":{"self":[{"href":"https:\/\/soydeaqui.ddns.net\/pachuca\/index.php\/wp-json\/wp\/v2\/product\/34797","targetHints":{"allow":["GET"]}}],"collection":[{"href":"https:\/\/soydeaqui.ddns.net\/pachuca\/index.php\/wp-json\/wp\/v2\/product"}],"about":[{"href":"https:\/\/soydeaqui.ddns.net\/pachuca\/index.php\/wp-json\/wp\/v2\/types\/product"}],"replies":[{"embeddable":true,"href":"https:\/\/soydeaqui.ddns.net\/pachuca\/index.php\/wp-json\/wp\/v2\/comments?post=34797"}],"wp:featuredmedia":[{"embeddable":true,"href":"https:\/\/soydeaqui.ddns.net\/pachuca\/index.php\/wp-json\/wp\/v2\/media\/34796"}],"wp:attachment":[{"href":"https:\/\/soydeaqui.ddns.net\/pachuca\/index.php\/wp-json\/wp\/v2\/media?parent=34797"}],"wp:term":[{"taxonomy":"product_brand","embeddable":true,"href":"https:\/\/soydeaqui.ddns.net\/pachuca\/index.php\/wp-json\/wp\/v2\/product_brand?post=34797"},{"taxonomy":"product_cat","embeddable":true,"href":"https:\/\/soydeaqui.ddns.net\/pachuca\/index.php\/wp-json\/wp\/v2\/product_cat?post=34797"},{"taxonomy":"product_tag","embeddable":true,"href":"https:\/\/soydeaqui.ddns.net\/pachuca\/index.php\/wp-json\/wp\/v2\/product_tag?post=34797"}],"curies":[{"name":"wp","href":"https:\/\/api.w.org\/{rel}","templated":true}]}}