{"id":34762,"date":"2026-03-18T15:28:57","date_gmt":"2026-03-18T15:28:57","guid":{"rendered":"https:\/\/soydeaqui.ddns.net\/pachuca\/index.php\/producto\/detector-combo-de-humo-co-120-vca-no-requiere-panel-con-bateria-de-respaldo-sensor-inteligente-de-falsas-alarmas\/"},"modified":"2026-03-18T15:29:04","modified_gmt":"2026-03-18T15:29:04","slug":"detector-combo-de-humo-co-120-vca-no-requiere-panel-con-bateria-de-respaldo-sensor-inteligente-de-falsas-alarmas","status":"publish","type":"product","link":"https:\/\/soydeaqui.ddns.net\/pachuca\/index.php\/producto\/detector-combo-de-humo-co-120-vca-no-requiere-panel-con-bateria-de-respaldo-sensor-inteligente-de-falsas-alarmas\/","title":{"rendered":"Detector Combo de Humo\/CO, 120 Vca, No Requiere Panel, Con Bater\u00eda de Respaldo, Sensor Inteligente de Falsas Alarmas"},"content":{"rendered":"<div style='width: 100%; max-width: 1200px; margin: 0 auto; font-family: sans-serif; line-height: 1.6; color: inherit; background-color: transparent;'> <!-- Descripci\u00f3n principal --> <\/p>\n<div style='margin-bottom: 30px;'>\n<p style='text-align: justify; font-size: 15px; color: inherit;'>El detector de humo y mon\u00f3xido de carbono con bater\u00eda de respaldo First Alert SC7010B ofrece detecci\u00f3n de humo y mon\u00f3xido de carbono en una sola unidad. Equipado con un sensor de humo fotoel\u00e9ctrico y un sensor de CO electroqu\u00edmico&comma; detecta con precisi\u00f3n el humo producido por incendios sin llama y fugas de mon\u00f3xido de carbono de m\u00faltiples fuentes. Si se detecta una amenaza&comma; la alarma emite un tono de bocina de amplio espectro que est\u00e1 dise\u00f1ado para que lo escuchen las personas con p\u00e9rdida auditiva relacionada con la edad.<\/p>\n<\/p><\/div>\n<p> <!-- Caracter\u00edsticas principales --> <\/p>\n<div style='margin-bottom: 30px;'>\n<h3 style='font-size: 20px; border-bottom: 2px solid currentColor; padding-bottom: 5px; margin-top: 0; color: inherit; opacity: 0.8;'>Caracter\u00edsticas Principales<\/h3>\n<ul style='padding-left: 20px; font-size: 15px; color: inherit;'>\n<li style='margin-bottom: 5px;'>Cables de alarma combinados de humo y mon\u00f3xido de carbono cableados de 120 voltios directamente al sistema el\u00e9ctrico de su hogar.<\/li>\n<li style='margin-bottom: 5px;'>El sensor de humo fotoel\u00e9ctrico detecta el humo de los incendios sin llama.<\/li>\n<li style='margin-bottom: 5px;'>Emite un tono de bocina de amplio espectro dise\u00f1ado para que las personas con p\u00e9rdida auditiva relacionada con la edad lo escuchen f\u00e1cilmente.<\/li>\n<li style='margin-bottom: 5px;'>El respaldo de dos bater\u00edas AA ayuda a mantener la alarma en funcionamiento en caso de un corte de energ\u00eda.<\/li>\n<li style='margin-bottom: 5px;'>El sensor electroqu\u00edmico detecta con precisi\u00f3n el mon\u00f3xido de carbono.<\/li>\n<\/ul><\/div>\n<p> <!-- Secciones detalladas --> <\/p>\n<div style='display: flex; flex-wrap: wrap; gap: 30px; margin-bottom: 30px;'>\n<div style='flex: 1 1 300px; min-width: 280px;'>\n<h3 style='font-size: 18px; border-bottom: 2px solid currentColor; padding-bottom: 5px; margin-top: 0; color: inherit; opacity: 0.8;'>Sensor fotoel\u00e9ctrico advierte sobre incendios latentes<\/h3>\n<p style='font-size: 14px; color: inherit; text-align: justify;'>El sistema de montaje facilita la alineaci\u00f3n y la instalaci\u00f3n de la alarma combinada&comma; mientras que los pasadores de bloqueo a prueba de manipulaciones mantienen la alarma segura. Un bot\u00f3n de silencio\/prueba de un solo toque facilita probar el detector o silenciarlo en caso de una falsa alarma. Una advertencia de fin de vida le avisa cuando es hora de reemplazar la alarma. Las alarmas de humo alimentadas por CA deben instalarse de acuerdo con todos los c\u00f3digos el\u00e9ctricos locales.<\/p>\n<\/p><\/div>\n<div style='flex: 1 1 300px; min-width: 280px;'>\n<h3 style='font-size: 18px; border-bottom: 2px solid currentColor; padding-bottom: 5px; margin-top: 0; color: inherit; opacity: 0.8;'>Sensor electroqu\u00edmico detecta de forma fiable el CO<\/h3>\n<p style='font-size: 14px; color: inherit; text-align: justify;'>La alarma combinada de humo y mon\u00f3xido de carbono First Alert SC7010B utiliza un sensor de CO electroqu\u00edmico avanzado para detectar niveles elevados de mon\u00f3xido de carbono de una variedad de fuentes&comma; como electrodom\u00e9sticos que queman combustible defectuosos&comma; chimeneas bloqueadas y autos en marcha en el garaje. La alarma cableada tambi\u00e9n est\u00e1 controlada por un microprocesador para ayudar a minimizar las falsas alarmas. Cuando se detecta CO&comma; el detector de mon\u00f3xido de carbono emite una alarma para advertirle de la amenaza. El mon\u00f3xido de carbono no se puede ver&comma; oler ni saborear en el aire&comma; y es la causa principal de muertes accidentales por envenenamiento en los Estados Unidos. Al colocar detectores de mon\u00f3xido de carbono en cada piso de la casa y en cada dormitorio&comma; puede ayudar a proteger a su familia del peligro del mon\u00f3xido de carbono.<\/p>\n<\/p><\/div>\n<div style='flex: 1 1 300px; min-width: 280px;'>\n<h3 style='font-size: 18px; border-bottom: 2px solid currentColor; padding-bottom: 5px; margin-top: 0; color: inherit; opacity: 0.8;'>Tono de la bocina de espectro extendido advierte del peligro<\/h3>\n<p style='font-size: 14px; color: inherit; text-align: justify;'>Si la alarma detecta humo o niveles elevados de mon\u00f3xido de carbono&comma; lo alerta del peligro con un tono de bocina de amplio espectro. Este tono alto tiene una frecuencia m\u00e1s baja que las personas con p\u00e9rdida auditiva normal relacionada con la edad pueden escuchar m\u00e1s f\u00e1cilmente.<\/p>\n<\/p><\/div>\n<div style='flex: 1 1 300px; min-width: 280px;'>\n<h3 style='font-size: 18px; border-bottom: 2px solid currentColor; padding-bottom: 5px; margin-top: 0; color: inherit; opacity: 0.8;'>Respaldo de bater\u00eda para detecci\u00f3n durante un corte de energ\u00eda<\/h3>\n<p style='font-size: 14px; color: inherit; text-align: justify;'>Esta alarma de humo y mon\u00f3xido de carbono est\u00e1 dise\u00f1ada para instalaci\u00f3n con cables&comma; pero tambi\u00e9n cuenta con una bater\u00eda de respaldo que ayuda a garantizar la funcionalidad continua en caso de un corte de energ\u00eda. El detector viene con dos pilas AA.<\/p>\n<\/p><\/div>\n<div style='flex: 1 1 300px; min-width: 280px;'>\n<h3 style='font-size: 18px; border-bottom: 2px solid currentColor; padding-bottom: 5px; margin-top: 0; color: inherit; opacity: 0.8;'>F\u00e1cil de instalar y manejar<\/h3>\n<p style='font-size: 14px; color: inherit; text-align: justify;'>El sistema de montaje facilita la alineaci\u00f3n y la instalaci\u00f3n de la alarma combinada&comma; mientras que los pasadores de bloqueo a prueba de manipulaciones mantienen la alarma segura. Un bot\u00f3n de silencio\/prueba de un solo toque facilita probar el detector o silenciarlo en caso de una falsa alarma. Una advertencia de fin de vida le avisa cuando es hora de reemplazar la alarma. Las alarmas de humo alimentadas por CA deben instalarse de acuerdo con todos los c\u00f3digos el\u00e9ctricos locales.<\/p>\n<\/p><\/div>\n<\/p><\/div>\n<p> <!-- Especificaciones --> <\/p>\n<div style='margin-bottom: 30px;'>\n<h3 style='font-size: 20px; border-bottom: 2px solid currentColor; padding-bottom: 5px; margin-top: 0; color: inherit; opacity: 0.8;'>Caracter\u00edsticas Generales<\/h3>\n<div style='display: flex; flex-wrap: wrap; gap: 20px; margin-top: 15px;'>\n<div style='flex: 1 1 250px; border: 1px solid rgba(150&comma; 150&comma; 150&comma; 0.4); border-radius: 8px; overflow: hidden; display: flex; flex-direction: column;'>\n<div style='padding: 15px; border-bottom: 1px solid rgba(150&comma; 150&comma; 150&comma; 0.2); font-weight: bold; font-size: 18px; color: inherit;'>Especificaciones<\/div>\n<div style='padding: 15px; color: inherit;'>\n<ul style='padding-left: 20px; margin: 0; font-size: 14px; list-style-type: disc;'>\n<li style='margin-bottom: 5px;'><strong>Modelo:<\/strong> SC7010B<\/li>\n<li style='margin-bottom: 5px;'><strong>Garant\u00eda:<\/strong> Limitada de 10 a\u00f1os con fabricante<\/li>\n<li style='margin-bottom: 5px;'><strong>Sirena:<\/strong> 85db<\/li>\n<li style='margin-bottom: 5px;'><strong>Bot\u00f3n:<\/strong> Para prueba y silenciar<\/li>\n<li style='margin-bottom: 5px;'><strong>Bater\u00eda baja:<\/strong> Aviso<\/li>\n<li style='margin-bottom: 5px;'><strong>Tipo de producto:<\/strong> Detector de humo<\/li>\n<li style='margin-bottom: 5px;'><strong>Tipo de sensor:<\/strong> Electroqu\u00edmico&comma; Fotoel\u00e9ctrico<\/li>\n<li style='margin-bottom: 5px;'><strong>Fuente de alimentaci\u00f3n:<\/strong> Cableado a CA 120 Vca<\/li>\n<li style='margin-bottom: 5px;'><strong>Bater\u00eda reemplazable:<\/strong> S\u00ed<\/li>\n<li style='margin-bottom: 5px;'><strong>Bater\u00eda de respaldo:<\/strong> 2xAA<\/li>\n<li style='margin-bottom: 5px;'><strong>Interconectividad inal\u00e1mbrica:<\/strong> No<\/li>\n<li style='margin-bottom: 5px;'><strong>Est\u00e1ndares:<\/strong> UL 217&comma; UL2034<\/li>\n<li style='margin-bottom: 5px;'><strong>Altura:<\/strong> 5.1 in (130 mm)<\/li>\n<li style='margin-bottom: 5px;'><strong>Longitud:<\/strong> 5.1 in (130 mm)<\/li>\n<li style='margin-bottom: 5px;'><strong>Ancho:<\/strong> 2.4 in (61 mm)<\/li>\n<li style='margin-bottom: 5px;'><strong>Peso:<\/strong> 0.7 lb (318 g)<\/li>\n<\/ul><\/div>\n<\/p><\/div>\n<\/p><\/div>\n<\/p><\/div>\n<p> <!-- Separador --> <\/p>\n<hr style='border: 0; border-top: 1px solid rgba(150&comma; 150&comma; 150&comma; 0.3); margin: 30px 0;'> <!-- Videos --> <\/p>\n<div style='margin-bottom: 30px;'>\n<h3 style='font-size: 20px; border-bottom: 2px solid currentColor; padding-bottom: 5px; margin-top: 0; color: inherit; opacity: 0.8; text-align: center;'>Detector Combo de Humo\/Mon\u00f3xido de Carbono<\/h3>\n<h4 style='font-size: 18px; margin-top: 10px; margin-bottom: 20px; color: inherit; opacity: 0.8; text-align: center;'>120 Vca y Bater\u00eda de Respaldo<\/h4>\n<p> <!-- Video 1 --> <\/p>\n<div style='position: relative; padding-bottom: 56.25%; height: 0; overflow: hidden; margin-bottom: 30px;'>   <\/div>\n<p> <!-- Video 2 --> <\/p>\n<div style='position: relative; padding-bottom: 56.25%; height: 0; overflow: hidden; margin-bottom: 30px;'>   <\/div>\n<\/p><\/div>\n<p> <!-- Sobre el CO --> <\/p>\n<div style='margin-bottom: 30px;'>\n<h3 style='font-size: 20px; border-bottom: 2px solid currentColor; padding-bottom: 5px; margin-top: 0; color: inherit; opacity: 0.8; text-align: center;'>\u00bfQu\u00e9 es el mon\u00f3xido de carbono CO?<\/h3>\n<p style='font-size: 15px; color: inherit; text-align: center; margin-top: 20px; margin-bottom: 20px;'>El mon\u00f3xido de carbono (CO) es un gas venenoso invisible&comma; inodoro e ins\u00edpido. Las fuentes de mon\u00f3xido de carbono son cualquier dispositivo que queme combustible&comma; como su estufa&comma; horno o calentador de agua. Las alarmas de mon\u00f3xido de carbono son la \u00fanica forma de detectar este gas venenoso para ayudar a proporcionar una alerta temprana.<\/p>\n<p style='font-size: 14px; color: inherit; text-align: center;'>El mon\u00f3xido de carbono (CO) s\u00f3lo puede ser detectado por una alarma de CO. La Asociaci\u00f3n Nacional de Protecci\u00f3n contra Incendios NFPA recomienda instalar un detector de mon\u00f3xido de carbono en cada nivel de su hogar y dentro de cada dormitorio. Los detectores deben probarse mensualmente y las bater\u00edas deben reemplazarse al menos cada seis meses para garantizar que el detector funcione correctamente. First Alert ofrece una variedad de detectores de CO para satisfacer las necesidades de su familia.<\/p>\n<\/p><\/div>\n<p> <!-- Video institucional --> <\/p>\n<div style='margin-bottom: 30px;'>\n<h4 style='font-size: 18px; margin-top: 0; margin-bottom: 20px; color: inherit; opacity: 0.8; text-align: center;'>60 a\u00f1os protegiendo lo m\u00e1s importante<\/h4>\n<div style='position: relative; padding-bottom: 56.25%; height: 0; overflow: hidden;'>   <\/div>\n<\/p><\/div>\n<\/p><\/div>\n","protected":false},"excerpt":{"rendered":"<p>Detector Combo de Humo\/CO, 120 Vca, No Requiere Panel, Con Bater\u00eda de Respaldo, Sensor Inteligente de Falsas Alarmas<\/p>\n","protected":false},"featured_media":34761,"comment_status":"open","ping_status":"closed","template":"","meta":[],"product_brand":[],"product_cat":[992],"product_tag":[993,522,66],"class_list":{"0":"post-34762","1":"product","2":"type-product","3":"status-publish","4":"has-post-thumbnail","6":"product_cat-detectores-de-humo","7":"product_tag-detectores-de-humo","8":"product_tag-dispositivos-convencionales","9":"product_tag-first-alert","11":"first","12":"outofstock","13":"sale","14":"shipping-taxable","15":"purchasable","16":"product-type-simple"},"_links":{"self":[{"href":"https:\/\/soydeaqui.ddns.net\/pachuca\/index.php\/wp-json\/wp\/v2\/product\/34762","targetHints":{"allow":["GET"]}}],"collection":[{"href":"https:\/\/soydeaqui.ddns.net\/pachuca\/index.php\/wp-json\/wp\/v2\/product"}],"about":[{"href":"https:\/\/soydeaqui.ddns.net\/pachuca\/index.php\/wp-json\/wp\/v2\/types\/product"}],"replies":[{"embeddable":true,"href":"https:\/\/soydeaqui.ddns.net\/pachuca\/index.php\/wp-json\/wp\/v2\/comments?post=34762"}],"wp:featuredmedia":[{"embeddable":true,"href":"https:\/\/soydeaqui.ddns.net\/pachuca\/index.php\/wp-json\/wp\/v2\/media\/34761"}],"wp:attachment":[{"href":"https:\/\/soydeaqui.ddns.net\/pachuca\/index.php\/wp-json\/wp\/v2\/media?parent=34762"}],"wp:term":[{"taxonomy":"product_brand","embeddable":true,"href":"https:\/\/soydeaqui.ddns.net\/pachuca\/index.php\/wp-json\/wp\/v2\/product_brand?post=34762"},{"taxonomy":"product_cat","embeddable":true,"href":"https:\/\/soydeaqui.ddns.net\/pachuca\/index.php\/wp-json\/wp\/v2\/product_cat?post=34762"},{"taxonomy":"product_tag","embeddable":true,"href":"https:\/\/soydeaqui.ddns.net\/pachuca\/index.php\/wp-json\/wp\/v2\/product_tag?post=34762"}],"curies":[{"name":"wp","href":"https:\/\/api.w.org\/{rel}","templated":true}]}}