{"id":34692,"date":"2026-03-18T15:27:22","date_gmt":"2026-03-18T15:27:22","guid":{"rendered":"https:\/\/soydeaqui.ddns.net\/pachuca\/index.php\/producto\/gabinete-para-dos-baterias-de-respaldo-de-18-ah-aplicaciones-para-sistemas-de-deteccion-de-incendio-fas\/"},"modified":"2026-03-18T15:27:32","modified_gmt":"2026-03-18T15:27:32","slug":"gabinete-para-dos-baterias-de-respaldo-de-18-ah-aplicaciones-para-sistemas-de-deteccion-de-incendio-fas","status":"publish","type":"product","link":"https:\/\/soydeaqui.ddns.net\/pachuca\/index.php\/producto\/gabinete-para-dos-baterias-de-respaldo-de-18-ah-aplicaciones-para-sistemas-de-deteccion-de-incendio-fas\/","title":{"rendered":"Gabinete para dos bater\u00edas de respaldo de 18 AH. Aplicaciones para sistemas de detecci\u00f3n de incendio (FAS)."},"content":{"rendered":"<div style='width: 100%; max-width: 1200px; margin: 0 auto; font-family: sans-serif; line-height: 1.6; color: inherit; background-color: transparent;'> <!-- Secci\u00f3n de caracter\u00edsticas principales --> <\/p>\n<div style='display: flex; flex-wrap: wrap; gap: 30px; margin-bottom: 30px;'>\n<div style='flex: 1 1 300px; min-width: 280px;'>\n<h3 style='font-size: 22px; border-bottom: 2px solid currentColor; padding-bottom: 5px; margin-top: 0; color: inherit; opacity: 0.8;'>Caracter\u00edsticas Principales<\/h3>\n<ul style='padding-left: 20px; font-size: 15px; color: inherit;'>\n<li style='margin-bottom: 5px;'>Capacidad para dos bater\u00edas de 18 Ah<\/li>\n<li style='margin-bottom: 5px;'>Dimensiones compactas: 37.38&#215;12.07&#215;21.59 cm<\/li>\n<li style='margin-bottom: 5px;'>Estructura robusta para protecci\u00f3n de bater\u00edas<\/li>\n<li style='margin-bottom: 5px;'>Dise\u00f1o eficiente para ahorro de espacio<\/li>\n<li style='margin-bottom: 5px;'>F\u00e1cil instalaci\u00f3n y acceso al interior<\/li>\n<\/ul><\/div>\n<\/p><\/div>\n<p> <!-- Secci\u00f3n de especificaciones t\u00e9cnicas --> <\/p>\n<div style='display: flex; flex-wrap: wrap; gap: 20px; margin-bottom: 30px;'>\n<div style='flex: 1 1 250px; border: 1px solid rgba(150&comma; 150&comma; 150&comma; 0.4); border-radius: 8px; overflow: hidden; display: flex; flex-direction: column;'>\n<div style='padding: 15px; border-bottom: 1px solid rgba(150&comma; 150&comma; 150&comma; 0.2); font-weight: bold; font-size: 18px; color: inherit;'>Especificaciones T\u00e9cnicas<\/div>\n<div style='padding: 15px; color: inherit;'>\n<ul style='padding-left: 20px; margin: 0; font-size: 14px; list-style-type: disc;'>\n<li style='margin-bottom: 5px;'><strong>Capacidad:<\/strong> Dos bater\u00edas de 18 Ah<\/li>\n<li style='margin-bottom: 5px;'><strong>Dimensiones:<\/strong> 37.38 cm x 12.07 cm x 21.59 cm<\/li>\n<li style='margin-bottom: 5px;'><strong>Profundidad:<\/strong> 12.07 cm (4.75&#8242;)<\/li>\n<li style='margin-bottom: 5px;'><strong>Altura:<\/strong> 21.59 cm (8.5&#8242;)<\/li>\n<li style='margin-bottom: 5px;'><strong>Anchura:<\/strong> 37.38 cm (14.5&#8242;)<\/li>\n<li style='margin-bottom: 5px;'><strong>Distancia m\u00ednima al FACP:<\/strong> 15.24 cm (6&#8242;)<\/li>\n<\/ul><\/div>\n<\/p><\/div>\n<p> <!-- Secci\u00f3n de instalaci\u00f3n --> <\/p>\n<div style='flex: 1 1 250px; border: 1px solid rgba(150&comma; 150&comma; 150&comma; 0.4); border-radius: 8px; overflow: hidden; display: flex; flex-direction: column;'>\n<div style='padding: 15px; border-bottom: 1px solid rgba(150&comma; 150&comma; 150&comma; 0.2); font-weight: bold; font-size: 18px; color: inherit;'>Instalaci\u00f3n<\/div>\n<div style='padding: 15px; color: inherit;'>\n<ol style='padding-left: 20px; margin: 0; font-size: 14px;'>\n<li style='margin-bottom: 5px;'>Remover los knockouts en la parte inferior del gabinete FACP y en la parte superior del gabinete BB-17F<\/li>\n<li style='margin-bottom: 5px;'>Alinear los knockouts del FACP y el BB-17F. Anclar el BB-17F a la pared usando los orificios de 1\/4&#8242; en la parte posterior del gabinete<\/li>\n<li style='margin-bottom: 5px;'>Instalar el tubo de conducci\u00f3n entre los gabinetes BB-17F y FACP. Asegurar una distancia m\u00ednima de 15.24 cm (6&#8242;) entre ambos<\/li>\n<li style='margin-bottom: 5px;'>Hacer pasar el cable de la bater\u00eda a trav\u00e9s del tubo desde el FACP hacia el gabinete de bater\u00edas. Conectar el cable a las bater\u00edas<\/li>\n<li style='margin-bottom: 5px;'>Asegurar la tapa del BB-17F al gabinete usando los tornillos autorroscantes suministrados<\/li>\n<\/ol><\/div>\n<\/p><\/div>\n<p> <!-- Secci\u00f3n de contenido del paquete --> <\/p>\n<div style='flex: 1 1 250px; border: 1px solid rgba(150&comma; 150&comma; 150&comma; 0.4); border-radius: 8px; overflow: hidden; display: flex; flex-direction: column;'>\n<div style='padding: 15px; border-bottom: 1px solid rgba(150&comma; 150&comma; 150&comma; 0.2); font-weight: bold; font-size: 18px; color: inherit;'>Contenido del Paquete<\/div>\n<div style='padding: 15px; color: inherit;'>\n<ul style='padding-left: 20px; margin: 0; font-size: 14px; list-style-type: disc;'>\n<li style='margin-bottom: 5px;'>Gabinete para bater\u00edas<\/li>\n<li style='margin-bottom: 5px;'>Tapa del gabinete<\/li>\n<li style='margin-bottom: 5px;'>Cuatro tornillos autorroscantes<\/li>\n<\/ul><\/div>\n<\/p><\/div>\n<\/p><\/div>\n<p> <!-- Separador --> <\/p>\n<hr style='border: 0; border-top: 1px solid rgba(150&comma; 150&comma; 150&comma; 0.3); margin: 30px 0;'> <!-- Secci\u00f3n de aplicaciones --> <\/p>\n<div style='display: flex; flex-wrap: wrap; gap: 30px; margin-bottom: 30px;'>\n<div style='flex: 1 1 300px; min-width: 280px;'>\n<h3 style='font-size: 22px; border-bottom: 2px solid currentColor; padding-bottom: 5px; margin-top: 0; color: inherit; opacity: 0.8;'>Aplicaciones<\/h3>\n<ul style='padding-left: 20px; font-size: 15px; color: inherit;'>\n<li style='margin-bottom: 5px;'>Sistemas de detecci\u00f3n de incendio (FAS)<\/li>\n<li style='margin-bottom: 5px;'>Sistemas de alarma contra incendios (FACP)<\/li>\n<\/ul><\/div>\n<\/p><\/div>\n<\/p><\/div>\n","protected":false},"excerpt":{"rendered":"<p>Gabinete para dos bater\u00edas de respaldo de 18 AH. Aplicaciones para sistemas de detecci\u00f3n de incendio (FAS).<\/p>\n","protected":false},"featured_media":34691,"comment_status":"open","ping_status":"closed","template":"","meta":[],"product_brand":[],"product_cat":[1022],"product_tag":[541,457,225],"class_list":{"0":"post-34692","1":"product","2":"type-product","3":"status-publish","4":"has-post-thumbnail","6":"product_cat-todo-fuentes-de-alimentacion-deteccion-de-fuego","7":"product_tag-fire-lite","8":"product_tag-fuentes-de-alimentacion","9":"product_tag-todo","11":"first","12":"instock","13":"sale","14":"shipping-taxable","15":"purchasable","16":"product-type-simple"},"_links":{"self":[{"href":"https:\/\/soydeaqui.ddns.net\/pachuca\/index.php\/wp-json\/wp\/v2\/product\/34692","targetHints":{"allow":["GET"]}}],"collection":[{"href":"https:\/\/soydeaqui.ddns.net\/pachuca\/index.php\/wp-json\/wp\/v2\/product"}],"about":[{"href":"https:\/\/soydeaqui.ddns.net\/pachuca\/index.php\/wp-json\/wp\/v2\/types\/product"}],"replies":[{"embeddable":true,"href":"https:\/\/soydeaqui.ddns.net\/pachuca\/index.php\/wp-json\/wp\/v2\/comments?post=34692"}],"wp:featuredmedia":[{"embeddable":true,"href":"https:\/\/soydeaqui.ddns.net\/pachuca\/index.php\/wp-json\/wp\/v2\/media\/34691"}],"wp:attachment":[{"href":"https:\/\/soydeaqui.ddns.net\/pachuca\/index.php\/wp-json\/wp\/v2\/media?parent=34692"}],"wp:term":[{"taxonomy":"product_brand","embeddable":true,"href":"https:\/\/soydeaqui.ddns.net\/pachuca\/index.php\/wp-json\/wp\/v2\/product_brand?post=34692"},{"taxonomy":"product_cat","embeddable":true,"href":"https:\/\/soydeaqui.ddns.net\/pachuca\/index.php\/wp-json\/wp\/v2\/product_cat?post=34692"},{"taxonomy":"product_tag","embeddable":true,"href":"https:\/\/soydeaqui.ddns.net\/pachuca\/index.php\/wp-json\/wp\/v2\/product_tag?post=34692"}],"curies":[{"name":"wp","href":"https:\/\/api.w.org\/{rel}","templated":true}]}}