{"id":34605,"date":"2026-03-18T15:25:15","date_gmt":"2026-03-18T15:25:15","guid":{"rendered":"https:\/\/soydeaqui.ddns.net\/pachuca\/index.php\/producto\/estacion-de-jalon-convencional-de-doble-accion-color-rojo-texto-en-espanol-0600-01230-incluye-varilla-de-vidrio\/"},"modified":"2026-03-18T15:25:20","modified_gmt":"2026-03-18T15:25:20","slug":"estacion-de-jalon-convencional-de-doble-accion-color-rojo-texto-en-espanol-0600-01230-incluye-varilla-de-vidrio","status":"publish","type":"product","link":"https:\/\/soydeaqui.ddns.net\/pachuca\/index.php\/producto\/estacion-de-jalon-convencional-de-doble-accion-color-rojo-texto-en-espanol-0600-01230-incluye-varilla-de-vidrio\/","title":{"rendered":"Estaci\u00f3n De Jal\u00f3n Convencional De Doble Acci\u00f3n, Color Rojo, Texto En Espa\u00f1ol (0600-01230) Incluye varilla de vidrio"},"content":{"rendered":"<div style='width: 100%; max-width: 1200px; margin: 0 auto; font-family: sans-serif; line-height: 1.6; color: inherit; background-color: transparent;'>\n<div style='display: flex; flex-wrap: wrap; gap: 30px; margin-bottom: 30px;'>\n<div style='flex: 1 1 300px; min-width: 280px;'>\n<h3 style='font-size: 22px; border-bottom: 2px solid currentColor; padding-bottom: 5px; margin-top: 0; color: inherit; opacity: 0.8;'>CARACTER\u00cdSTICAS EST\u00c1NDAR<\/h3>\n<ul style='padding-left: 20px; font-size: 15px; color: inherit;'>\n<li style='margin-bottom: 5px;'>Construcci\u00f3n met\u00e1lica<\/li>\n<li style='margin-bottom: 5px;'>Interruptor de cerrado con varilla de vidrio (incluido)<\/li>\n<li style='margin-bottom: 5px;'>10 amperios a 120 VCA<\/li>\n<li style='margin-bottom: 5px;'>Disponible en: Acci\u00f3n Simple&comma; Acci\u00f3n Doble y Acci\u00f3n Doble en espa\u00f1ol (HPS-DAH\/S)<\/li>\n<li style='margin-bottom: 5px;'>Listado UL S6512 y CSFM<\/li>\n<li style='margin-bottom: 5px;'>Hecho en EE. UU.<\/li>\n<li style='margin-bottom: 5px;'>Dimensiones: 3.32&#8242; ancho x 4.75&#8242; altura x 1.62&#8242; profundidad<\/li>\n<li style='margin-bottom: 5px;'>Temperatura de operaci\u00f3n: -30\u00b0F (-35\u00b0C) a 150\u00b0F (66\u00b0C)<\/li>\n<\/ul><\/div>\n<\/p><\/div>\n<div style='display: flex; flex-wrap: wrap; gap: 30px; margin-bottom: 30px;'>\n<div style='flex: 1 1 300px; min-width: 280px;'>\n<h3 style='font-size: 22px; border-bottom: 2px solid currentColor; padding-bottom: 5px; margin-top: 0; color: inherit; opacity: 0.8;'>DESCRIPCI\u00d3N<\/h3>\n<p style='font-size: 15px; margin-bottom: 15px; color: inherit;'>Las estaciones de jal\u00f3n de la serie HPS de Hochiki est\u00e1n disponibles en seis modelos:<\/p>\n<ul style='padding-left: 20px; font-size: 15px; color: inherit;'>\n<li style='margin-bottom: 5px;'>HPS-SAH &#8211; Acci\u00f3n Simple con cerradura hexagonal<\/li>\n<li style='margin-bottom: 5px;'>HPS-SAK &#8211; Acci\u00f3n Simple con cerradura de llave<\/li>\n<li style='margin-bottom: 5px;'>HPS-DAH &#8211; Acci\u00f3n Doble con cerradura hexagonal<\/li>\n<li style='margin-bottom: 5px;'>HPS-DAH\/S &#8211; Acci\u00f3n Doble con cerradura hexagonal (espa\u00f1ol)<\/li>\n<li style='margin-bottom: 5px;'>HPS-DAK &#8211; Acci\u00f3n Doble con cerradura de llave<\/li>\n<li style='margin-bottom: 5px;'>HPS-DAK\/S &#8211; Acci\u00f3n Doble con cerradura de llave (espa\u00f1ol)<\/li>\n<\/ul>\n<p style='font-size: 15px; margin-top: 15px; color: inherit;'>Cada modelo est\u00e1 construido con una carcasa de fundici\u00f3n s\u00f3lida y viene en color rojo brillante. La placa de interruptor tiene una chapa de acero. El interruptor el\u00e9ctrico tiene una capacidad de 10 amperios a 120 Vca&comma; los contactos normalmente abiertos. Est\u00e1 conectado a trav\u00e9s de conexiones del bloque de terminales.<\/p>\n<\/p><\/div>\n<\/p><\/div>\n<hr style='border: 0; border-top: 1px solid rgba(150&comma; 150&comma; 150&comma; 0.3); margin: 30px 0;'> <\/div>\n","protected":false},"excerpt":{"rendered":"<p>Estaci\u00f3n De Jal\u00f3n Convencional De Doble Acci\u00f3n, Color Rojo, Texto En Espa\u00f1ol (0600-01230) Incluye varilla de vidrio<\/p>\n","protected":false},"featured_media":34604,"comment_status":"open","ping_status":"closed","template":"","meta":[],"product_brand":[],"product_cat":[521],"product_tag":[522,519,406],"class_list":{"0":"post-34605","1":"product","2":"type-product","3":"status-publish","4":"has-post-thumbnail","6":"product_cat-estaciones-manuales-de-emergencia-dispositivos-convencionales","7":"product_tag-dispositivos-convencionales","8":"product_tag-estaciones-manuales-de-emergencia","9":"product_tag-hochiki","11":"first","12":"instock","13":"sale","14":"shipping-taxable","15":"purchasable","16":"product-type-simple"},"_links":{"self":[{"href":"https:\/\/soydeaqui.ddns.net\/pachuca\/index.php\/wp-json\/wp\/v2\/product\/34605","targetHints":{"allow":["GET"]}}],"collection":[{"href":"https:\/\/soydeaqui.ddns.net\/pachuca\/index.php\/wp-json\/wp\/v2\/product"}],"about":[{"href":"https:\/\/soydeaqui.ddns.net\/pachuca\/index.php\/wp-json\/wp\/v2\/types\/product"}],"replies":[{"embeddable":true,"href":"https:\/\/soydeaqui.ddns.net\/pachuca\/index.php\/wp-json\/wp\/v2\/comments?post=34605"}],"wp:featuredmedia":[{"embeddable":true,"href":"https:\/\/soydeaqui.ddns.net\/pachuca\/index.php\/wp-json\/wp\/v2\/media\/34604"}],"wp:attachment":[{"href":"https:\/\/soydeaqui.ddns.net\/pachuca\/index.php\/wp-json\/wp\/v2\/media?parent=34605"}],"wp:term":[{"taxonomy":"product_brand","embeddable":true,"href":"https:\/\/soydeaqui.ddns.net\/pachuca\/index.php\/wp-json\/wp\/v2\/product_brand?post=34605"},{"taxonomy":"product_cat","embeddable":true,"href":"https:\/\/soydeaqui.ddns.net\/pachuca\/index.php\/wp-json\/wp\/v2\/product_cat?post=34605"},{"taxonomy":"product_tag","embeddable":true,"href":"https:\/\/soydeaqui.ddns.net\/pachuca\/index.php\/wp-json\/wp\/v2\/product_tag?post=34605"}],"curies":[{"name":"wp","href":"https:\/\/api.w.org\/{rel}","templated":true}]}}