{"id":34587,"date":"2026-03-18T15:24:51","date_gmt":"2026-03-18T15:24:51","guid":{"rendered":"https:\/\/soydeaqui.ddns.net\/pachuca\/index.php\/producto\/modulo-permite-la-conexion-de-detector-de-humo-convencionales-de-2-hilos-a-paneles-analogos-direccionable-silent-knight\/"},"modified":"2026-03-18T15:24:58","modified_gmt":"2026-03-18T15:24:58","slug":"modulo-permite-la-conexion-de-detector-de-humo-convencionales-de-2-hilos-a-paneles-analogos-direccionable-silent-knight","status":"publish","type":"product","link":"https:\/\/soydeaqui.ddns.net\/pachuca\/index.php\/producto\/modulo-permite-la-conexion-de-detector-de-humo-convencionales-de-2-hilos-a-paneles-analogos-direccionable-silent-knight\/","title":{"rendered":"Modulo permite la conexi\u00f3n de detector de humo convencionales de 2 hilos a paneles analogos-direccionable Silent Knight"},"content":{"rendered":"<div style='width: 100%; max-width: 1200px; margin: 0 auto; font-family: sans-serif; line-height: 1.6; color: inherit; background-color: transparent;'>\n<div style='display: flex; flex-wrap: wrap; gap: 30px; margin-bottom: 30px;'>\n<div style='flex: 1 1 300px; min-width: 280px;'>\n<h3 style='font-size: 22px; border-bottom: 2px solid currentColor; padding-bottom: 5px; margin-top: 0; color: inherit; opacity: 0.8;'>Caracter\u00edsticas principales<\/h3>\n<ul style='padding-left: 20px; font-size: 15px; color: inherit;'>\n<li style='margin-bottom: 5px;'>Convierte detectores de humo de 2 hilos convencionales en tecnolog\u00eda anal\u00f3gico-direccional<\/li>\n<li style='margin-bottom: 5px;'>Compatibilidad con detectores de humo de 2 hilos<\/li>\n<li style='margin-bottom: 5px;'>Permite la asignaci\u00f3n de direcciones a dispositivos convencionales<\/li>\n<li style='margin-bottom: 5px;'>Compatible con lazos Clase A y Clase B<\/li>\n<li style='margin-bottom: 5px;'>Listado UL para uso con detectores principales de 2 hilos<\/li>\n<li style='margin-bottom: 5px;'>Dise\u00f1ado para instalaciones nuevas y retrofit<\/li>\n<li style='margin-bottom: 5px;'>Permite aprovechar dispositivos convencionales existentes<\/li>\n<\/ul><\/div>\n<div style='flex: 1 1 300px; min-width: 280px;'>\n<h3 style='font-size: 22px; border-bottom: 2px solid currentColor; padding-bottom: 5px; margin-top: 0; color: inherit; opacity: 0.8;'>Especificaciones t\u00e9cnicas<\/h3>\n<ul style='padding-left: 20px; font-size: 15px; color: inherit;'>\n<li style='margin-bottom: 5px;'><strong>Voltaje de operaci\u00f3n SLC:<\/strong> 32 VDC<\/li>\n<li style='margin-bottom: 5px;'><strong>Voltaje de alimentaci\u00f3n auxiliar:<\/strong> 24 VDC<\/li>\n<li style='margin-bottom: 5px;'><strong>Corriente de alimentaci\u00f3n auxiliar:<\/strong><\/li>\n<ul style='padding-left: 30px; margin-bottom: 5px;'>\n<li style='margin-bottom: 5px;'><strong>Standby:<\/strong> 20 mA<\/li>\n<li style='margin-bottom: 5px;'><strong>Alarma:<\/strong> 106 mA<\/li>\n<\/ul>\n<li style='margin-bottom: 5px;'><strong>Corriente SLC:<\/strong><\/li>\n<ul style='padding-left: 30px; margin-bottom: 5px;'>\n<li style='margin-bottom: 5px;'><strong>Standby\/Alarma:<\/strong> 0.55 mA<\/li>\n<\/ul>\n<li style='margin-bottom: 5px;'><strong>Resistencia m\u00e1xima lazo SLC:<\/strong> 50\u03a9<\/li>\n<li style='margin-bottom: 5px;'><strong>Resistencia m\u00e1xima lazo convencional de humo de 2 hilos:<\/strong> 50\u03a9<\/li>\n<li style='margin-bottom: 5px;'><strong>Temperatura de operaci\u00f3n:<\/strong> 32\u00b0F a 120\u00b0F (0\u00b0C a 49\u00b0C)<\/li>\n<li style='margin-bottom: 5px;'><strong>Humedad:<\/strong> 10 a 85% HR<\/li>\n<li style='margin-bottom: 5px;'><strong>Uso:<\/strong> Interior<\/li>\n<\/ul><\/div>\n<div style='flex: 1 1 300px; min-width: 280px;'>\n<h3 style='font-size: 22px; border-bottom: 2px solid currentColor; padding-bottom: 5px; margin-top: 0; color: inherit; opacity: 0.8;'>Dimensiones<\/h3>\n<ul style='padding-left: 20px; font-size: 15px; color: inherit;'>\n<li style='margin-bottom: 5px;'><strong>Altura:<\/strong> 4-7\/8&#8242; (12.38 cm)<\/li>\n<li style='margin-bottom: 5px;'><strong>Ancho:<\/strong> 4-7\/8&#8242; (12.38 cm)<\/li>\n<li style='margin-bottom: 5px;'><strong>Profundidad:<\/strong> 7\/8&#8242; (2.22 cm)<\/li>\n<\/ul>\n<h3 style='font-size: 22px; border-bottom: 2px solid currentColor; padding-bottom: 5px; margin-top: 30px; color: inherit; opacity: 0.8;'>Aplicaciones<\/h3>\n<ul style='padding-left: 20px; font-size: 15px; color: inherit;'>\n<li style='margin-bottom: 5px;'>Instalaciones nuevas<\/li>\n<li style='margin-bottom: 5px;'>Retrofit de sistemas existentes<\/li>\n<li style='margin-bottom: 5px;'>Edificios con infraestructura de detecci\u00f3n convencional<\/li>\n<li style='margin-bottom: 5px;'>Sistemas que requieren supervisi\u00f3n completa<\/li>\n<\/ul><\/div>\n<\/p><\/div>\n<div style='display: flex; flex-wrap: wrap; gap: 20px; margin-bottom: 30px;'>\n<div style='flex: 1 1 250px; border: 1px solid rgba(150&comma; 150&comma; 150&comma; 0.4); border-radius: 8px; overflow: hidden; display: flex; flex-direction: column;'>\n<div style='padding: 15px; border-bottom: 1px solid rgba(150&comma; 150&comma; 150&comma; 0.2); font-weight: bold; font-size: 18px; color: inherit;'>Caracter\u00edsticas el\u00e9ctricas<\/div>\n<div style='padding: 15px; color: inherit;'>\n<ul style='padding-left: 20px; margin: 0; font-size: 14px; list-style-type: disc;'>\n<li style='margin-bottom: 5px;'><strong>Entrada de alimentaci\u00f3n:<\/strong> 24VDC<\/li>\n<li style='margin-bottom: 5px;'><strong>Conexi\u00f3n al lazo SLC:<\/strong> 2 hilos<\/li>\n<li style='margin-bottom: 5px;'><strong>Supervisi\u00f3n:<\/strong> Total del sistema<\/li>\n<\/ul><\/div>\n<\/p><\/div>\n<div style='flex: 1 1 250px; border: 1px solid rgba(150&comma; 150&comma; 150&comma; 0.4); border-radius: 8px; overflow: hidden; display: flex; flex-direction: column;'>\n<div style='padding: 15px; border-bottom: 1px solid rgba(150&comma; 150&comma; 150&comma; 0.2); font-weight: bold; font-size: 18px; color: inherit;'>Certificaciones<\/div>\n<div style='padding: 15px; color: inherit;'>\n<ul style='padding-left: 20px; margin: 0; font-size: 14px; list-style-type: disc;'>\n<li style='margin-bottom: 5px;'>UL Listed<\/li>\n<li style='margin-bottom: 5px;'>Compatibilidad con paneles Silent Knight<\/li>\n<\/ul><\/div>\n<\/p><\/div>\n<\/p><\/div>\n<hr style='border: 0; border-top: 1px solid rgba(150&comma; 150&comma; 150&comma; 0.3); margin: 30px 0;'>\n<div style='margin-bottom: 30px;'>\n<h3 style='font-size: 22px; border-bottom: 2px solid currentColor; padding-bottom: 5px; margin-top: 0; color: inherit; opacity: 0.8;'>Notas importantes<\/h3>\n<ul style='padding-left: 20px; font-size: 15px; color: inherit;'>\n<li style='margin-bottom: 5px;'>Este m\u00f3dulo permite la integraci\u00f3n de dispositivos convencionales (contactos secos como estaciones de alarma manual y detectores t\u00e9rmicos) en sistemas anal\u00f3gico-direccionables<\/li>\n<li style='margin-bottom: 5px;'>El documento no est\u00e1 destinado para uso directo en instalaciones<\/li>\n<li style='margin-bottom: 5px;'>Las especificaciones est\u00e1n sujetas a cambios sin previo aviso<\/li>\n<\/ul><\/div>\n<\/p><\/div>\n","protected":false},"excerpt":{"rendered":"<p>Modulo permite la conexi\u00f3n de detector de humo convencionales de 2 hilos a paneles analogos-direccionable Silent Knight<\/p>\n","protected":false},"featured_media":34586,"comment_status":"open","ping_status":"closed","template":"","meta":[],"product_brand":[],"product_cat":[990],"product_tag":[449,991,523],"class_list":{"0":"post-34587","1":"product","2":"type-product","3":"status-publish","4":"has-post-thumbnail","6":"product_cat-silent-knight","7":"product_tag-accesorios-y-dispositivos-direccionables","8":"product_tag-silent-knight","9":"product_tag-silent-knight-by-honeywell","11":"first","12":"outofstock","13":"sale","14":"shipping-taxable","15":"purchasable","16":"product-type-simple"},"_links":{"self":[{"href":"https:\/\/soydeaqui.ddns.net\/pachuca\/index.php\/wp-json\/wp\/v2\/product\/34587","targetHints":{"allow":["GET"]}}],"collection":[{"href":"https:\/\/soydeaqui.ddns.net\/pachuca\/index.php\/wp-json\/wp\/v2\/product"}],"about":[{"href":"https:\/\/soydeaqui.ddns.net\/pachuca\/index.php\/wp-json\/wp\/v2\/types\/product"}],"replies":[{"embeddable":true,"href":"https:\/\/soydeaqui.ddns.net\/pachuca\/index.php\/wp-json\/wp\/v2\/comments?post=34587"}],"wp:featuredmedia":[{"embeddable":true,"href":"https:\/\/soydeaqui.ddns.net\/pachuca\/index.php\/wp-json\/wp\/v2\/media\/34586"}],"wp:attachment":[{"href":"https:\/\/soydeaqui.ddns.net\/pachuca\/index.php\/wp-json\/wp\/v2\/media?parent=34587"}],"wp:term":[{"taxonomy":"product_brand","embeddable":true,"href":"https:\/\/soydeaqui.ddns.net\/pachuca\/index.php\/wp-json\/wp\/v2\/product_brand?post=34587"},{"taxonomy":"product_cat","embeddable":true,"href":"https:\/\/soydeaqui.ddns.net\/pachuca\/index.php\/wp-json\/wp\/v2\/product_cat?post=34587"},{"taxonomy":"product_tag","embeddable":true,"href":"https:\/\/soydeaqui.ddns.net\/pachuca\/index.php\/wp-json\/wp\/v2\/product_tag?post=34587"}],"curies":[{"name":"wp","href":"https:\/\/api.w.org\/{rel}","templated":true}]}}