{"id":34571,"date":"2026-03-18T15:24:30","date_gmt":"2026-03-18T15:24:30","guid":{"rendered":"https:\/\/soydeaqui.ddns.net\/pachuca\/index.php\/producto\/fuente-extensora-de-circuitos-nac\/"},"modified":"2026-03-18T15:24:30","modified_gmt":"2026-03-18T15:24:30","slug":"fuente-extensora-de-circuitos-nac","status":"publish","type":"product","link":"https:\/\/soydeaqui.ddns.net\/pachuca\/index.php\/producto\/fuente-extensora-de-circuitos-nac\/","title":{"rendered":"Fuente extensora de circuitos NAC"},"content":{"rendered":"<div style='width: 100%; max-width: 1200px; margin: 0 auto; font-family: sans-serif; line-height: 1.6; color: inherit; background-color: transparent;'>\n<div style='display: flex; flex-wrap: wrap; gap: 30px; margin-bottom: 30px;'>\n<div style='flex: 1 1 300px; min-width: 280px;'>\n<h3 style='font-size: 22px; border-bottom: 2px solid currentColor; padding-bottom: 5px; margin-top: 0; color: inherit; opacity: 0.8;'>Entrada<\/h3>\n<ul style='padding-left: 20px; font-size: 15px; color: inherit;'>\n<li style='margin-bottom: 5px;'>Potencia de entrada 120VAC 60 Hz&comma; 5 amp.<\/li>\n<li style='margin-bottom: 5px;'>Dos (2) circuitos Clase A&comma; Estilo Z o dos (2) circuitos Clase B&comma; Estilo W&comma; Y. Entradas de FACP.<\/li>\n<li style='margin-bottom: 5px;'>Dos (2) entradas de disparo NC de contacto seco (Triggers).<\/li>\n<\/ul><\/div>\n<div style='flex: 1 1 300px; min-width: 280px;'>\n<h3 style='font-size: 22px; border-bottom: 2px solid currentColor; padding-bottom: 5px; margin-top: 0; color: inherit; opacity: 0.8;'>Salida<\/h3>\n<ul style='padding-left: 20px; font-size: 15px; color: inherit;'>\n<li style='margin-bottom: 5px;'>Salidas de potencias nominales limitadas Clase 2.<\/li>\n<li style='margin-bottom: 5px;'>24VDC @ 10 amperios de corriente m\u00e1xima de alarma total.<\/li>\n<li style='margin-bottom: 5px;'>Corriente m\u00e1xima de 2&comma;5 A por salida.<\/li>\n<li style='margin-bottom: 5px;'>Salida auxiliar separada de 1&comma;0 amperios.<\/li>\n<li style='margin-bottom: 5px;'>Salidas del circuito de se\u00f1alizaci\u00f3n supervisadas programables: Cuatro (4) Clase B&comma; Estilo W&comma; Y o Dos (2) Clase A&comma; Estilo Z o Uno (1) Clase A&comma; Estilo Z y Dos (2) Clase B&comma; Estilo W&comma; Y.<\/li>\n<li style='margin-bottom: 5px;'>Protecci\u00f3n t\u00e9rmica y de cortocircuito con rearme autom\u00e1tico.<\/li>\n<\/ul><\/div>\n<\/p><\/div>\n<div style='display: flex; flex-wrap: wrap; gap: 30px; margin-bottom: 30px;'>\n<div style='flex: 1 1 300px; min-width: 280px;'>\n<h3 style='font-size: 22px; border-bottom: 2px solid currentColor; padding-bottom: 5px; margin-top: 0; color: inherit; opacity: 0.8;'>Bater\u00eda de reserva<\/h3>\n<ul style='padding-left: 20px; font-size: 15px; color: inherit;'>\n<li style='margin-bottom: 5px;'>Cargador incorporado para bater\u00edas selladas de \u00e1cido plomo o gel.<\/li>\n<li style='margin-bottom: 5px;'>Cambio autom\u00e1tico a la bater\u00eda de reserva cuando la CA falla.<\/li>\n<li style='margin-bottom: 5px;'>Ca\u00edda de voltaje cero al cambiar a bater\u00eda de reserva.<\/li>\n<\/ul><\/div>\n<div style='flex: 1 1 300px; min-width: 280px;'>\n<h3 style='font-size: 22px; border-bottom: 2px solid currentColor; padding-bottom: 5px; margin-top: 0; color: inherit; opacity: 0.8;'>Supervisi\u00f3n<\/h3>\n<ul style='padding-left: 20px; font-size: 15px; color: inherit;'>\n<li style='margin-bottom: 5px;'>Supervisi\u00f3n de fallo CA (contacto &#8216;C&#8217;&comma; 1 amp \/ 28VDC). Ajuste de f\u00e1brica durante 30 segundos con opci\u00f3n de 2&comma;5 a 3 horas. Ajuste de retardo (campo seleccionable).<\/li>\n<li style='margin-bottom: 5px;'>Rel\u00e9 de reporte de problemas de CA local inmediato (Contacto de la forma &#8216;C&#8217;&comma; 1 amp \/ 28VDC).<\/li>\n<li style='margin-bottom: 5px;'>Presencia de bater\u00eda y supervisi\u00f3n de bater\u00eda baja (Contacto de la forma &#8216;C&#8217;&comma; 1 amp \/ 28VDC).<\/li>\n<\/ul><\/div>\n<\/p><\/div>\n<div style='margin-top: 30px; padding: 15px; background-color: rgba(255&comma; 255&comma; 255&comma; 0.05); border-left: 4px solid rgba(255&comma; 255&comma; 255&comma; 0.3);'>\n<p style='margin: 0; font-style: italic; color: inherit;'><em>Producto bajo pedido.<\/em><\/p>\n<\/p><\/div>\n<\/p><\/div>\n","protected":false},"excerpt":{"rendered":"<p>Fuente extensora de circuitos NAC<\/p>\n","protected":false},"featured_media":34570,"comment_status":"open","ping_status":"closed","template":"","meta":[],"product_brand":[],"product_cat":[1022],"product_tag":[495,457,225],"class_list":{"0":"post-34571","1":"product","2":"type-product","3":"status-publish","4":"has-post-thumbnail","6":"product_cat-todo-fuentes-de-alimentacion-deteccion-de-fuego","7":"product_tag-altronix","8":"product_tag-fuentes-de-alimentacion","9":"product_tag-todo","11":"first","12":"instock","13":"sale","14":"shipping-taxable","15":"purchasable","16":"product-type-simple"},"_links":{"self":[{"href":"https:\/\/soydeaqui.ddns.net\/pachuca\/index.php\/wp-json\/wp\/v2\/product\/34571","targetHints":{"allow":["GET"]}}],"collection":[{"href":"https:\/\/soydeaqui.ddns.net\/pachuca\/index.php\/wp-json\/wp\/v2\/product"}],"about":[{"href":"https:\/\/soydeaqui.ddns.net\/pachuca\/index.php\/wp-json\/wp\/v2\/types\/product"}],"replies":[{"embeddable":true,"href":"https:\/\/soydeaqui.ddns.net\/pachuca\/index.php\/wp-json\/wp\/v2\/comments?post=34571"}],"wp:featuredmedia":[{"embeddable":true,"href":"https:\/\/soydeaqui.ddns.net\/pachuca\/index.php\/wp-json\/wp\/v2\/media\/34570"}],"wp:attachment":[{"href":"https:\/\/soydeaqui.ddns.net\/pachuca\/index.php\/wp-json\/wp\/v2\/media?parent=34571"}],"wp:term":[{"taxonomy":"product_brand","embeddable":true,"href":"https:\/\/soydeaqui.ddns.net\/pachuca\/index.php\/wp-json\/wp\/v2\/product_brand?post=34571"},{"taxonomy":"product_cat","embeddable":true,"href":"https:\/\/soydeaqui.ddns.net\/pachuca\/index.php\/wp-json\/wp\/v2\/product_cat?post=34571"},{"taxonomy":"product_tag","embeddable":true,"href":"https:\/\/soydeaqui.ddns.net\/pachuca\/index.php\/wp-json\/wp\/v2\/product_tag?post=34571"}],"curies":[{"name":"wp","href":"https:\/\/api.w.org\/{rel}","templated":true}]}}